 
{"id":10464,"date":"2026-02-16T17:01:44","date_gmt":"2026-02-16T17:01:44","guid":{"rendered":"https:\/\/esferareal.com\/?post_type=imovel&#038;p=10464"},"modified":"2026-03-05T12:35:36","modified_gmt":"2026-03-05T12:35:36","slug":"projeto-barreirinhos-1372","status":"publish","type":"imovel","link":"https:\/\/esferareal.com\/en\/imovel\/projeto-barreirinhos-1372\/","title":{"rendered":"Projeto Barreirinhos &#8211; 1372"},"content":{"rendered":"<p>Property comprising an urban article for reconstruction and a yard\/outdoor area classified as rustic land, located in a peaceful village near the Cabril reservoir and the town of Pedr\u00f3g\u00e3o Grande, in central Portugal!<\/p>\n\n\n\n<p>The urban building, intended for residential use, is arranged over 2 floors and offers potential to enjoy panoramic east-south facing views, towards the Z\u00eazere valley and across a mountainous horizon \u2014 a feature particularly valued in this region.<\/p>\n\n\n\n<p>The property benefits from an internal courtyard, additional outdoor areas and a rear garden, providing exterior space with various possibilities for use. It also includes the ruin of a stone annex with a traditional wood-fired oven, a characteristic element that adds charm and authenticity to the property.<\/p>\n\n\n\n<p>The outdoor space allows for the creation of a garage, as well as an area for a garden and\/or small vegetable plot, making it ideal for those seeking a reconstruction project in a quiet setting, close to nature, the countryside and local tourist attractions!<\/p>","protected":false},"author":3,"featured_media":10450,"template":"","meta":{"_acf_changed":false,"footnotes":""},"tipo":[4,13],"class_list":["post-10464","imovel","type-imovel","status-publish","has-post-thumbnail","hentry","tipo-casa-de-pedra","tipo-moradia"],"acf":[],"yoast_head":"<!-- This site is optimized with the Yoast SEO plugin v24.4 - https:\/\/yoast.com\/wordpress\/plugins\/seo\/ -->\n<title>Projeto Barreirinhos - 1372 - Esfera Real<\/title>\n<meta name=\"robots\" content=\"index, follow, max-snippet:-1, max-image-preview:large, max-video-preview:-1\" \/>\n<link rel=\"canonical\" href=\"https:\/\/esferareal.com\/en\/imovel\/projeto-barreirinhos-1372\/\" \/>\n<meta property=\"og:locale\" content=\"en_GB\" \/>\n<meta property=\"og:type\" content=\"article\" \/>\n<meta property=\"og:title\" content=\"Projeto Barreirinhos - 1372 - Esfera Real\" \/>\n<meta property=\"og:description\" content=\"Propriedade composta por artigo urbano para reconstru\u00e7\u00e3o e quintal\/logradouro correspondente a artigo r\u00fastico, situada numa aldeia calma, pr\u00f3xima da barragem do Cabril e da vila de Pedr\u00f3g\u00e3o Grande, no centro de Portugal! O pr\u00e9dio urbano, destinado a habita\u00e7\u00e3o, desenvolve-se em 2 pisos e apresenta potencial para usufruir de vistas panor\u00e2micas a nascente-sul, na dire\u00e7\u00e3o do [&hellip;]\" \/>\n<meta property=\"og:url\" content=\"https:\/\/esferareal.com\/en\/imovel\/projeto-barreirinhos-1372\/\" \/>\n<meta property=\"og:site_name\" content=\"Esfera Real\" \/>\n<meta property=\"article:publisher\" content=\"https:\/\/www.facebook.com\/people\/Esfera-Real\/100057693960084\/\" \/>\n<meta property=\"article:modified_time\" content=\"2026-03-05T12:35:36+00:00\" \/>\n<meta property=\"og:image\" content=\"https:\/\/esferareal.com\/wp-content\/uploads\/2026\/02\/1-1372-Medium.jpg\" \/>\n\t<meta property=\"og:image:width\" content=\"1024\" \/>\n\t<meta property=\"og:image:height\" content=\"768\" \/>\n\t<meta property=\"og:image:type\" content=\"image\/jpeg\" \/>\n<meta name=\"twitter:card\" content=\"summary_large_image\" \/>\n<meta name=\"twitter:label1\" content=\"Estimated reading time\" \/>\n\t<meta name=\"twitter:data1\" content=\"2 minutes\" \/>\n<script type=\"application\/ld+json\" class=\"yoast-schema-graph\">{\"@context\":\"https:\/\/schema.org\",\"@graph\":[{\"@type\":\"WebPage\",\"@id\":\"https:\/\/esferareal.com\/imovel\/projeto-barreirinhos-1372\/\",\"url\":\"https:\/\/esferareal.com\/imovel\/projeto-barreirinhos-1372\/\",\"name\":\"Projeto Barreirinhos - 1372 - Esfera Real\",\"isPartOf\":{\"@id\":\"https:\/\/esferareal.com\/#website\"},\"primaryImageOfPage\":{\"@id\":\"https:\/\/esferareal.com\/imovel\/projeto-barreirinhos-1372\/#primaryimage\"},\"image\":{\"@id\":\"https:\/\/esferareal.com\/imovel\/projeto-barreirinhos-1372\/#primaryimage\"},\"thumbnailUrl\":\"https:\/\/esferareal.com\/wp-content\/uploads\/2026\/02\/1-1372-Medium.jpg\",\"datePublished\":\"2026-02-16T17:01:44+00:00\",\"dateModified\":\"2026-03-05T12:35:36+00:00\",\"breadcrumb\":{\"@id\":\"https:\/\/esferareal.com\/imovel\/projeto-barreirinhos-1372\/#breadcrumb\"},\"inLanguage\":\"en-GB\",\"potentialAction\":[{\"@type\":\"ReadAction\",\"target\":[\"https:\/\/esferareal.com\/imovel\/projeto-barreirinhos-1372\/\"]}]},{\"@type\":\"ImageObject\",\"inLanguage\":\"en-GB\",\"@id\":\"https:\/\/esferareal.com\/imovel\/projeto-barreirinhos-1372\/#primaryimage\",\"url\":\"https:\/\/esferareal.com\/wp-content\/uploads\/2026\/02\/1-1372-Medium.jpg\",\"contentUrl\":\"https:\/\/esferareal.com\/wp-content\/uploads\/2026\/02\/1-1372-Medium.jpg\",\"width\":1024,\"height\":768},{\"@type\":\"BreadcrumbList\",\"@id\":\"https:\/\/esferareal.com\/imovel\/projeto-barreirinhos-1372\/#breadcrumb\",\"itemListElement\":[{\"@type\":\"ListItem\",\"position\":1,\"name\":\"In\u00edcio\",\"item\":\"https:\/\/esferareal.com\/en\/\"},{\"@type\":\"ListItem\",\"position\":2,\"name\":\"Projeto Barreirinhos &#8211; 1372\"}]},{\"@type\":\"WebSite\",\"@id\":\"https:\/\/esferareal.com\/#website\",\"url\":\"https:\/\/esferareal.com\/\",\"name\":\"Esfera Real\",\"description\":\"Media\u00e7\u00e3o Imobili\u00e1ria\",\"publisher\":{\"@id\":\"https:\/\/esferareal.com\/#organization\"},\"potentialAction\":[{\"@type\":\"SearchAction\",\"target\":{\"@type\":\"EntryPoint\",\"urlTemplate\":\"https:\/\/esferareal.com\/?s={search_term_string}\"},\"query-input\":{\"@type\":\"PropertyValueSpecification\",\"valueRequired\":true,\"valueName\":\"search_term_string\"}}],\"inLanguage\":\"en-GB\"},{\"@type\":\"Organization\",\"@id\":\"https:\/\/esferareal.com\/#organization\",\"name\":\"Esfera Real Media\u00e7\u00e3o Imobili\u00e1ria\",\"url\":\"https:\/\/esferareal.com\/\",\"logo\":{\"@type\":\"ImageObject\",\"inLanguage\":\"en-GB\",\"@id\":\"https:\/\/esferareal.com\/#\/schema\/logo\/image\/\",\"url\":\"https:\/\/esferareal.com\/wp-content\/uploads\/2024\/10\/logo-esferareal300.png\",\"contentUrl\":\"https:\/\/esferareal.com\/wp-content\/uploads\/2024\/10\/logo-esferareal300.png\",\"width\":300,\"height\":221,\"caption\":\"Esfera Real Media\u00e7\u00e3o Imobili\u00e1ria\"},\"image\":{\"@id\":\"https:\/\/esferareal.com\/#\/schema\/logo\/image\/\"},\"sameAs\":[\"https:\/\/www.facebook.com\/people\/Esfera-Real\/100057693960084\/\",\"https:\/\/www.instagram.com\/esferareal\/\",\"https:\/\/www.youtube.com\/channel\/UCYb-CPOTpF03PSyHBSoCfbA\"]}]}<\/script>\n<!-- \/ Yoast SEO plugin. -->","yoast_head_json":{"title":"Projeto Barreirinhos - 1372 - Esfera Real","robots":{"index":"index","follow":"follow","max-snippet":"max-snippet:-1","max-image-preview":"max-image-preview:large","max-video-preview":"max-video-preview:-1"},"canonical":"https:\/\/esferareal.com\/en\/imovel\/projeto-barreirinhos-1372\/","og_locale":"en_GB","og_type":"article","og_title":"Projeto Barreirinhos - 1372 - Esfera Real","og_description":"Propriedade composta por artigo urbano para reconstru\u00e7\u00e3o e quintal\/logradouro correspondente a artigo r\u00fastico, situada numa aldeia calma, pr\u00f3xima da barragem do Cabril e da vila de Pedr\u00f3g\u00e3o Grande, no centro de Portugal! O pr\u00e9dio urbano, destinado a habita\u00e7\u00e3o, desenvolve-se em 2 pisos e apresenta potencial para usufruir de vistas panor\u00e2micas a nascente-sul, na dire\u00e7\u00e3o do [&hellip;]","og_url":"https:\/\/esferareal.com\/en\/imovel\/projeto-barreirinhos-1372\/","og_site_name":"Esfera Real","article_publisher":"https:\/\/www.facebook.com\/people\/Esfera-Real\/100057693960084\/","article_modified_time":"2026-03-05T12:35:36+00:00","og_image":[{"width":1024,"height":768,"url":"https:\/\/esferareal.com\/wp-content\/uploads\/2026\/02\/1-1372-Medium.jpg","type":"image\/jpeg"}],"twitter_card":"summary_large_image","twitter_misc":{"Estimated reading time":"2 minutes"},"schema":{"@context":"https:\/\/schema.org","@graph":[{"@type":"WebPage","@id":"https:\/\/esferareal.com\/imovel\/projeto-barreirinhos-1372\/","url":"https:\/\/esferareal.com\/imovel\/projeto-barreirinhos-1372\/","name":"Projeto Barreirinhos - 1372 - Esfera Real","isPartOf":{"@id":"https:\/\/esferareal.com\/#website"},"primaryImageOfPage":{"@id":"https:\/\/esferareal.com\/imovel\/projeto-barreirinhos-1372\/#primaryimage"},"image":{"@id":"https:\/\/esferareal.com\/imovel\/projeto-barreirinhos-1372\/#primaryimage"},"thumbnailUrl":"https:\/\/esferareal.com\/wp-content\/uploads\/2026\/02\/1-1372-Medium.jpg","datePublished":"2026-02-16T17:01:44+00:00","dateModified":"2026-03-05T12:35:36+00:00","breadcrumb":{"@id":"https:\/\/esferareal.com\/imovel\/projeto-barreirinhos-1372\/#breadcrumb"},"inLanguage":"en-GB","potentialAction":[{"@type":"ReadAction","target":["https:\/\/esferareal.com\/imovel\/projeto-barreirinhos-1372\/"]}]},{"@type":"ImageObject","inLanguage":"en-GB","@id":"https:\/\/esferareal.com\/imovel\/projeto-barreirinhos-1372\/#primaryimage","url":"https:\/\/esferareal.com\/wp-content\/uploads\/2026\/02\/1-1372-Medium.jpg","contentUrl":"https:\/\/esferareal.com\/wp-content\/uploads\/2026\/02\/1-1372-Medium.jpg","width":1024,"height":768},{"@type":"BreadcrumbList","@id":"https:\/\/esferareal.com\/imovel\/projeto-barreirinhos-1372\/#breadcrumb","itemListElement":[{"@type":"ListItem","position":1,"name":"In\u00edcio","item":"https:\/\/esferareal.com\/en\/"},{"@type":"ListItem","position":2,"name":"Projeto Barreirinhos &#8211; 1372"}]},{"@type":"WebSite","@id":"https:\/\/esferareal.com\/#website","url":"https:\/\/esferareal.com\/","name":"Esfera Real","description":"Media\u00e7\u00e3o Imobili\u00e1ria","publisher":{"@id":"https:\/\/esferareal.com\/#organization"},"potentialAction":[{"@type":"SearchAction","target":{"@type":"EntryPoint","urlTemplate":"https:\/\/esferareal.com\/?s={search_term_string}"},"query-input":{"@type":"PropertyValueSpecification","valueRequired":true,"valueName":"search_term_string"}}],"inLanguage":"en-GB"},{"@type":"Organization","@id":"https:\/\/esferareal.com\/#organization","name":"Esfera Real Media\u00e7\u00e3o Imobili\u00e1ria","url":"https:\/\/esferareal.com\/","logo":{"@type":"ImageObject","inLanguage":"en-GB","@id":"https:\/\/esferareal.com\/#\/schema\/logo\/image\/","url":"https:\/\/esferareal.com\/wp-content\/uploads\/2024\/10\/logo-esferareal300.png","contentUrl":"https:\/\/esferareal.com\/wp-content\/uploads\/2024\/10\/logo-esferareal300.png","width":300,"height":221,"caption":"Esfera Real Media\u00e7\u00e3o Imobili\u00e1ria"},"image":{"@id":"https:\/\/esferareal.com\/#\/schema\/logo\/image\/"},"sameAs":["https:\/\/www.facebook.com\/people\/Esfera-Real\/100057693960084\/","https:\/\/www.instagram.com\/esferareal\/","https:\/\/www.youtube.com\/channel\/UCYb-CPOTpF03PSyHBSoCfbA"]}]}},"_links":{"self":[{"href":"https:\/\/esferareal.com\/en\/wp-json\/wp\/v2\/imovel\/10464","targetHints":{"allow":["GET"]}}],"collection":[{"href":"https:\/\/esferareal.com\/en\/wp-json\/wp\/v2\/imovel"}],"about":[{"href":"https:\/\/esferareal.com\/en\/wp-json\/wp\/v2\/types\/imovel"}],"author":[{"embeddable":true,"href":"https:\/\/esferareal.com\/en\/wp-json\/wp\/v2\/users\/3"}],"version-history":[{"count":4,"href":"https:\/\/esferareal.com\/en\/wp-json\/wp\/v2\/imovel\/10464\/revisions"}],"predecessor-version":[{"id":10573,"href":"https:\/\/esferareal.com\/en\/wp-json\/wp\/v2\/imovel\/10464\/revisions\/10573"}],"wp:featuredmedia":[{"embeddable":true,"href":"https:\/\/esferareal.com\/en\/wp-json\/wp\/v2\/media\/10450"}],"wp:attachment":[{"href":"https:\/\/esferareal.com\/en\/wp-json\/wp\/v2\/media?parent=10464"}],"wp:term":[{"taxonomy":"tipo","embeddable":true,"href":"https:\/\/esferareal.com\/en\/wp-json\/wp\/v2\/tipo?post=10464"}],"curies":[{"name":"wp","href":"https:\/\/api.w.org\/{rel}","templated":true}]}}

<p>Property comprising an urban article for reconstruction and a yard/outdoor area classified as rustic land, located in a peaceful village near the Cabril reservoir and the town of Pedrógão Grande, in central Portugal!</p>



<p>The urban building, intended for residential use, is arranged over 2 floors and offers potential to enjoy panoramic east-south facing views, towards the Zêzere valley and across a mountainous horizon — a feature particularly valued in this region.</p>



<p>The property benefits from an internal courtyard, additional outdoor areas and a rear garden, providing exterior space with various possibilities for use. It also includes the ruin of a stone annex with a traditional wood-fired oven, a characteristic element that adds charm and authenticity to the property.</p>



<p>The outdoor space allows for the creation of a garage, as well as an area for a garden and/or small vegetable plot, making it ideal for those seeking a reconstruction project in a quiet setting, close to nature, the countryside and local tourist attractions!</p>

<!-- This site is optimized with the Yoast SEO plugin v24.4 - https://yoast.com/wordpress/plugins/seo/ -->
<title>Projeto Barreirinhos - 1372 - Esfera Real</title>
<meta name="robots" content="index, follow, max-snippet:-1, max-image-preview:large, max-video-preview:-1" />
<link rel="canonical" href="https://esferareal.com/en/imovel/projeto-barreirinhos-1372/" />
<meta property="og:locale" content="en_GB" />
<meta property="og:type" content="article" />
<meta property="og:title" content="Projeto Barreirinhos - 1372 - Esfera Real" />
<meta property="og:description" content="Propriedade composta por artigo urbano para reconstrução e quintal/logradouro correspondente a artigo rústico, situada numa aldeia calma, próxima da barragem do Cabril e da vila de Pedrógão Grande, no centro de Portugal! O prédio urbano, destinado a habitação, desenvolve-se em 2 pisos e apresenta potencial para usufruir de vistas panorâmicas a nascente-sul, na direção do [&hellip;]" />
<meta property="og:url" content="https://esferareal.com/en/imovel/projeto-barreirinhos-1372/" />
<meta property="og:site_name" content="Esfera Real" />
<meta property="article:publisher" content="https://www.facebook.com/people/Esfera-Real/100057693960084/" />
<meta property="article:modified_time" content="2026-03-05T12:35:36+00:00" />
<meta property="og:image" content="https://esferareal.com/wp-content/uploads/2026/02/1-1372-Medium.jpg" />
	<meta property="og:image:width" content="1024" />
	<meta property="og:image:height" content="768" />
	<meta property="og:image:type" content="image/jpeg" />
<meta name="twitter:card" content="summary_large_image" />
<meta name="twitter:label1" content="Estimated reading time" />
	<meta name="twitter:data1" content="2 minutes" />
<script type="application/ld+json" class="yoast-schema-graph">{"@context":"https://schema.org","@graph":[{"@type":"WebPage","@id":"https://esferareal.com/imovel/projeto-barreirinhos-1372/","url":"https://esferareal.com/imovel/projeto-barreirinhos-1372/","name":"Projeto Barreirinhos - 1372 - Esfera Real","isPartOf":{"@id":"https://esferareal.com/#website"},"primaryImageOfPage":{"@id":"https://esferareal.com/imovel/projeto-barreirinhos-1372/#primaryimage"},"image":{"@id":"https://esferareal.com/imovel/projeto-barreirinhos-1372/#primaryimage"},"thumbnailUrl":"https://esferareal.com/wp-content/uploads/2026/02/1-1372-Medium.jpg","datePublished":"2026-02-16T17:01:44+00:00","dateModified":"2026-03-05T12:35:36+00:00","breadcrumb":{"@id":"https://esferareal.com/imovel/projeto-barreirinhos-1372/#breadcrumb"},"inLanguage":"en-GB","potentialAction":[{"@type":"ReadAction","target":["https://esferareal.com/imovel/projeto-barreirinhos-1372/"]}]},{"@type":"ImageObject","inLanguage":"en-GB","@id":"https://esferareal.com/imovel/projeto-barreirinhos-1372/#primaryimage","url":"https://esferareal.com/wp-content/uploads/2026/02/1-1372-Medium.jpg","contentUrl":"https://esferareal.com/wp-content/uploads/2026/02/1-1372-Medium.jpg","width":1024,"height":768},{"@type":"BreadcrumbList","@id":"https://esferareal.com/imovel/projeto-barreirinhos-1372/#breadcrumb","itemListElement":[{"@type":"ListItem","position":1,"name":"Início","item":"https://esferareal.com/en/"},{"@type":"ListItem","position":2,"name":"Projeto Barreirinhos &#8211; 1372"}]},{"@type":"WebSite","@id":"https://esferareal.com/#website","url":"https://esferareal.com/","name":"Esfera Real","description":"Mediação Imobiliária","publisher":{"@id":"https://esferareal.com/#organization"},"potentialAction":[{"@type":"SearchAction","target":{"@type":"EntryPoint","urlTemplate":"https://esferareal.com/?s={search_term_string}"},"query-input":{"@type":"PropertyValueSpecification","valueRequired":true,"valueName":"search_term_string"}}],"inLanguage":"en-GB"},{"@type":"Organization","@id":"https://esferareal.com/#organization","name":"Esfera Real Mediação Imobiliária","url":"https://esferareal.com/","logo":{"@type":"ImageObject","inLanguage":"en-GB","@id":"https://esferareal.com/#/schema/logo/image/","url":"https://esferareal.com/wp-content/uploads/2024/10/logo-esferareal300.png","contentUrl":"https://esferareal.com/wp-content/uploads/2024/10/logo-esferareal300.png","width":300,"height":221,"caption":"Esfera Real Mediação Imobiliária"},"image":{"@id":"https://esferareal.com/#/schema/logo/image/"},"sameAs":["https://www.facebook.com/people/Esfera-Real/100057693960084/","https://www.instagram.com/esferareal/","https://www.youtube.com/channel/UCYb-CPOTpF03PSyHBSoCfbA"]}]}</script>
<!-- / Yoast SEO plugin. -->

Propriedade composta por artigo urbano para reconstrução e quintal/logradouro correspondente a artigo rústico, situada numa aldeia calma, próxima da barragem do Cabril e da vila de Pedrógão Grande, no centro de Portugal! O prédio urbano, destinado a habitação, desenvolve-se em 2 pisos e apresenta potencial para usufruir de vistas panorâmicas a nascente-sul, na direção do [&hellip;]

Início

Mediação Imobiliária

Esfera Real Mediação Imobiliária
