 
{"id":10494,"date":"2026-02-24T18:21:16","date_gmt":"2026-02-24T18:21:16","guid":{"rendered":"https:\/\/esferareal.com\/?post_type=imovel&#038;p=10494"},"modified":"2026-04-01T17:05:54","modified_gmt":"2026-04-01T17:05:54","slug":"quinta-dos-carrizes-1374","status":"publish","type":"imovel","link":"https:\/\/esferareal.com\/en\/imovel\/quinta-dos-carrizes-1374\/","title":{"rendered":"Quinta dos Carrizes &#8211; 1374"},"content":{"rendered":"<p>Excellent smallholding with 1.5 hectares of agricultural and grazing land, enjoying excellent sun exposure and ideal conditions for those looking to develop a country house project, keep animals or invest in a farming enterprise!<\/p>\n\n\n\n<p>The property benefits from good access and includes a borehole with abundant water, an essential asset for agriculture, irrigation and domestic use. It is currently a productive and well-established agricultural holding.<\/p>\n\n\n\n<p>It includes an old stone house, where some reconstruction works have already been carried out, namely to the walls and flooring, and which is prepared to be developed into a 2-to-3-bedroom dwelling.<\/p>\n\n\n\n<p>It also comprises two additional urban registered units, currently used for storage and outbuildings, with potential for conversion into additional living accommodation, subject to the needs or interest of the future owner.<\/p>\n\n\n\n<p>Approximately half of the land lies within the village settlement boundary, where the construction of new buildings is feasible, whether for private residential use or for agricultural purposes, significantly increasing the property\u2019s development potential. Water and electricity are available.<\/p>\n\n\n\n<p>Located on the edge of a pretty and peaceful village, the property enjoys a rural setting whilst remaining close to amenities. It is situated next to Gra\u00e7a (less than 1 km away), where you will find caf\u00e9s, restaurants, a cash machine and other essential services.<\/p>\n\n\n\n<p>The property is also very close to the IC8, ensuring excellent accessibility: Coimbra is approximately 45 minutes away, and Lisbon and Porto are around 2 hours by car.<\/p>\n\n\n\n<p>A versatile opportunity for those seeking a smallholding in central Portugal with extensive land, development potential, its own water supply and an excellent location!<\/p>","protected":false},"author":3,"featured_media":10836,"template":"","meta":{"_acf_changed":false,"footnotes":""},"tipo":[14],"class_list":["post-10494","imovel","type-imovel","status-publish","has-post-thumbnail","hentry","tipo-quinta"],"acf":[],"yoast_head":"<!-- This site is optimized with the Yoast SEO plugin v24.4 - https:\/\/yoast.com\/wordpress\/plugins\/seo\/ -->\n<title>Quinta dos Carrizes - 1374 - Esfera Real<\/title>\n<meta name=\"robots\" content=\"index, follow, max-snippet:-1, max-image-preview:large, max-video-preview:-1\" \/>\n<link rel=\"canonical\" href=\"https:\/\/esferareal.com\/en\/imovel\/quinta-dos-carrizes-1374\/\" \/>\n<meta property=\"og:locale\" content=\"en_GB\" \/>\n<meta property=\"og:type\" content=\"article\" \/>\n<meta property=\"og:title\" content=\"Quinta dos Carrizes - 1374 - Esfera Real\" \/>\n<meta property=\"og:description\" content=\"Excelente quinta com 1,5 hectares de terreno agr\u00edcola e de pastoreio, com \u00f3tima exposi\u00e7\u00e3o solar e condi\u00e7\u00f5es ideais para quem procura desenvolver um projeto de constru\u00e7\u00e3o de moradia no campo, manter animais ou investir numa explora\u00e7\u00e3o agr\u00edcola! A propriedade disp\u00f5e de bons acessos e conta com furo artesiano com \u00e1gua abundante, uma mais-valia essencial para [&hellip;]\" \/>\n<meta property=\"og:url\" content=\"https:\/\/esferareal.com\/en\/imovel\/quinta-dos-carrizes-1374\/\" \/>\n<meta property=\"og:site_name\" content=\"Esfera Real\" \/>\n<meta property=\"article:publisher\" content=\"https:\/\/www.facebook.com\/people\/Esfera-Real\/100057693960084\/\" \/>\n<meta property=\"article:modified_time\" content=\"2026-04-01T17:05:54+00:00\" \/>\n<meta property=\"og:image\" content=\"https:\/\/esferareal.com\/wp-content\/uploads\/2026\/03\/1-1374-Medium.jpg\" \/>\n\t<meta property=\"og:image:width\" content=\"1024\" \/>\n\t<meta property=\"og:image:height\" content=\"768\" \/>\n\t<meta property=\"og:image:type\" content=\"image\/jpeg\" \/>\n<meta name=\"twitter:card\" content=\"summary_large_image\" \/>\n<meta name=\"twitter:label1\" content=\"Estimated reading time\" \/>\n\t<meta name=\"twitter:data1\" content=\"2 minutes\" \/>\n<script type=\"application\/ld+json\" class=\"yoast-schema-graph\">{\"@context\":\"https:\/\/schema.org\",\"@graph\":[{\"@type\":\"WebPage\",\"@id\":\"https:\/\/esferareal.com\/imovel\/quinta-dos-carrizes-1374\/\",\"url\":\"https:\/\/esferareal.com\/imovel\/quinta-dos-carrizes-1374\/\",\"name\":\"Quinta dos Carrizes - 1374 - Esfera Real\",\"isPartOf\":{\"@id\":\"https:\/\/esferareal.com\/#website\"},\"primaryImageOfPage\":{\"@id\":\"https:\/\/esferareal.com\/imovel\/quinta-dos-carrizes-1374\/#primaryimage\"},\"image\":{\"@id\":\"https:\/\/esferareal.com\/imovel\/quinta-dos-carrizes-1374\/#primaryimage\"},\"thumbnailUrl\":\"https:\/\/esferareal.com\/wp-content\/uploads\/2026\/03\/1-1374-Medium.jpg\",\"datePublished\":\"2026-02-24T18:21:16+00:00\",\"dateModified\":\"2026-04-01T17:05:54+00:00\",\"breadcrumb\":{\"@id\":\"https:\/\/esferareal.com\/imovel\/quinta-dos-carrizes-1374\/#breadcrumb\"},\"inLanguage\":\"en-GB\",\"potentialAction\":[{\"@type\":\"ReadAction\",\"target\":[\"https:\/\/esferareal.com\/imovel\/quinta-dos-carrizes-1374\/\"]}]},{\"@type\":\"ImageObject\",\"inLanguage\":\"en-GB\",\"@id\":\"https:\/\/esferareal.com\/imovel\/quinta-dos-carrizes-1374\/#primaryimage\",\"url\":\"https:\/\/esferareal.com\/wp-content\/uploads\/2026\/03\/1-1374-Medium.jpg\",\"contentUrl\":\"https:\/\/esferareal.com\/wp-content\/uploads\/2026\/03\/1-1374-Medium.jpg\",\"width\":1024,\"height\":768},{\"@type\":\"BreadcrumbList\",\"@id\":\"https:\/\/esferareal.com\/imovel\/quinta-dos-carrizes-1374\/#breadcrumb\",\"itemListElement\":[{\"@type\":\"ListItem\",\"position\":1,\"name\":\"In\u00edcio\",\"item\":\"https:\/\/esferareal.com\/en\/\"},{\"@type\":\"ListItem\",\"position\":2,\"name\":\"Quinta dos Carrizes &#8211; 1374\"}]},{\"@type\":\"WebSite\",\"@id\":\"https:\/\/esferareal.com\/#website\",\"url\":\"https:\/\/esferareal.com\/\",\"name\":\"Esfera Real\",\"description\":\"Media\u00e7\u00e3o Imobili\u00e1ria\",\"publisher\":{\"@id\":\"https:\/\/esferareal.com\/#organization\"},\"potentialAction\":[{\"@type\":\"SearchAction\",\"target\":{\"@type\":\"EntryPoint\",\"urlTemplate\":\"https:\/\/esferareal.com\/?s={search_term_string}\"},\"query-input\":{\"@type\":\"PropertyValueSpecification\",\"valueRequired\":true,\"valueName\":\"search_term_string\"}}],\"inLanguage\":\"en-GB\"},{\"@type\":\"Organization\",\"@id\":\"https:\/\/esferareal.com\/#organization\",\"name\":\"Esfera Real Media\u00e7\u00e3o Imobili\u00e1ria\",\"url\":\"https:\/\/esferareal.com\/\",\"logo\":{\"@type\":\"ImageObject\",\"inLanguage\":\"en-GB\",\"@id\":\"https:\/\/esferareal.com\/#\/schema\/logo\/image\/\",\"url\":\"https:\/\/esferareal.com\/wp-content\/uploads\/2024\/10\/logo-esferareal300.png\",\"contentUrl\":\"https:\/\/esferareal.com\/wp-content\/uploads\/2024\/10\/logo-esferareal300.png\",\"width\":300,\"height\":221,\"caption\":\"Esfera Real Media\u00e7\u00e3o Imobili\u00e1ria\"},\"image\":{\"@id\":\"https:\/\/esferareal.com\/#\/schema\/logo\/image\/\"},\"sameAs\":[\"https:\/\/www.facebook.com\/people\/Esfera-Real\/100057693960084\/\",\"https:\/\/www.instagram.com\/esferareal\/\",\"https:\/\/www.youtube.com\/channel\/UCYb-CPOTpF03PSyHBSoCfbA\"]}]}<\/script>\n<!-- \/ Yoast SEO plugin. -->","yoast_head_json":{"title":"Quinta dos Carrizes - 1374 - Esfera Real","robots":{"index":"index","follow":"follow","max-snippet":"max-snippet:-1","max-image-preview":"max-image-preview:large","max-video-preview":"max-video-preview:-1"},"canonical":"https:\/\/esferareal.com\/en\/imovel\/quinta-dos-carrizes-1374\/","og_locale":"en_GB","og_type":"article","og_title":"Quinta dos Carrizes - 1374 - Esfera Real","og_description":"Excelente quinta com 1,5 hectares de terreno agr\u00edcola e de pastoreio, com \u00f3tima exposi\u00e7\u00e3o solar e condi\u00e7\u00f5es ideais para quem procura desenvolver um projeto de constru\u00e7\u00e3o de moradia no campo, manter animais ou investir numa explora\u00e7\u00e3o agr\u00edcola! A propriedade disp\u00f5e de bons acessos e conta com furo artesiano com \u00e1gua abundante, uma mais-valia essencial para [&hellip;]","og_url":"https:\/\/esferareal.com\/en\/imovel\/quinta-dos-carrizes-1374\/","og_site_name":"Esfera Real","article_publisher":"https:\/\/www.facebook.com\/people\/Esfera-Real\/100057693960084\/","article_modified_time":"2026-04-01T17:05:54+00:00","og_image":[{"width":1024,"height":768,"url":"https:\/\/esferareal.com\/wp-content\/uploads\/2026\/03\/1-1374-Medium.jpg","type":"image\/jpeg"}],"twitter_card":"summary_large_image","twitter_misc":{"Estimated reading time":"2 minutes"},"schema":{"@context":"https:\/\/schema.org","@graph":[{"@type":"WebPage","@id":"https:\/\/esferareal.com\/imovel\/quinta-dos-carrizes-1374\/","url":"https:\/\/esferareal.com\/imovel\/quinta-dos-carrizes-1374\/","name":"Quinta dos Carrizes - 1374 - Esfera Real","isPartOf":{"@id":"https:\/\/esferareal.com\/#website"},"primaryImageOfPage":{"@id":"https:\/\/esferareal.com\/imovel\/quinta-dos-carrizes-1374\/#primaryimage"},"image":{"@id":"https:\/\/esferareal.com\/imovel\/quinta-dos-carrizes-1374\/#primaryimage"},"thumbnailUrl":"https:\/\/esferareal.com\/wp-content\/uploads\/2026\/03\/1-1374-Medium.jpg","datePublished":"2026-02-24T18:21:16+00:00","dateModified":"2026-04-01T17:05:54+00:00","breadcrumb":{"@id":"https:\/\/esferareal.com\/imovel\/quinta-dos-carrizes-1374\/#breadcrumb"},"inLanguage":"en-GB","potentialAction":[{"@type":"ReadAction","target":["https:\/\/esferareal.com\/imovel\/quinta-dos-carrizes-1374\/"]}]},{"@type":"ImageObject","inLanguage":"en-GB","@id":"https:\/\/esferareal.com\/imovel\/quinta-dos-carrizes-1374\/#primaryimage","url":"https:\/\/esferareal.com\/wp-content\/uploads\/2026\/03\/1-1374-Medium.jpg","contentUrl":"https:\/\/esferareal.com\/wp-content\/uploads\/2026\/03\/1-1374-Medium.jpg","width":1024,"height":768},{"@type":"BreadcrumbList","@id":"https:\/\/esferareal.com\/imovel\/quinta-dos-carrizes-1374\/#breadcrumb","itemListElement":[{"@type":"ListItem","position":1,"name":"In\u00edcio","item":"https:\/\/esferareal.com\/en\/"},{"@type":"ListItem","position":2,"name":"Quinta dos Carrizes &#8211; 1374"}]},{"@type":"WebSite","@id":"https:\/\/esferareal.com\/#website","url":"https:\/\/esferareal.com\/","name":"Esfera Real","description":"Media\u00e7\u00e3o Imobili\u00e1ria","publisher":{"@id":"https:\/\/esferareal.com\/#organization"},"potentialAction":[{"@type":"SearchAction","target":{"@type":"EntryPoint","urlTemplate":"https:\/\/esferareal.com\/?s={search_term_string}"},"query-input":{"@type":"PropertyValueSpecification","valueRequired":true,"valueName":"search_term_string"}}],"inLanguage":"en-GB"},{"@type":"Organization","@id":"https:\/\/esferareal.com\/#organization","name":"Esfera Real Media\u00e7\u00e3o Imobili\u00e1ria","url":"https:\/\/esferareal.com\/","logo":{"@type":"ImageObject","inLanguage":"en-GB","@id":"https:\/\/esferareal.com\/#\/schema\/logo\/image\/","url":"https:\/\/esferareal.com\/wp-content\/uploads\/2024\/10\/logo-esferareal300.png","contentUrl":"https:\/\/esferareal.com\/wp-content\/uploads\/2024\/10\/logo-esferareal300.png","width":300,"height":221,"caption":"Esfera Real Media\u00e7\u00e3o Imobili\u00e1ria"},"image":{"@id":"https:\/\/esferareal.com\/#\/schema\/logo\/image\/"},"sameAs":["https:\/\/www.facebook.com\/people\/Esfera-Real\/100057693960084\/","https:\/\/www.instagram.com\/esferareal\/","https:\/\/www.youtube.com\/channel\/UCYb-CPOTpF03PSyHBSoCfbA"]}]}},"_links":{"self":[{"href":"https:\/\/esferareal.com\/en\/wp-json\/wp\/v2\/imovel\/10494","targetHints":{"allow":["GET"]}}],"collection":[{"href":"https:\/\/esferareal.com\/en\/wp-json\/wp\/v2\/imovel"}],"about":[{"href":"https:\/\/esferareal.com\/en\/wp-json\/wp\/v2\/types\/imovel"}],"author":[{"embeddable":true,"href":"https:\/\/esferareal.com\/en\/wp-json\/wp\/v2\/users\/3"}],"version-history":[{"count":2,"href":"https:\/\/esferareal.com\/en\/wp-json\/wp\/v2\/imovel\/10494\/revisions"}],"predecessor-version":[{"id":10786,"href":"https:\/\/esferareal.com\/en\/wp-json\/wp\/v2\/imovel\/10494\/revisions\/10786"}],"wp:featuredmedia":[{"embeddable":true,"href":"https:\/\/esferareal.com\/en\/wp-json\/wp\/v2\/media\/10836"}],"wp:attachment":[{"href":"https:\/\/esferareal.com\/en\/wp-json\/wp\/v2\/media?parent=10494"}],"wp:term":[{"taxonomy":"tipo","embeddable":true,"href":"https:\/\/esferareal.com\/en\/wp-json\/wp\/v2\/tipo?post=10494"}],"curies":[{"name":"wp","href":"https:\/\/api.w.org\/{rel}","templated":true}]}}

<p>Excellent smallholding with 1.5 hectares of agricultural and grazing land, enjoying excellent sun exposure and ideal conditions for those looking to develop a country house project, keep animals or invest in a farming enterprise!</p>



<p>The property benefits from good access and includes a borehole with abundant water, an essential asset for agriculture, irrigation and domestic use. It is currently a productive and well-established agricultural holding.</p>



<p>It includes an old stone house, where some reconstruction works have already been carried out, namely to the walls and flooring, and which is prepared to be developed into a 2-to-3-bedroom dwelling.</p>



<p>It also comprises two additional urban registered units, currently used for storage and outbuildings, with potential for conversion into additional living accommodation, subject to the needs or interest of the future owner.</p>



<p>Approximately half of the land lies within the village settlement boundary, where the construction of new buildings is feasible, whether for private residential use or for agricultural purposes, significantly increasing the property’s development potential. Water and electricity are available.</p>



<p>Located on the edge of a pretty and peaceful village, the property enjoys a rural setting whilst remaining close to amenities. It is situated next to Graça (less than 1 km away), where you will find cafés, restaurants, a cash machine and other essential services.</p>



<p>The property is also very close to the IC8, ensuring excellent accessibility: Coimbra is approximately 45 minutes away, and Lisbon and Porto are around 2 hours by car.</p>



<p>A versatile opportunity for those seeking a smallholding in central Portugal with extensive land, development potential, its own water supply and an excellent location!</p>

<!-- This site is optimized with the Yoast SEO plugin v24.4 - https://yoast.com/wordpress/plugins/seo/ -->
<title>Quinta dos Carrizes - 1374 - Esfera Real</title>
<meta name="robots" content="index, follow, max-snippet:-1, max-image-preview:large, max-video-preview:-1" />
<link rel="canonical" href="https://esferareal.com/en/imovel/quinta-dos-carrizes-1374/" />
<meta property="og:locale" content="en_GB" />
<meta property="og:type" content="article" />
<meta property="og:title" content="Quinta dos Carrizes - 1374 - Esfera Real" />
<meta property="og:description" content="Excelente quinta com 1,5 hectares de terreno agrícola e de pastoreio, com ótima exposição solar e condições ideais para quem procura desenvolver um projeto de construção de moradia no campo, manter animais ou investir numa exploração agrícola! A propriedade dispõe de bons acessos e conta com furo artesiano com água abundante, uma mais-valia essencial para [&hellip;]" />
<meta property="og:url" content="https://esferareal.com/en/imovel/quinta-dos-carrizes-1374/" />
<meta property="og:site_name" content="Esfera Real" />
<meta property="article:publisher" content="https://www.facebook.com/people/Esfera-Real/100057693960084/" />
<meta property="article:modified_time" content="2026-04-01T17:05:54+00:00" />
<meta property="og:image" content="https://esferareal.com/wp-content/uploads/2026/03/1-1374-Medium.jpg" />
	<meta property="og:image:width" content="1024" />
	<meta property="og:image:height" content="768" />
	<meta property="og:image:type" content="image/jpeg" />
<meta name="twitter:card" content="summary_large_image" />
<meta name="twitter:label1" content="Estimated reading time" />
	<meta name="twitter:data1" content="2 minutes" />
<script type="application/ld+json" class="yoast-schema-graph">{"@context":"https://schema.org","@graph":[{"@type":"WebPage","@id":"https://esferareal.com/imovel/quinta-dos-carrizes-1374/","url":"https://esferareal.com/imovel/quinta-dos-carrizes-1374/","name":"Quinta dos Carrizes - 1374 - Esfera Real","isPartOf":{"@id":"https://esferareal.com/#website"},"primaryImageOfPage":{"@id":"https://esferareal.com/imovel/quinta-dos-carrizes-1374/#primaryimage"},"image":{"@id":"https://esferareal.com/imovel/quinta-dos-carrizes-1374/#primaryimage"},"thumbnailUrl":"https://esferareal.com/wp-content/uploads/2026/03/1-1374-Medium.jpg","datePublished":"2026-02-24T18:21:16+00:00","dateModified":"2026-04-01T17:05:54+00:00","breadcrumb":{"@id":"https://esferareal.com/imovel/quinta-dos-carrizes-1374/#breadcrumb"},"inLanguage":"en-GB","potentialAction":[{"@type":"ReadAction","target":["https://esferareal.com/imovel/quinta-dos-carrizes-1374/"]}]},{"@type":"ImageObject","inLanguage":"en-GB","@id":"https://esferareal.com/imovel/quinta-dos-carrizes-1374/#primaryimage","url":"https://esferareal.com/wp-content/uploads/2026/03/1-1374-Medium.jpg","contentUrl":"https://esferareal.com/wp-content/uploads/2026/03/1-1374-Medium.jpg","width":1024,"height":768},{"@type":"BreadcrumbList","@id":"https://esferareal.com/imovel/quinta-dos-carrizes-1374/#breadcrumb","itemListElement":[{"@type":"ListItem","position":1,"name":"Início","item":"https://esferareal.com/en/"},{"@type":"ListItem","position":2,"name":"Quinta dos Carrizes &#8211; 1374"}]},{"@type":"WebSite","@id":"https://esferareal.com/#website","url":"https://esferareal.com/","name":"Esfera Real","description":"Mediação Imobiliária","publisher":{"@id":"https://esferareal.com/#organization"},"potentialAction":[{"@type":"SearchAction","target":{"@type":"EntryPoint","urlTemplate":"https://esferareal.com/?s={search_term_string}"},"query-input":{"@type":"PropertyValueSpecification","valueRequired":true,"valueName":"search_term_string"}}],"inLanguage":"en-GB"},{"@type":"Organization","@id":"https://esferareal.com/#organization","name":"Esfera Real Mediação Imobiliária","url":"https://esferareal.com/","logo":{"@type":"ImageObject","inLanguage":"en-GB","@id":"https://esferareal.com/#/schema/logo/image/","url":"https://esferareal.com/wp-content/uploads/2024/10/logo-esferareal300.png","contentUrl":"https://esferareal.com/wp-content/uploads/2024/10/logo-esferareal300.png","width":300,"height":221,"caption":"Esfera Real Mediação Imobiliária"},"image":{"@id":"https://esferareal.com/#/schema/logo/image/"},"sameAs":["https://www.facebook.com/people/Esfera-Real/100057693960084/","https://www.instagram.com/esferareal/","https://www.youtube.com/channel/UCYb-CPOTpF03PSyHBSoCfbA"]}]}</script>
<!-- / Yoast SEO plugin. -->

Excelente quinta com 1,5 hectares de terreno agrícola e de pastoreio, com ótima exposição solar e condições ideais para quem procura desenvolver um projeto de construção de moradia no campo, manter animais ou investir numa exploração agrícola! A propriedade dispõe de bons acessos e conta com furo artesiano com água abundante, uma mais-valia essencial para [&hellip;]

Início

Mediação Imobiliária

Esfera Real Mediação Imobiliária
