 
{"id":10856,"date":"2026-04-01T13:23:05","date_gmt":"2026-04-01T13:23:05","guid":{"rendered":"https:\/\/esferareal.com\/?post_type=imovel&#038;p=10856"},"modified":"2026-04-01T13:23:18","modified_gmt":"2026-04-01T13:23:18","slug":"casas-do-barreirinho-1350","status":"publish","type":"imovel","link":"https:\/\/esferareal.com\/en\/imovel\/casas-do-barreirinho-1350\/","title":{"rendered":"Casas do Barreirinho &#8211; 1350"},"content":{"rendered":"<p>Property with unique characteristics, comprising three independent dwellings within a single stone house, fully renovated, combining rustic charm with functionality, and prepared for both permanent living and local accommodation or tourism investment in central Portugal!<\/p>\n\n\n\n<p>With a versatile layout designed for multiple uses, the property offers 7 bedrooms, 5 bathrooms, 4 kitchens, 5 living rooms, an office, a laundry room, 3 patios with barbecue areas, 1 balcony with barbecue, storage room and a double covered garage, providing ideal conditions for large families or for rental income purposes.<\/p>\n\n\n\n<p>Located on a quiet street near Pedr\u00f3g\u00e3o Grande, the main house is arranged over 2 floors. On the ground floor, there are two interconnecting living rooms, one of which is in open-plan with a fully equipped kitchen and dining area, featuring an impressive 9-metre wall of double-glazed sliding doors that open directly onto a covered patio of approximately 40 m\u00b2, complete with a large barbecue, and leading onto the pool and garden area. This floor also includes 1 bathroom and a spacious laundry room with independent access.<\/p>\n\n\n\n<p>On the first floor, a corridor accessed from the front balcony leads to 2 en-suite bedrooms, as well as an interconnected 1-bedroom apartment, comprising a living room with fully equipped kitchen, bedroom, bathroom and private patio with barbecue. This apartment has its own independent entrance and can be completely separated from the main house.<\/p>\n\n\n\n<p>The two additional independent units each have separate entrances. The ground floor unit includes a living room, fully equipped kitchen, 2 bedrooms, bathroom and a sunny patio with barbecue, overlooking the pool and garden. The unit located on the first-floor balcony level, the larger of the two, features a living room with access to a sunny balcony with barbecue and open views, a fully equipped kitchen, bathroom and 2 spacious bedrooms with exposed stone walls, enhancing the property\u2019s traditional character.<\/p>\n\n\n\n<p>The entire property is fully enclosed, with an electric entrance gate, double covered garage and attached storage room, offering privacy, security and comfort.<\/p>\n\n\n\n<p>Due to its layout, size and location, this property is ideal for multi-family living, a holiday rental business, or tourism investment, standing out for its flexibility and strong potential in a growing market.<\/p>\n\n\n\n<p>A rare opportunity for those seeking a complete property with multiple possibilities in central Portugal!<\/p>\n\n\n\n<p>Arrange your viewing!<\/p>","protected":false},"author":3,"featured_media":9646,"template":"","meta":{"_acf_changed":false,"footnotes":""},"tipo":[4,13],"class_list":["post-10856","imovel","type-imovel","status-publish","has-post-thumbnail","hentry","tipo-casa-de-pedra","tipo-moradia"],"acf":[],"yoast_head":"<!-- This site is optimized with the Yoast SEO plugin v24.4 - https:\/\/yoast.com\/wordpress\/plugins\/seo\/ -->\n<title>Casas do Barreirinho - 1350 - Esfera Real<\/title>\n<meta name=\"robots\" content=\"index, follow, max-snippet:-1, max-image-preview:large, max-video-preview:-1\" \/>\n<link rel=\"canonical\" href=\"https:\/\/esferareal.com\/en\/imovel\/casas-do-barreirinho-1350\/\" \/>\n<meta property=\"og:locale\" content=\"en_GB\" \/>\n<meta property=\"og:type\" content=\"article\" \/>\n<meta property=\"og:title\" content=\"Casas do Barreirinho - 1350 - Esfera Real\" \/>\n<meta property=\"og:description\" content=\"Propriedade de caracter\u00edsticas \u00fanicas, composta por tr\u00eas habita\u00e7\u00f5es independentes inseridas numa \u00fanica moradia em pedra, totalmente renovada, onde se alia o car\u00e1cter r\u00fastico \u00e0 funcionalidade, preparada tanto para habita\u00e7\u00e3o pr\u00f3pria como para alojamento local ou investimento tur\u00edstico no centro de Portugal! Com uma configura\u00e7\u00e3o vers\u00e1til e pensada para diferentes utiliza\u00e7\u00f5es, a propriedade disp\u00f5e de 7 [&hellip;]\" \/>\n<meta property=\"og:url\" content=\"https:\/\/esferareal.com\/en\/imovel\/casas-do-barreirinho-1350\/\" \/>\n<meta property=\"og:site_name\" content=\"Esfera Real\" \/>\n<meta property=\"article:publisher\" content=\"https:\/\/www.facebook.com\/people\/Esfera-Real\/100057693960084\/\" \/>\n<meta property=\"article:modified_time\" content=\"2026-04-01T13:23:18+00:00\" \/>\n<meta property=\"og:image\" content=\"https:\/\/esferareal.com\/wp-content\/uploads\/2025\/10\/1-1350-Medium.jpg\" \/>\n\t<meta property=\"og:image:width\" content=\"1024\" \/>\n\t<meta property=\"og:image:height\" content=\"768\" \/>\n\t<meta property=\"og:image:type\" content=\"image\/jpeg\" \/>\n<meta name=\"twitter:card\" content=\"summary_large_image\" \/>\n<meta name=\"twitter:label1\" content=\"Estimated reading time\" \/>\n\t<meta name=\"twitter:data1\" content=\"3 minutes\" \/>\n<script type=\"application\/ld+json\" class=\"yoast-schema-graph\">{\"@context\":\"https:\/\/schema.org\",\"@graph\":[{\"@type\":\"WebPage\",\"@id\":\"https:\/\/esferareal.com\/imovel\/casas-do-barreirinho-1350\/\",\"url\":\"https:\/\/esferareal.com\/imovel\/casas-do-barreirinho-1350\/\",\"name\":\"Casas do Barreirinho - 1350 - Esfera Real\",\"isPartOf\":{\"@id\":\"https:\/\/esferareal.com\/#website\"},\"primaryImageOfPage\":{\"@id\":\"https:\/\/esferareal.com\/imovel\/casas-do-barreirinho-1350\/#primaryimage\"},\"image\":{\"@id\":\"https:\/\/esferareal.com\/imovel\/casas-do-barreirinho-1350\/#primaryimage\"},\"thumbnailUrl\":\"https:\/\/esferareal.com\/wp-content\/uploads\/2025\/10\/1-1350-Medium.jpg\",\"datePublished\":\"2026-04-01T13:23:05+00:00\",\"dateModified\":\"2026-04-01T13:23:18+00:00\",\"breadcrumb\":{\"@id\":\"https:\/\/esferareal.com\/imovel\/casas-do-barreirinho-1350\/#breadcrumb\"},\"inLanguage\":\"en-GB\",\"potentialAction\":[{\"@type\":\"ReadAction\",\"target\":[\"https:\/\/esferareal.com\/imovel\/casas-do-barreirinho-1350\/\"]}]},{\"@type\":\"ImageObject\",\"inLanguage\":\"en-GB\",\"@id\":\"https:\/\/esferareal.com\/imovel\/casas-do-barreirinho-1350\/#primaryimage\",\"url\":\"https:\/\/esferareal.com\/wp-content\/uploads\/2025\/10\/1-1350-Medium.jpg\",\"contentUrl\":\"https:\/\/esferareal.com\/wp-content\/uploads\/2025\/10\/1-1350-Medium.jpg\",\"width\":1024,\"height\":768},{\"@type\":\"BreadcrumbList\",\"@id\":\"https:\/\/esferareal.com\/imovel\/casas-do-barreirinho-1350\/#breadcrumb\",\"itemListElement\":[{\"@type\":\"ListItem\",\"position\":1,\"name\":\"In\u00edcio\",\"item\":\"https:\/\/esferareal.com\/en\/\"},{\"@type\":\"ListItem\",\"position\":2,\"name\":\"Casas do Barreirinho &#8211; 1350\"}]},{\"@type\":\"WebSite\",\"@id\":\"https:\/\/esferareal.com\/#website\",\"url\":\"https:\/\/esferareal.com\/\",\"name\":\"Esfera Real\",\"description\":\"Media\u00e7\u00e3o Imobili\u00e1ria\",\"publisher\":{\"@id\":\"https:\/\/esferareal.com\/#organization\"},\"potentialAction\":[{\"@type\":\"SearchAction\",\"target\":{\"@type\":\"EntryPoint\",\"urlTemplate\":\"https:\/\/esferareal.com\/?s={search_term_string}\"},\"query-input\":{\"@type\":\"PropertyValueSpecification\",\"valueRequired\":true,\"valueName\":\"search_term_string\"}}],\"inLanguage\":\"en-GB\"},{\"@type\":\"Organization\",\"@id\":\"https:\/\/esferareal.com\/#organization\",\"name\":\"Esfera Real Media\u00e7\u00e3o Imobili\u00e1ria\",\"url\":\"https:\/\/esferareal.com\/\",\"logo\":{\"@type\":\"ImageObject\",\"inLanguage\":\"en-GB\",\"@id\":\"https:\/\/esferareal.com\/#\/schema\/logo\/image\/\",\"url\":\"https:\/\/esferareal.com\/wp-content\/uploads\/2024\/10\/logo-esferareal300.png\",\"contentUrl\":\"https:\/\/esferareal.com\/wp-content\/uploads\/2024\/10\/logo-esferareal300.png\",\"width\":300,\"height\":221,\"caption\":\"Esfera Real Media\u00e7\u00e3o Imobili\u00e1ria\"},\"image\":{\"@id\":\"https:\/\/esferareal.com\/#\/schema\/logo\/image\/\"},\"sameAs\":[\"https:\/\/www.facebook.com\/people\/Esfera-Real\/100057693960084\/\",\"https:\/\/www.instagram.com\/esferareal\/\",\"https:\/\/www.youtube.com\/channel\/UCYb-CPOTpF03PSyHBSoCfbA\"]}]}<\/script>\n<!-- \/ Yoast SEO plugin. -->","yoast_head_json":{"title":"Casas do Barreirinho - 1350 - Esfera Real","robots":{"index":"index","follow":"follow","max-snippet":"max-snippet:-1","max-image-preview":"max-image-preview:large","max-video-preview":"max-video-preview:-1"},"canonical":"https:\/\/esferareal.com\/en\/imovel\/casas-do-barreirinho-1350\/","og_locale":"en_GB","og_type":"article","og_title":"Casas do Barreirinho - 1350 - Esfera Real","og_description":"Propriedade de caracter\u00edsticas \u00fanicas, composta por tr\u00eas habita\u00e7\u00f5es independentes inseridas numa \u00fanica moradia em pedra, totalmente renovada, onde se alia o car\u00e1cter r\u00fastico \u00e0 funcionalidade, preparada tanto para habita\u00e7\u00e3o pr\u00f3pria como para alojamento local ou investimento tur\u00edstico no centro de Portugal! Com uma configura\u00e7\u00e3o vers\u00e1til e pensada para diferentes utiliza\u00e7\u00f5es, a propriedade disp\u00f5e de 7 [&hellip;]","og_url":"https:\/\/esferareal.com\/en\/imovel\/casas-do-barreirinho-1350\/","og_site_name":"Esfera Real","article_publisher":"https:\/\/www.facebook.com\/people\/Esfera-Real\/100057693960084\/","article_modified_time":"2026-04-01T13:23:18+00:00","og_image":[{"width":1024,"height":768,"url":"https:\/\/esferareal.com\/wp-content\/uploads\/2025\/10\/1-1350-Medium.jpg","type":"image\/jpeg"}],"twitter_card":"summary_large_image","twitter_misc":{"Estimated reading time":"3 minutes"},"schema":{"@context":"https:\/\/schema.org","@graph":[{"@type":"WebPage","@id":"https:\/\/esferareal.com\/imovel\/casas-do-barreirinho-1350\/","url":"https:\/\/esferareal.com\/imovel\/casas-do-barreirinho-1350\/","name":"Casas do Barreirinho - 1350 - Esfera Real","isPartOf":{"@id":"https:\/\/esferareal.com\/#website"},"primaryImageOfPage":{"@id":"https:\/\/esferareal.com\/imovel\/casas-do-barreirinho-1350\/#primaryimage"},"image":{"@id":"https:\/\/esferareal.com\/imovel\/casas-do-barreirinho-1350\/#primaryimage"},"thumbnailUrl":"https:\/\/esferareal.com\/wp-content\/uploads\/2025\/10\/1-1350-Medium.jpg","datePublished":"2026-04-01T13:23:05+00:00","dateModified":"2026-04-01T13:23:18+00:00","breadcrumb":{"@id":"https:\/\/esferareal.com\/imovel\/casas-do-barreirinho-1350\/#breadcrumb"},"inLanguage":"en-GB","potentialAction":[{"@type":"ReadAction","target":["https:\/\/esferareal.com\/imovel\/casas-do-barreirinho-1350\/"]}]},{"@type":"ImageObject","inLanguage":"en-GB","@id":"https:\/\/esferareal.com\/imovel\/casas-do-barreirinho-1350\/#primaryimage","url":"https:\/\/esferareal.com\/wp-content\/uploads\/2025\/10\/1-1350-Medium.jpg","contentUrl":"https:\/\/esferareal.com\/wp-content\/uploads\/2025\/10\/1-1350-Medium.jpg","width":1024,"height":768},{"@type":"BreadcrumbList","@id":"https:\/\/esferareal.com\/imovel\/casas-do-barreirinho-1350\/#breadcrumb","itemListElement":[{"@type":"ListItem","position":1,"name":"In\u00edcio","item":"https:\/\/esferareal.com\/en\/"},{"@type":"ListItem","position":2,"name":"Casas do Barreirinho &#8211; 1350"}]},{"@type":"WebSite","@id":"https:\/\/esferareal.com\/#website","url":"https:\/\/esferareal.com\/","name":"Esfera Real","description":"Media\u00e7\u00e3o Imobili\u00e1ria","publisher":{"@id":"https:\/\/esferareal.com\/#organization"},"potentialAction":[{"@type":"SearchAction","target":{"@type":"EntryPoint","urlTemplate":"https:\/\/esferareal.com\/?s={search_term_string}"},"query-input":{"@type":"PropertyValueSpecification","valueRequired":true,"valueName":"search_term_string"}}],"inLanguage":"en-GB"},{"@type":"Organization","@id":"https:\/\/esferareal.com\/#organization","name":"Esfera Real Media\u00e7\u00e3o Imobili\u00e1ria","url":"https:\/\/esferareal.com\/","logo":{"@type":"ImageObject","inLanguage":"en-GB","@id":"https:\/\/esferareal.com\/#\/schema\/logo\/image\/","url":"https:\/\/esferareal.com\/wp-content\/uploads\/2024\/10\/logo-esferareal300.png","contentUrl":"https:\/\/esferareal.com\/wp-content\/uploads\/2024\/10\/logo-esferareal300.png","width":300,"height":221,"caption":"Esfera Real Media\u00e7\u00e3o Imobili\u00e1ria"},"image":{"@id":"https:\/\/esferareal.com\/#\/schema\/logo\/image\/"},"sameAs":["https:\/\/www.facebook.com\/people\/Esfera-Real\/100057693960084\/","https:\/\/www.instagram.com\/esferareal\/","https:\/\/www.youtube.com\/channel\/UCYb-CPOTpF03PSyHBSoCfbA"]}]}},"_links":{"self":[{"href":"https:\/\/esferareal.com\/en\/wp-json\/wp\/v2\/imovel\/10856","targetHints":{"allow":["GET"]}}],"collection":[{"href":"https:\/\/esferareal.com\/en\/wp-json\/wp\/v2\/imovel"}],"about":[{"href":"https:\/\/esferareal.com\/en\/wp-json\/wp\/v2\/types\/imovel"}],"author":[{"embeddable":true,"href":"https:\/\/esferareal.com\/en\/wp-json\/wp\/v2\/users\/3"}],"version-history":[{"count":1,"href":"https:\/\/esferareal.com\/en\/wp-json\/wp\/v2\/imovel\/10856\/revisions"}],"predecessor-version":[{"id":10857,"href":"https:\/\/esferareal.com\/en\/wp-json\/wp\/v2\/imovel\/10856\/revisions\/10857"}],"wp:featuredmedia":[{"embeddable":true,"href":"https:\/\/esferareal.com\/en\/wp-json\/wp\/v2\/media\/9646"}],"wp:attachment":[{"href":"https:\/\/esferareal.com\/en\/wp-json\/wp\/v2\/media?parent=10856"}],"wp:term":[{"taxonomy":"tipo","embeddable":true,"href":"https:\/\/esferareal.com\/en\/wp-json\/wp\/v2\/tipo?post=10856"}],"curies":[{"name":"wp","href":"https:\/\/api.w.org\/{rel}","templated":true}]}}

<p>Property with unique characteristics, comprising three independent dwellings within a single stone house, fully renovated, combining rustic charm with functionality, and prepared for both permanent living and local accommodation or tourism investment in central Portugal!</p>



<p>With a versatile layout designed for multiple uses, the property offers 7 bedrooms, 5 bathrooms, 4 kitchens, 5 living rooms, an office, a laundry room, 3 patios with barbecue areas, 1 balcony with barbecue, storage room and a double covered garage, providing ideal conditions for large families or for rental income purposes.</p>



<p>Located on a quiet street near Pedrógão Grande, the main house is arranged over 2 floors. On the ground floor, there are two interconnecting living rooms, one of which is in open-plan with a fully equipped kitchen and dining area, featuring an impressive 9-metre wall of double-glazed sliding doors that open directly onto a covered patio of approximately 40 m², complete with a large barbecue, and leading onto the pool and garden area. This floor also includes 1 bathroom and a spacious laundry room with independent access.</p>



<p>On the first floor, a corridor accessed from the front balcony leads to 2 en-suite bedrooms, as well as an interconnected 1-bedroom apartment, comprising a living room with fully equipped kitchen, bedroom, bathroom and private patio with barbecue. This apartment has its own independent entrance and can be completely separated from the main house.</p>



<p>The two additional independent units each have separate entrances. The ground floor unit includes a living room, fully equipped kitchen, 2 bedrooms, bathroom and a sunny patio with barbecue, overlooking the pool and garden. The unit located on the first-floor balcony level, the larger of the two, features a living room with access to a sunny balcony with barbecue and open views, a fully equipped kitchen, bathroom and 2 spacious bedrooms with exposed stone walls, enhancing the property’s traditional character.</p>



<p>The entire property is fully enclosed, with an electric entrance gate, double covered garage and attached storage room, offering privacy, security and comfort.</p>



<p>Due to its layout, size and location, this property is ideal for multi-family living, a holiday rental business, or tourism investment, standing out for its flexibility and strong potential in a growing market.</p>



<p>A rare opportunity for those seeking a complete property with multiple possibilities in central Portugal!</p>



<p>Arrange your viewing!</p>

<!-- This site is optimized with the Yoast SEO plugin v24.4 - https://yoast.com/wordpress/plugins/seo/ -->
<title>Casas do Barreirinho - 1350 - Esfera Real</title>
<meta name="robots" content="index, follow, max-snippet:-1, max-image-preview:large, max-video-preview:-1" />
<link rel="canonical" href="https://esferareal.com/en/imovel/casas-do-barreirinho-1350/" />
<meta property="og:locale" content="en_GB" />
<meta property="og:type" content="article" />
<meta property="og:title" content="Casas do Barreirinho - 1350 - Esfera Real" />
<meta property="og:description" content="Propriedade de características únicas, composta por três habitações independentes inseridas numa única moradia em pedra, totalmente renovada, onde se alia o carácter rústico à funcionalidade, preparada tanto para habitação própria como para alojamento local ou investimento turístico no centro de Portugal! Com uma configuração versátil e pensada para diferentes utilizações, a propriedade dispõe de 7 [&hellip;]" />
<meta property="og:url" content="https://esferareal.com/en/imovel/casas-do-barreirinho-1350/" />
<meta property="og:site_name" content="Esfera Real" />
<meta property="article:publisher" content="https://www.facebook.com/people/Esfera-Real/100057693960084/" />
<meta property="article:modified_time" content="2026-04-01T13:23:18+00:00" />
<meta property="og:image" content="https://esferareal.com/wp-content/uploads/2025/10/1-1350-Medium.jpg" />
	<meta property="og:image:width" content="1024" />
	<meta property="og:image:height" content="768" />
	<meta property="og:image:type" content="image/jpeg" />
<meta name="twitter:card" content="summary_large_image" />
<meta name="twitter:label1" content="Estimated reading time" />
	<meta name="twitter:data1" content="3 minutes" />
<script type="application/ld+json" class="yoast-schema-graph">{"@context":"https://schema.org","@graph":[{"@type":"WebPage","@id":"https://esferareal.com/imovel/casas-do-barreirinho-1350/","url":"https://esferareal.com/imovel/casas-do-barreirinho-1350/","name":"Casas do Barreirinho - 1350 - Esfera Real","isPartOf":{"@id":"https://esferareal.com/#website"},"primaryImageOfPage":{"@id":"https://esferareal.com/imovel/casas-do-barreirinho-1350/#primaryimage"},"image":{"@id":"https://esferareal.com/imovel/casas-do-barreirinho-1350/#primaryimage"},"thumbnailUrl":"https://esferareal.com/wp-content/uploads/2025/10/1-1350-Medium.jpg","datePublished":"2026-04-01T13:23:05+00:00","dateModified":"2026-04-01T13:23:18+00:00","breadcrumb":{"@id":"https://esferareal.com/imovel/casas-do-barreirinho-1350/#breadcrumb"},"inLanguage":"en-GB","potentialAction":[{"@type":"ReadAction","target":["https://esferareal.com/imovel/casas-do-barreirinho-1350/"]}]},{"@type":"ImageObject","inLanguage":"en-GB","@id":"https://esferareal.com/imovel/casas-do-barreirinho-1350/#primaryimage","url":"https://esferareal.com/wp-content/uploads/2025/10/1-1350-Medium.jpg","contentUrl":"https://esferareal.com/wp-content/uploads/2025/10/1-1350-Medium.jpg","width":1024,"height":768},{"@type":"BreadcrumbList","@id":"https://esferareal.com/imovel/casas-do-barreirinho-1350/#breadcrumb","itemListElement":[{"@type":"ListItem","position":1,"name":"Início","item":"https://esferareal.com/en/"},{"@type":"ListItem","position":2,"name":"Casas do Barreirinho &#8211; 1350"}]},{"@type":"WebSite","@id":"https://esferareal.com/#website","url":"https://esferareal.com/","name":"Esfera Real","description":"Mediação Imobiliária","publisher":{"@id":"https://esferareal.com/#organization"},"potentialAction":[{"@type":"SearchAction","target":{"@type":"EntryPoint","urlTemplate":"https://esferareal.com/?s={search_term_string}"},"query-input":{"@type":"PropertyValueSpecification","valueRequired":true,"valueName":"search_term_string"}}],"inLanguage":"en-GB"},{"@type":"Organization","@id":"https://esferareal.com/#organization","name":"Esfera Real Mediação Imobiliária","url":"https://esferareal.com/","logo":{"@type":"ImageObject","inLanguage":"en-GB","@id":"https://esferareal.com/#/schema/logo/image/","url":"https://esferareal.com/wp-content/uploads/2024/10/logo-esferareal300.png","contentUrl":"https://esferareal.com/wp-content/uploads/2024/10/logo-esferareal300.png","width":300,"height":221,"caption":"Esfera Real Mediação Imobiliária"},"image":{"@id":"https://esferareal.com/#/schema/logo/image/"},"sameAs":["https://www.facebook.com/people/Esfera-Real/100057693960084/","https://www.instagram.com/esferareal/","https://www.youtube.com/channel/UCYb-CPOTpF03PSyHBSoCfbA"]}]}</script>
<!-- / Yoast SEO plugin. -->

Propriedade de características únicas, composta por três habitações independentes inseridas numa única moradia em pedra, totalmente renovada, onde se alia o carácter rústico à funcionalidade, preparada tanto para habitação própria como para alojamento local ou investimento turístico no centro de Portugal! Com uma configuração versátil e pensada para diferentes utilizações, a propriedade dispõe de 7 [&hellip;]

Início

Mediação Imobiliária

Esfera Real Mediação Imobiliária
