 
{"id":10893,"date":"2026-04-08T17:52:21","date_gmt":"2026-04-08T17:52:21","guid":{"rendered":"https:\/\/esferareal.com\/?post_type=imovel&#038;p=10893"},"modified":"2026-04-21T08:45:07","modified_gmt":"2026-04-21T08:45:07","slug":"casa-da-montanha-1384","status":"publish","type":"imovel","link":"https:\/\/esferareal.com\/en\/imovel\/casa-da-montanha-1384\/","title":{"rendered":"Casa da Montanha &#8211; 1384"},"content":{"rendered":"<p>House located in a mountain village in the Serra do A\u00e7or, ideal for those seeking a peaceful lifestyle in the mountains, away from major urban centres, and equally suitable as a holiday home or weekend retreat in central Portugal.<\/p>\n\n\n\n<p>One of the standout features of this property is its absolutely stunning views over the surrounding mountains, wide and open, offering a natural setting of remarkable beauty and a constant sense of tranquillity and connection with nature.<\/p>\n\n\n\n<p>The house offers immediate habitable conditions, although it would benefit from some improvements and cosmetic updates, particularly the treatment of wooden elements and the replacement of some windows.The structure of the property is in good condition, although general maintenance works are advisable, making this a good property for the asking price.<\/p>\n\n\n\n<p>On the main living floor, the house comprises a kitchen, living room and 2 small bedrooms. The living room and bedrooms are constructed in wood, allowing for relatively easy reconfiguration of the layout. Extending from the living room is a sunroom (marquee) with open and privileged views over the mountains and the adjoining garden, a space that stands out for its natural light and scenery. From this area there is also access to a small terrace, a bathroom and 2 additional bedrooms, one of a reasonable size and the other smaller.<\/p>\n\n\n\n<p>From the living area there is access to the attic, where the central section has good ceiling height and a window, allowing it to be used as additional living space or for other purposes, always benefiting from the surrounding landscape.<\/p>\n\n\n\n<p>At basement level, with external access, there are several storage rooms, including a spacious cellar, adding further functionality to the property.<\/p>\n\n\n\n<p>Outside, the property includes land with some cultivated areas, suitable for small-scale farming or keeping animals. There are also several outbuildings, including a structure with a traditional wood-fired oven, henhouses and small animal pens, as well as a borehole and irrigation tank, reinforcing its rural character.<\/p>\n\n\n\n<p>Set within an area of striking natural landscapes and panoramic mountain views, the property is surrounded by traditional villages, and is located approximately 20 minutes from Pampilhosa da Serra, 30 minutes from G\u00f3is and 40 minutes from Pedr\u00f3g\u00e3o Grande.<\/p>\n\n\n\n<p>There is also the possibility of a joint sale with the garage under reference 1385.<\/p>\n\n\n\n<p>An excellent opportunity for those who value exceptional mountain views, complete tranquillity and direct contact with nature, in an authentic setting in central Portugal.<\/p>\n\n\n\n<p>Arrange your viewing!<\/p>","protected":false},"author":3,"featured_media":11246,"template":"","meta":{"_acf_changed":false,"footnotes":""},"tipo":[15,13],"class_list":["post-10893","imovel","type-imovel","status-publish","has-post-thumbnail","hentry","tipo-casa-rustica","tipo-moradia"],"acf":[],"yoast_head":"<!-- This site is optimized with the Yoast SEO plugin v24.4 - https:\/\/yoast.com\/wordpress\/plugins\/seo\/ -->\n<title>Casa da Montanha - 1384 - Esfera Real<\/title>\n<meta name=\"robots\" content=\"index, follow, max-snippet:-1, max-image-preview:large, max-video-preview:-1\" \/>\n<link rel=\"canonical\" href=\"https:\/\/esferareal.com\/en\/imovel\/casa-da-montanha-1384\/\" \/>\n<meta property=\"og:locale\" content=\"en_GB\" \/>\n<meta property=\"og:type\" content=\"article\" \/>\n<meta property=\"og:title\" content=\"Casa da Montanha - 1384 - Esfera Real\" \/>\n<meta property=\"og:description\" content=\"Moradia situada numa aldeia serrana na Serra do A\u00e7or, ideal para quem procura um estilo de vida tranquilo nas montanhas, afastado dos grandes centros urbanos, sendo igualmente uma excelente op\u00e7\u00e3o para casa de f\u00e9rias ou ref\u00fagio de fim de semana no centro de Portugal. Um dos grandes destaques desta propriedade s\u00e3o as suas vistas absolutamente [&hellip;]\" \/>\n<meta property=\"og:url\" content=\"https:\/\/esferareal.com\/en\/imovel\/casa-da-montanha-1384\/\" \/>\n<meta property=\"og:site_name\" content=\"Esfera Real\" \/>\n<meta property=\"article:publisher\" content=\"https:\/\/www.facebook.com\/people\/Esfera-Real\/100057693960084\/\" \/>\n<meta property=\"article:modified_time\" content=\"2026-04-21T08:45:07+00:00\" \/>\n<meta property=\"og:image\" content=\"https:\/\/esferareal.com\/wp-content\/uploads\/2026\/04\/1-1384-Large.jpg\" \/>\n\t<meta property=\"og:image:width\" content=\"1440\" \/>\n\t<meta property=\"og:image:height\" content=\"1080\" \/>\n\t<meta property=\"og:image:type\" content=\"image\/jpeg\" \/>\n<meta name=\"twitter:card\" content=\"summary_large_image\" \/>\n<meta name=\"twitter:label1\" content=\"Estimated reading time\" \/>\n\t<meta name=\"twitter:data1\" content=\"3 minutes\" \/>\n<script type=\"application\/ld+json\" class=\"yoast-schema-graph\">{\"@context\":\"https:\/\/schema.org\",\"@graph\":[{\"@type\":\"WebPage\",\"@id\":\"https:\/\/esferareal.com\/imovel\/casa-da-montanha-1384\/\",\"url\":\"https:\/\/esferareal.com\/imovel\/casa-da-montanha-1384\/\",\"name\":\"Casa da Montanha - 1384 - Esfera Real\",\"isPartOf\":{\"@id\":\"https:\/\/esferareal.com\/#website\"},\"primaryImageOfPage\":{\"@id\":\"https:\/\/esferareal.com\/imovel\/casa-da-montanha-1384\/#primaryimage\"},\"image\":{\"@id\":\"https:\/\/esferareal.com\/imovel\/casa-da-montanha-1384\/#primaryimage\"},\"thumbnailUrl\":\"https:\/\/esferareal.com\/wp-content\/uploads\/2026\/04\/1-1384-Large.jpg\",\"datePublished\":\"2026-04-08T17:52:21+00:00\",\"dateModified\":\"2026-04-21T08:45:07+00:00\",\"breadcrumb\":{\"@id\":\"https:\/\/esferareal.com\/imovel\/casa-da-montanha-1384\/#breadcrumb\"},\"inLanguage\":\"en-GB\",\"potentialAction\":[{\"@type\":\"ReadAction\",\"target\":[\"https:\/\/esferareal.com\/imovel\/casa-da-montanha-1384\/\"]}]},{\"@type\":\"ImageObject\",\"inLanguage\":\"en-GB\",\"@id\":\"https:\/\/esferareal.com\/imovel\/casa-da-montanha-1384\/#primaryimage\",\"url\":\"https:\/\/esferareal.com\/wp-content\/uploads\/2026\/04\/1-1384-Large.jpg\",\"contentUrl\":\"https:\/\/esferareal.com\/wp-content\/uploads\/2026\/04\/1-1384-Large.jpg\",\"width\":1440,\"height\":1080},{\"@type\":\"BreadcrumbList\",\"@id\":\"https:\/\/esferareal.com\/imovel\/casa-da-montanha-1384\/#breadcrumb\",\"itemListElement\":[{\"@type\":\"ListItem\",\"position\":1,\"name\":\"In\u00edcio\",\"item\":\"https:\/\/esferareal.com\/en\/\"},{\"@type\":\"ListItem\",\"position\":2,\"name\":\"Casa da Montanha &#8211; 1384\"}]},{\"@type\":\"WebSite\",\"@id\":\"https:\/\/esferareal.com\/#website\",\"url\":\"https:\/\/esferareal.com\/\",\"name\":\"Esfera Real\",\"description\":\"Media\u00e7\u00e3o Imobili\u00e1ria\",\"publisher\":{\"@id\":\"https:\/\/esferareal.com\/#organization\"},\"potentialAction\":[{\"@type\":\"SearchAction\",\"target\":{\"@type\":\"EntryPoint\",\"urlTemplate\":\"https:\/\/esferareal.com\/?s={search_term_string}\"},\"query-input\":{\"@type\":\"PropertyValueSpecification\",\"valueRequired\":true,\"valueName\":\"search_term_string\"}}],\"inLanguage\":\"en-GB\"},{\"@type\":\"Organization\",\"@id\":\"https:\/\/esferareal.com\/#organization\",\"name\":\"Esfera Real Media\u00e7\u00e3o Imobili\u00e1ria\",\"url\":\"https:\/\/esferareal.com\/\",\"logo\":{\"@type\":\"ImageObject\",\"inLanguage\":\"en-GB\",\"@id\":\"https:\/\/esferareal.com\/#\/schema\/logo\/image\/\",\"url\":\"https:\/\/esferareal.com\/wp-content\/uploads\/2024\/10\/logo-esferareal300.png\",\"contentUrl\":\"https:\/\/esferareal.com\/wp-content\/uploads\/2024\/10\/logo-esferareal300.png\",\"width\":300,\"height\":221,\"caption\":\"Esfera Real Media\u00e7\u00e3o Imobili\u00e1ria\"},\"image\":{\"@id\":\"https:\/\/esferareal.com\/#\/schema\/logo\/image\/\"},\"sameAs\":[\"https:\/\/www.facebook.com\/people\/Esfera-Real\/100057693960084\/\",\"https:\/\/www.instagram.com\/esferareal\/\",\"https:\/\/www.youtube.com\/channel\/UCYb-CPOTpF03PSyHBSoCfbA\"]}]}<\/script>\n<!-- \/ Yoast SEO plugin. -->","yoast_head_json":{"title":"Casa da Montanha - 1384 - Esfera Real","robots":{"index":"index","follow":"follow","max-snippet":"max-snippet:-1","max-image-preview":"max-image-preview:large","max-video-preview":"max-video-preview:-1"},"canonical":"https:\/\/esferareal.com\/en\/imovel\/casa-da-montanha-1384\/","og_locale":"en_GB","og_type":"article","og_title":"Casa da Montanha - 1384 - Esfera Real","og_description":"Moradia situada numa aldeia serrana na Serra do A\u00e7or, ideal para quem procura um estilo de vida tranquilo nas montanhas, afastado dos grandes centros urbanos, sendo igualmente uma excelente op\u00e7\u00e3o para casa de f\u00e9rias ou ref\u00fagio de fim de semana no centro de Portugal. Um dos grandes destaques desta propriedade s\u00e3o as suas vistas absolutamente [&hellip;]","og_url":"https:\/\/esferareal.com\/en\/imovel\/casa-da-montanha-1384\/","og_site_name":"Esfera Real","article_publisher":"https:\/\/www.facebook.com\/people\/Esfera-Real\/100057693960084\/","article_modified_time":"2026-04-21T08:45:07+00:00","og_image":[{"width":1440,"height":1080,"url":"https:\/\/esferareal.com\/wp-content\/uploads\/2026\/04\/1-1384-Large.jpg","type":"image\/jpeg"}],"twitter_card":"summary_large_image","twitter_misc":{"Estimated reading time":"3 minutes"},"schema":{"@context":"https:\/\/schema.org","@graph":[{"@type":"WebPage","@id":"https:\/\/esferareal.com\/imovel\/casa-da-montanha-1384\/","url":"https:\/\/esferareal.com\/imovel\/casa-da-montanha-1384\/","name":"Casa da Montanha - 1384 - Esfera Real","isPartOf":{"@id":"https:\/\/esferareal.com\/#website"},"primaryImageOfPage":{"@id":"https:\/\/esferareal.com\/imovel\/casa-da-montanha-1384\/#primaryimage"},"image":{"@id":"https:\/\/esferareal.com\/imovel\/casa-da-montanha-1384\/#primaryimage"},"thumbnailUrl":"https:\/\/esferareal.com\/wp-content\/uploads\/2026\/04\/1-1384-Large.jpg","datePublished":"2026-04-08T17:52:21+00:00","dateModified":"2026-04-21T08:45:07+00:00","breadcrumb":{"@id":"https:\/\/esferareal.com\/imovel\/casa-da-montanha-1384\/#breadcrumb"},"inLanguage":"en-GB","potentialAction":[{"@type":"ReadAction","target":["https:\/\/esferareal.com\/imovel\/casa-da-montanha-1384\/"]}]},{"@type":"ImageObject","inLanguage":"en-GB","@id":"https:\/\/esferareal.com\/imovel\/casa-da-montanha-1384\/#primaryimage","url":"https:\/\/esferareal.com\/wp-content\/uploads\/2026\/04\/1-1384-Large.jpg","contentUrl":"https:\/\/esferareal.com\/wp-content\/uploads\/2026\/04\/1-1384-Large.jpg","width":1440,"height":1080},{"@type":"BreadcrumbList","@id":"https:\/\/esferareal.com\/imovel\/casa-da-montanha-1384\/#breadcrumb","itemListElement":[{"@type":"ListItem","position":1,"name":"In\u00edcio","item":"https:\/\/esferareal.com\/en\/"},{"@type":"ListItem","position":2,"name":"Casa da Montanha &#8211; 1384"}]},{"@type":"WebSite","@id":"https:\/\/esferareal.com\/#website","url":"https:\/\/esferareal.com\/","name":"Esfera Real","description":"Media\u00e7\u00e3o Imobili\u00e1ria","publisher":{"@id":"https:\/\/esferareal.com\/#organization"},"potentialAction":[{"@type":"SearchAction","target":{"@type":"EntryPoint","urlTemplate":"https:\/\/esferareal.com\/?s={search_term_string}"},"query-input":{"@type":"PropertyValueSpecification","valueRequired":true,"valueName":"search_term_string"}}],"inLanguage":"en-GB"},{"@type":"Organization","@id":"https:\/\/esferareal.com\/#organization","name":"Esfera Real Media\u00e7\u00e3o Imobili\u00e1ria","url":"https:\/\/esferareal.com\/","logo":{"@type":"ImageObject","inLanguage":"en-GB","@id":"https:\/\/esferareal.com\/#\/schema\/logo\/image\/","url":"https:\/\/esferareal.com\/wp-content\/uploads\/2024\/10\/logo-esferareal300.png","contentUrl":"https:\/\/esferareal.com\/wp-content\/uploads\/2024\/10\/logo-esferareal300.png","width":300,"height":221,"caption":"Esfera Real Media\u00e7\u00e3o Imobili\u00e1ria"},"image":{"@id":"https:\/\/esferareal.com\/#\/schema\/logo\/image\/"},"sameAs":["https:\/\/www.facebook.com\/people\/Esfera-Real\/100057693960084\/","https:\/\/www.instagram.com\/esferareal\/","https:\/\/www.youtube.com\/channel\/UCYb-CPOTpF03PSyHBSoCfbA"]}]}},"_links":{"self":[{"href":"https:\/\/esferareal.com\/en\/wp-json\/wp\/v2\/imovel\/10893","targetHints":{"allow":["GET"]}}],"collection":[{"href":"https:\/\/esferareal.com\/en\/wp-json\/wp\/v2\/imovel"}],"about":[{"href":"https:\/\/esferareal.com\/en\/wp-json\/wp\/v2\/types\/imovel"}],"author":[{"embeddable":true,"href":"https:\/\/esferareal.com\/en\/wp-json\/wp\/v2\/users\/3"}],"version-history":[{"count":1,"href":"https:\/\/esferareal.com\/en\/wp-json\/wp\/v2\/imovel\/10893\/revisions"}],"predecessor-version":[{"id":10930,"href":"https:\/\/esferareal.com\/en\/wp-json\/wp\/v2\/imovel\/10893\/revisions\/10930"}],"wp:featuredmedia":[{"embeddable":true,"href":"https:\/\/esferareal.com\/en\/wp-json\/wp\/v2\/media\/11246"}],"wp:attachment":[{"href":"https:\/\/esferareal.com\/en\/wp-json\/wp\/v2\/media?parent=10893"}],"wp:term":[{"taxonomy":"tipo","embeddable":true,"href":"https:\/\/esferareal.com\/en\/wp-json\/wp\/v2\/tipo?post=10893"}],"curies":[{"name":"wp","href":"https:\/\/api.w.org\/{rel}","templated":true}]}}

<p>House located in a mountain village in the Serra do Açor, ideal for those seeking a peaceful lifestyle in the mountains, away from major urban centres, and equally suitable as a holiday home or weekend retreat in central Portugal.</p>



<p>One of the standout features of this property is its absolutely stunning views over the surrounding mountains, wide and open, offering a natural setting of remarkable beauty and a constant sense of tranquillity and connection with nature.</p>



<p>The house offers immediate habitable conditions, although it would benefit from some improvements and cosmetic updates, particularly the treatment of wooden elements and the replacement of some windows.The structure of the property is in good condition, although general maintenance works are advisable, making this a good property for the asking price.</p>



<p>On the main living floor, the house comprises a kitchen, living room and 2 small bedrooms. The living room and bedrooms are constructed in wood, allowing for relatively easy reconfiguration of the layout. Extending from the living room is a sunroom (marquee) with open and privileged views over the mountains and the adjoining garden, a space that stands out for its natural light and scenery. From this area there is also access to a small terrace, a bathroom and 2 additional bedrooms, one of a reasonable size and the other smaller.</p>



<p>From the living area there is access to the attic, where the central section has good ceiling height and a window, allowing it to be used as additional living space or for other purposes, always benefiting from the surrounding landscape.</p>



<p>At basement level, with external access, there are several storage rooms, including a spacious cellar, adding further functionality to the property.</p>



<p>Outside, the property includes land with some cultivated areas, suitable for small-scale farming or keeping animals. There are also several outbuildings, including a structure with a traditional wood-fired oven, henhouses and small animal pens, as well as a borehole and irrigation tank, reinforcing its rural character.</p>



<p>Set within an area of striking natural landscapes and panoramic mountain views, the property is surrounded by traditional villages, and is located approximately 20 minutes from Pampilhosa da Serra, 30 minutes from Góis and 40 minutes from Pedrógão Grande.</p>



<p>There is also the possibility of a joint sale with the garage under reference 1385.</p>



<p>An excellent opportunity for those who value exceptional mountain views, complete tranquillity and direct contact with nature, in an authentic setting in central Portugal.</p>



<p>Arrange your viewing!</p>

<!-- This site is optimized with the Yoast SEO plugin v24.4 - https://yoast.com/wordpress/plugins/seo/ -->
<title>Casa da Montanha - 1384 - Esfera Real</title>
<meta name="robots" content="index, follow, max-snippet:-1, max-image-preview:large, max-video-preview:-1" />
<link rel="canonical" href="https://esferareal.com/en/imovel/casa-da-montanha-1384/" />
<meta property="og:locale" content="en_GB" />
<meta property="og:type" content="article" />
<meta property="og:title" content="Casa da Montanha - 1384 - Esfera Real" />
<meta property="og:description" content="Moradia situada numa aldeia serrana na Serra do Açor, ideal para quem procura um estilo de vida tranquilo nas montanhas, afastado dos grandes centros urbanos, sendo igualmente uma excelente opção para casa de férias ou refúgio de fim de semana no centro de Portugal. Um dos grandes destaques desta propriedade são as suas vistas absolutamente [&hellip;]" />
<meta property="og:url" content="https://esferareal.com/en/imovel/casa-da-montanha-1384/" />
<meta property="og:site_name" content="Esfera Real" />
<meta property="article:publisher" content="https://www.facebook.com/people/Esfera-Real/100057693960084/" />
<meta property="article:modified_time" content="2026-04-21T08:45:07+00:00" />
<meta property="og:image" content="https://esferareal.com/wp-content/uploads/2026/04/1-1384-Large.jpg" />
	<meta property="og:image:width" content="1440" />
	<meta property="og:image:height" content="1080" />
	<meta property="og:image:type" content="image/jpeg" />
<meta name="twitter:card" content="summary_large_image" />
<meta name="twitter:label1" content="Estimated reading time" />
	<meta name="twitter:data1" content="3 minutes" />
<script type="application/ld+json" class="yoast-schema-graph">{"@context":"https://schema.org","@graph":[{"@type":"WebPage","@id":"https://esferareal.com/imovel/casa-da-montanha-1384/","url":"https://esferareal.com/imovel/casa-da-montanha-1384/","name":"Casa da Montanha - 1384 - Esfera Real","isPartOf":{"@id":"https://esferareal.com/#website"},"primaryImageOfPage":{"@id":"https://esferareal.com/imovel/casa-da-montanha-1384/#primaryimage"},"image":{"@id":"https://esferareal.com/imovel/casa-da-montanha-1384/#primaryimage"},"thumbnailUrl":"https://esferareal.com/wp-content/uploads/2026/04/1-1384-Large.jpg","datePublished":"2026-04-08T17:52:21+00:00","dateModified":"2026-04-21T08:45:07+00:00","breadcrumb":{"@id":"https://esferareal.com/imovel/casa-da-montanha-1384/#breadcrumb"},"inLanguage":"en-GB","potentialAction":[{"@type":"ReadAction","target":["https://esferareal.com/imovel/casa-da-montanha-1384/"]}]},{"@type":"ImageObject","inLanguage":"en-GB","@id":"https://esferareal.com/imovel/casa-da-montanha-1384/#primaryimage","url":"https://esferareal.com/wp-content/uploads/2026/04/1-1384-Large.jpg","contentUrl":"https://esferareal.com/wp-content/uploads/2026/04/1-1384-Large.jpg","width":1440,"height":1080},{"@type":"BreadcrumbList","@id":"https://esferareal.com/imovel/casa-da-montanha-1384/#breadcrumb","itemListElement":[{"@type":"ListItem","position":1,"name":"Início","item":"https://esferareal.com/en/"},{"@type":"ListItem","position":2,"name":"Casa da Montanha &#8211; 1384"}]},{"@type":"WebSite","@id":"https://esferareal.com/#website","url":"https://esferareal.com/","name":"Esfera Real","description":"Mediação Imobiliária","publisher":{"@id":"https://esferareal.com/#organization"},"potentialAction":[{"@type":"SearchAction","target":{"@type":"EntryPoint","urlTemplate":"https://esferareal.com/?s={search_term_string}"},"query-input":{"@type":"PropertyValueSpecification","valueRequired":true,"valueName":"search_term_string"}}],"inLanguage":"en-GB"},{"@type":"Organization","@id":"https://esferareal.com/#organization","name":"Esfera Real Mediação Imobiliária","url":"https://esferareal.com/","logo":{"@type":"ImageObject","inLanguage":"en-GB","@id":"https://esferareal.com/#/schema/logo/image/","url":"https://esferareal.com/wp-content/uploads/2024/10/logo-esferareal300.png","contentUrl":"https://esferareal.com/wp-content/uploads/2024/10/logo-esferareal300.png","width":300,"height":221,"caption":"Esfera Real Mediação Imobiliária"},"image":{"@id":"https://esferareal.com/#/schema/logo/image/"},"sameAs":["https://www.facebook.com/people/Esfera-Real/100057693960084/","https://www.instagram.com/esferareal/","https://www.youtube.com/channel/UCYb-CPOTpF03PSyHBSoCfbA"]}]}</script>
<!-- / Yoast SEO plugin. -->

Moradia situada numa aldeia serrana na Serra do Açor, ideal para quem procura um estilo de vida tranquilo nas montanhas, afastado dos grandes centros urbanos, sendo igualmente uma excelente opção para casa de férias ou refúgio de fim de semana no centro de Portugal. Um dos grandes destaques desta propriedade são as suas vistas absolutamente [&hellip;]

Início

Mediação Imobiliária

Esfera Real Mediação Imobiliária
