 
{"id":10931,"date":"2026-04-10T08:36:05","date_gmt":"2026-04-10T08:36:05","guid":{"rendered":"https:\/\/esferareal.com\/?post_type=imovel&#038;p=10931"},"modified":"2026-04-10T11:22:35","modified_gmt":"2026-04-10T11:22:35","slug":"casa-vista-rio-unhais-1377","status":"publish","type":"imovel","link":"https:\/\/esferareal.com\/en\/imovel\/casa-vista-rio-unhais-1377\/","title":{"rendered":"Casa Vista Rio Unhais &#8211; 1377"},"content":{"rendered":"<p>Ready-to-live-in house located in a small village in central Portugal, offering a peaceful environment, close contact with nature and open views over the surrounding landscape.<\/p>\n\n\n\n<p>The property is arranged over the ground floor, first floor and a spacious attic, and also includes a small annex, which in the past was used as a living area and may offer additional potential for reuse.<\/p>\n\n\n\n<p>On the ground floor, the house features a living room and kitchen, bathroom, 1 bedroom, and a large cellar with several storage areas, a space with excellent potential for conversion into up to 2 additional bedrooms, should an expansion of the living area be desired.<\/p>\n\n\n\n<p>On the first floor, there is an entrance hall, living room, 2 bedrooms, 1 bathroom, and a kitchen with pantry, with access to the attic, which is fully open-plan, offering various possibilities for use, such as storage, a leisure area or potential future development.<\/p>\n\n\n\n<p>One of the highlights of this property is its privileged location, with excellent and far-reaching west-facing views, allowing you to enjoy the natural landscape and views over the River Unhais, which runs through the area, creating a particularly pleasant setting.<\/p>\n\n\n\n<p>It is also worth noting that this small village is located between two important rivers in the region: the River Z\u00eazere and the River Unhais, a feature highly appreciated by those seeking tranquillity, nature and proximity to water and outdoor leisure areas.<\/p>\n\n\n\n<p>The property is located just 18 km from Pampilhosa da Serra and 22 km from the town of Pedr\u00f3g\u00e3o Grande, providing relatively easy access to shops, services and other essential amenities.<\/p>\n\n\n\n<p>Book your viewing!<\/p>","protected":false},"author":6,"featured_media":10933,"template":"","meta":{"_acf_changed":false,"footnotes":""},"tipo":[13],"class_list":["post-10931","imovel","type-imovel","status-publish","has-post-thumbnail","hentry","tipo-moradia"],"acf":[],"yoast_head":"<!-- This site is optimized with the Yoast SEO plugin v24.4 - https:\/\/yoast.com\/wordpress\/plugins\/seo\/ -->\n<title>Casa Vista Rio Unhais - 1377 - Esfera Real<\/title>\n<meta name=\"robots\" content=\"index, follow, max-snippet:-1, max-image-preview:large, max-video-preview:-1\" \/>\n<link rel=\"canonical\" href=\"https:\/\/esferareal.com\/en\/imovel\/casa-vista-rio-unhais-1377\/\" \/>\n<meta property=\"og:locale\" content=\"en_GB\" \/>\n<meta property=\"og:type\" content=\"article\" \/>\n<meta property=\"og:title\" content=\"Casa Vista Rio Unhais - 1377 - Esfera Real\" \/>\n<meta property=\"og:description\" content=\"Moradia pronta a habitar situada numa pequena aldeia do centro de Portugal, oferecendo um ambiente tranquilo, contacto com a natureza e vistas desafogadas sobre a paisagem envolvente. A habita\u00e7\u00e3o desenvolve-se em r\u00e9s do ch\u00e3o, 1.\u00ba andar e s\u00f3t\u00e3o amplo, contando ainda com um pequeno anexo, que em tempos foi utilizado como \u00e1rea habitacional, podendo representar [&hellip;]\" \/>\n<meta property=\"og:url\" content=\"https:\/\/esferareal.com\/en\/imovel\/casa-vista-rio-unhais-1377\/\" \/>\n<meta property=\"og:site_name\" content=\"Esfera Real\" \/>\n<meta property=\"article:publisher\" content=\"https:\/\/www.facebook.com\/people\/Esfera-Real\/100057693960084\/\" \/>\n<meta property=\"article:modified_time\" content=\"2026-04-10T11:22:35+00:00\" \/>\n<meta property=\"og:image\" content=\"https:\/\/esferareal.com\/wp-content\/uploads\/2026\/04\/1-1377.png\" \/>\n\t<meta property=\"og:image:width\" content=\"667\" \/>\n\t<meta property=\"og:image:height\" content=\"500\" \/>\n\t<meta property=\"og:image:type\" content=\"image\/png\" \/>\n<meta name=\"twitter:card\" content=\"summary_large_image\" \/>\n<meta name=\"twitter:label1\" content=\"Estimated reading time\" \/>\n\t<meta name=\"twitter:data1\" content=\"2 minutes\" \/>\n<script type=\"application\/ld+json\" class=\"yoast-schema-graph\">{\"@context\":\"https:\/\/schema.org\",\"@graph\":[{\"@type\":\"WebPage\",\"@id\":\"https:\/\/esferareal.com\/imovel\/casa-vista-rio-unhais-1377\/\",\"url\":\"https:\/\/esferareal.com\/imovel\/casa-vista-rio-unhais-1377\/\",\"name\":\"Casa Vista Rio Unhais - 1377 - Esfera Real\",\"isPartOf\":{\"@id\":\"https:\/\/esferareal.com\/#website\"},\"primaryImageOfPage\":{\"@id\":\"https:\/\/esferareal.com\/imovel\/casa-vista-rio-unhais-1377\/#primaryimage\"},\"image\":{\"@id\":\"https:\/\/esferareal.com\/imovel\/casa-vista-rio-unhais-1377\/#primaryimage\"},\"thumbnailUrl\":\"https:\/\/esferareal.com\/wp-content\/uploads\/2026\/04\/1-1377.png\",\"datePublished\":\"2026-04-10T08:36:05+00:00\",\"dateModified\":\"2026-04-10T11:22:35+00:00\",\"breadcrumb\":{\"@id\":\"https:\/\/esferareal.com\/imovel\/casa-vista-rio-unhais-1377\/#breadcrumb\"},\"inLanguage\":\"en-GB\",\"potentialAction\":[{\"@type\":\"ReadAction\",\"target\":[\"https:\/\/esferareal.com\/imovel\/casa-vista-rio-unhais-1377\/\"]}]},{\"@type\":\"ImageObject\",\"inLanguage\":\"en-GB\",\"@id\":\"https:\/\/esferareal.com\/imovel\/casa-vista-rio-unhais-1377\/#primaryimage\",\"url\":\"https:\/\/esferareal.com\/wp-content\/uploads\/2026\/04\/1-1377.png\",\"contentUrl\":\"https:\/\/esferareal.com\/wp-content\/uploads\/2026\/04\/1-1377.png\",\"width\":667,\"height\":500},{\"@type\":\"BreadcrumbList\",\"@id\":\"https:\/\/esferareal.com\/imovel\/casa-vista-rio-unhais-1377\/#breadcrumb\",\"itemListElement\":[{\"@type\":\"ListItem\",\"position\":1,\"name\":\"In\u00edcio\",\"item\":\"https:\/\/esferareal.com\/en\/\"},{\"@type\":\"ListItem\",\"position\":2,\"name\":\"Casa Vista Rio Unhais &#8211; 1377\"}]},{\"@type\":\"WebSite\",\"@id\":\"https:\/\/esferareal.com\/#website\",\"url\":\"https:\/\/esferareal.com\/\",\"name\":\"Esfera Real\",\"description\":\"Media\u00e7\u00e3o Imobili\u00e1ria\",\"publisher\":{\"@id\":\"https:\/\/esferareal.com\/#organization\"},\"potentialAction\":[{\"@type\":\"SearchAction\",\"target\":{\"@type\":\"EntryPoint\",\"urlTemplate\":\"https:\/\/esferareal.com\/?s={search_term_string}\"},\"query-input\":{\"@type\":\"PropertyValueSpecification\",\"valueRequired\":true,\"valueName\":\"search_term_string\"}}],\"inLanguage\":\"en-GB\"},{\"@type\":\"Organization\",\"@id\":\"https:\/\/esferareal.com\/#organization\",\"name\":\"Esfera Real Media\u00e7\u00e3o Imobili\u00e1ria\",\"url\":\"https:\/\/esferareal.com\/\",\"logo\":{\"@type\":\"ImageObject\",\"inLanguage\":\"en-GB\",\"@id\":\"https:\/\/esferareal.com\/#\/schema\/logo\/image\/\",\"url\":\"https:\/\/esferareal.com\/wp-content\/uploads\/2024\/10\/logo-esferareal300.png\",\"contentUrl\":\"https:\/\/esferareal.com\/wp-content\/uploads\/2024\/10\/logo-esferareal300.png\",\"width\":300,\"height\":221,\"caption\":\"Esfera Real Media\u00e7\u00e3o Imobili\u00e1ria\"},\"image\":{\"@id\":\"https:\/\/esferareal.com\/#\/schema\/logo\/image\/\"},\"sameAs\":[\"https:\/\/www.facebook.com\/people\/Esfera-Real\/100057693960084\/\",\"https:\/\/www.instagram.com\/esferareal\/\",\"https:\/\/www.youtube.com\/channel\/UCYb-CPOTpF03PSyHBSoCfbA\"]}]}<\/script>\n<!-- \/ Yoast SEO plugin. -->","yoast_head_json":{"title":"Casa Vista Rio Unhais - 1377 - Esfera Real","robots":{"index":"index","follow":"follow","max-snippet":"max-snippet:-1","max-image-preview":"max-image-preview:large","max-video-preview":"max-video-preview:-1"},"canonical":"https:\/\/esferareal.com\/en\/imovel\/casa-vista-rio-unhais-1377\/","og_locale":"en_GB","og_type":"article","og_title":"Casa Vista Rio Unhais - 1377 - Esfera Real","og_description":"Moradia pronta a habitar situada numa pequena aldeia do centro de Portugal, oferecendo um ambiente tranquilo, contacto com a natureza e vistas desafogadas sobre a paisagem envolvente. A habita\u00e7\u00e3o desenvolve-se em r\u00e9s do ch\u00e3o, 1.\u00ba andar e s\u00f3t\u00e3o amplo, contando ainda com um pequeno anexo, que em tempos foi utilizado como \u00e1rea habitacional, podendo representar [&hellip;]","og_url":"https:\/\/esferareal.com\/en\/imovel\/casa-vista-rio-unhais-1377\/","og_site_name":"Esfera Real","article_publisher":"https:\/\/www.facebook.com\/people\/Esfera-Real\/100057693960084\/","article_modified_time":"2026-04-10T11:22:35+00:00","og_image":[{"width":667,"height":500,"url":"https:\/\/esferareal.com\/wp-content\/uploads\/2026\/04\/1-1377.png","type":"image\/png"}],"twitter_card":"summary_large_image","twitter_misc":{"Estimated reading time":"2 minutes"},"schema":{"@context":"https:\/\/schema.org","@graph":[{"@type":"WebPage","@id":"https:\/\/esferareal.com\/imovel\/casa-vista-rio-unhais-1377\/","url":"https:\/\/esferareal.com\/imovel\/casa-vista-rio-unhais-1377\/","name":"Casa Vista Rio Unhais - 1377 - Esfera Real","isPartOf":{"@id":"https:\/\/esferareal.com\/#website"},"primaryImageOfPage":{"@id":"https:\/\/esferareal.com\/imovel\/casa-vista-rio-unhais-1377\/#primaryimage"},"image":{"@id":"https:\/\/esferareal.com\/imovel\/casa-vista-rio-unhais-1377\/#primaryimage"},"thumbnailUrl":"https:\/\/esferareal.com\/wp-content\/uploads\/2026\/04\/1-1377.png","datePublished":"2026-04-10T08:36:05+00:00","dateModified":"2026-04-10T11:22:35+00:00","breadcrumb":{"@id":"https:\/\/esferareal.com\/imovel\/casa-vista-rio-unhais-1377\/#breadcrumb"},"inLanguage":"en-GB","potentialAction":[{"@type":"ReadAction","target":["https:\/\/esferareal.com\/imovel\/casa-vista-rio-unhais-1377\/"]}]},{"@type":"ImageObject","inLanguage":"en-GB","@id":"https:\/\/esferareal.com\/imovel\/casa-vista-rio-unhais-1377\/#primaryimage","url":"https:\/\/esferareal.com\/wp-content\/uploads\/2026\/04\/1-1377.png","contentUrl":"https:\/\/esferareal.com\/wp-content\/uploads\/2026\/04\/1-1377.png","width":667,"height":500},{"@type":"BreadcrumbList","@id":"https:\/\/esferareal.com\/imovel\/casa-vista-rio-unhais-1377\/#breadcrumb","itemListElement":[{"@type":"ListItem","position":1,"name":"In\u00edcio","item":"https:\/\/esferareal.com\/en\/"},{"@type":"ListItem","position":2,"name":"Casa Vista Rio Unhais &#8211; 1377"}]},{"@type":"WebSite","@id":"https:\/\/esferareal.com\/#website","url":"https:\/\/esferareal.com\/","name":"Esfera Real","description":"Media\u00e7\u00e3o Imobili\u00e1ria","publisher":{"@id":"https:\/\/esferareal.com\/#organization"},"potentialAction":[{"@type":"SearchAction","target":{"@type":"EntryPoint","urlTemplate":"https:\/\/esferareal.com\/?s={search_term_string}"},"query-input":{"@type":"PropertyValueSpecification","valueRequired":true,"valueName":"search_term_string"}}],"inLanguage":"en-GB"},{"@type":"Organization","@id":"https:\/\/esferareal.com\/#organization","name":"Esfera Real Media\u00e7\u00e3o Imobili\u00e1ria","url":"https:\/\/esferareal.com\/","logo":{"@type":"ImageObject","inLanguage":"en-GB","@id":"https:\/\/esferareal.com\/#\/schema\/logo\/image\/","url":"https:\/\/esferareal.com\/wp-content\/uploads\/2024\/10\/logo-esferareal300.png","contentUrl":"https:\/\/esferareal.com\/wp-content\/uploads\/2024\/10\/logo-esferareal300.png","width":300,"height":221,"caption":"Esfera Real Media\u00e7\u00e3o Imobili\u00e1ria"},"image":{"@id":"https:\/\/esferareal.com\/#\/schema\/logo\/image\/"},"sameAs":["https:\/\/www.facebook.com\/people\/Esfera-Real\/100057693960084\/","https:\/\/www.instagram.com\/esferareal\/","https:\/\/www.youtube.com\/channel\/UCYb-CPOTpF03PSyHBSoCfbA"]}]}},"_links":{"self":[{"href":"https:\/\/esferareal.com\/en\/wp-json\/wp\/v2\/imovel\/10931","targetHints":{"allow":["GET"]}}],"collection":[{"href":"https:\/\/esferareal.com\/en\/wp-json\/wp\/v2\/imovel"}],"about":[{"href":"https:\/\/esferareal.com\/en\/wp-json\/wp\/v2\/types\/imovel"}],"author":[{"embeddable":true,"href":"https:\/\/esferareal.com\/en\/wp-json\/wp\/v2\/users\/6"}],"version-history":[{"count":1,"href":"https:\/\/esferareal.com\/en\/wp-json\/wp\/v2\/imovel\/10931\/revisions"}],"predecessor-version":[{"id":10932,"href":"https:\/\/esferareal.com\/en\/wp-json\/wp\/v2\/imovel\/10931\/revisions\/10932"}],"wp:featuredmedia":[{"embeddable":true,"href":"https:\/\/esferareal.com\/en\/wp-json\/wp\/v2\/media\/10933"}],"wp:attachment":[{"href":"https:\/\/esferareal.com\/en\/wp-json\/wp\/v2\/media?parent=10931"}],"wp:term":[{"taxonomy":"tipo","embeddable":true,"href":"https:\/\/esferareal.com\/en\/wp-json\/wp\/v2\/tipo?post=10931"}],"curies":[{"name":"wp","href":"https:\/\/api.w.org\/{rel}","templated":true}]}}

<p>Ready-to-live-in house located in a small village in central Portugal, offering a peaceful environment, close contact with nature and open views over the surrounding landscape.</p>



<p>The property is arranged over the ground floor, first floor and a spacious attic, and also includes a small annex, which in the past was used as a living area and may offer additional potential for reuse.</p>



<p>On the ground floor, the house features a living room and kitchen, bathroom, 1 bedroom, and a large cellar with several storage areas, a space with excellent potential for conversion into up to 2 additional bedrooms, should an expansion of the living area be desired.</p>



<p>On the first floor, there is an entrance hall, living room, 2 bedrooms, 1 bathroom, and a kitchen with pantry, with access to the attic, which is fully open-plan, offering various possibilities for use, such as storage, a leisure area or potential future development.</p>



<p>One of the highlights of this property is its privileged location, with excellent and far-reaching west-facing views, allowing you to enjoy the natural landscape and views over the River Unhais, which runs through the area, creating a particularly pleasant setting.</p>



<p>It is also worth noting that this small village is located between two important rivers in the region: the River Zêzere and the River Unhais, a feature highly appreciated by those seeking tranquillity, nature and proximity to water and outdoor leisure areas.</p>



<p>The property is located just 18 km from Pampilhosa da Serra and 22 km from the town of Pedrógão Grande, providing relatively easy access to shops, services and other essential amenities.</p>



<p>Book your viewing!</p>

<!-- This site is optimized with the Yoast SEO plugin v24.4 - https://yoast.com/wordpress/plugins/seo/ -->
<title>Casa Vista Rio Unhais - 1377 - Esfera Real</title>
<meta name="robots" content="index, follow, max-snippet:-1, max-image-preview:large, max-video-preview:-1" />
<link rel="canonical" href="https://esferareal.com/en/imovel/casa-vista-rio-unhais-1377/" />
<meta property="og:locale" content="en_GB" />
<meta property="og:type" content="article" />
<meta property="og:title" content="Casa Vista Rio Unhais - 1377 - Esfera Real" />
<meta property="og:description" content="Moradia pronta a habitar situada numa pequena aldeia do centro de Portugal, oferecendo um ambiente tranquilo, contacto com a natureza e vistas desafogadas sobre a paisagem envolvente. A habitação desenvolve-se em rés do chão, 1.º andar e sótão amplo, contando ainda com um pequeno anexo, que em tempos foi utilizado como área habitacional, podendo representar [&hellip;]" />
<meta property="og:url" content="https://esferareal.com/en/imovel/casa-vista-rio-unhais-1377/" />
<meta property="og:site_name" content="Esfera Real" />
<meta property="article:publisher" content="https://www.facebook.com/people/Esfera-Real/100057693960084/" />
<meta property="article:modified_time" content="2026-04-10T11:22:35+00:00" />
<meta property="og:image" content="https://esferareal.com/wp-content/uploads/2026/04/1-1377.png" />
	<meta property="og:image:width" content="667" />
	<meta property="og:image:height" content="500" />
	<meta property="og:image:type" content="image/png" />
<meta name="twitter:card" content="summary_large_image" />
<meta name="twitter:label1" content="Estimated reading time" />
	<meta name="twitter:data1" content="2 minutes" />
<script type="application/ld+json" class="yoast-schema-graph">{"@context":"https://schema.org","@graph":[{"@type":"WebPage","@id":"https://esferareal.com/imovel/casa-vista-rio-unhais-1377/","url":"https://esferareal.com/imovel/casa-vista-rio-unhais-1377/","name":"Casa Vista Rio Unhais - 1377 - Esfera Real","isPartOf":{"@id":"https://esferareal.com/#website"},"primaryImageOfPage":{"@id":"https://esferareal.com/imovel/casa-vista-rio-unhais-1377/#primaryimage"},"image":{"@id":"https://esferareal.com/imovel/casa-vista-rio-unhais-1377/#primaryimage"},"thumbnailUrl":"https://esferareal.com/wp-content/uploads/2026/04/1-1377.png","datePublished":"2026-04-10T08:36:05+00:00","dateModified":"2026-04-10T11:22:35+00:00","breadcrumb":{"@id":"https://esferareal.com/imovel/casa-vista-rio-unhais-1377/#breadcrumb"},"inLanguage":"en-GB","potentialAction":[{"@type":"ReadAction","target":["https://esferareal.com/imovel/casa-vista-rio-unhais-1377/"]}]},{"@type":"ImageObject","inLanguage":"en-GB","@id":"https://esferareal.com/imovel/casa-vista-rio-unhais-1377/#primaryimage","url":"https://esferareal.com/wp-content/uploads/2026/04/1-1377.png","contentUrl":"https://esferareal.com/wp-content/uploads/2026/04/1-1377.png","width":667,"height":500},{"@type":"BreadcrumbList","@id":"https://esferareal.com/imovel/casa-vista-rio-unhais-1377/#breadcrumb","itemListElement":[{"@type":"ListItem","position":1,"name":"Início","item":"https://esferareal.com/en/"},{"@type":"ListItem","position":2,"name":"Casa Vista Rio Unhais &#8211; 1377"}]},{"@type":"WebSite","@id":"https://esferareal.com/#website","url":"https://esferareal.com/","name":"Esfera Real","description":"Mediação Imobiliária","publisher":{"@id":"https://esferareal.com/#organization"},"potentialAction":[{"@type":"SearchAction","target":{"@type":"EntryPoint","urlTemplate":"https://esferareal.com/?s={search_term_string}"},"query-input":{"@type":"PropertyValueSpecification","valueRequired":true,"valueName":"search_term_string"}}],"inLanguage":"en-GB"},{"@type":"Organization","@id":"https://esferareal.com/#organization","name":"Esfera Real Mediação Imobiliária","url":"https://esferareal.com/","logo":{"@type":"ImageObject","inLanguage":"en-GB","@id":"https://esferareal.com/#/schema/logo/image/","url":"https://esferareal.com/wp-content/uploads/2024/10/logo-esferareal300.png","contentUrl":"https://esferareal.com/wp-content/uploads/2024/10/logo-esferareal300.png","width":300,"height":221,"caption":"Esfera Real Mediação Imobiliária"},"image":{"@id":"https://esferareal.com/#/schema/logo/image/"},"sameAs":["https://www.facebook.com/people/Esfera-Real/100057693960084/","https://www.instagram.com/esferareal/","https://www.youtube.com/channel/UCYb-CPOTpF03PSyHBSoCfbA"]}]}</script>
<!-- / Yoast SEO plugin. -->

Moradia pronta a habitar situada numa pequena aldeia do centro de Portugal, oferecendo um ambiente tranquilo, contacto com a natureza e vistas desafogadas sobre a paisagem envolvente. A habitação desenvolve-se em rés do chão, 1.º andar e sótão amplo, contando ainda com um pequeno anexo, que em tempos foi utilizado como área habitacional, podendo representar [&hellip;]

Início

Mediação Imobiliária

Esfera Real Mediação Imobiliária
