 
{"id":11480,"date":"2026-04-29T10:45:28","date_gmt":"2026-04-29T10:45:28","guid":{"rendered":"https:\/\/esferareal.com\/?post_type=imovel&#038;p=11480"},"modified":"2026-04-29T11:34:40","modified_gmt":"2026-04-29T11:34:40","slug":"casinha-amioso-1375","status":"publish","type":"imovel","link":"https:\/\/esferareal.com\/en\/imovel\/casinha-amioso-1375\/","title":{"rendered":"Casinha Amioso &#8211; 1375"},"content":{"rendered":"<p>Village house for sale in central Portugal, with a front patio, ideal for those seeking a renovation project in a quiet rural setting.<\/p>\n\n\n\n<p>The property is arranged over 2 floors and requires refurbishment works, particularly at roof level, allowing the future owner to adapt the house to their needs. The upper floor comprises the main living area, including a kitchen, living room, bathroom and 2 small bedrooms. The ground floor consists of storage rooms and utility spaces, offering additional potential for reconfiguration and use.<\/p>\n\n\n\n<p>Outside, the property benefits from a front patio, a simple yet functional space that can be adapted into a leisure area or outdoor extension of the house.<\/p>\n\n\n\n<p>Set in a peaceful village in inland Portugal, this property represents an interesting opportunity for those looking for a house to renovate in central Portugal, whether for a permanent residence, holiday home or investment.<\/p>\n\n\n\n<p>Arrange your viewing!<\/p>","protected":false},"author":3,"featured_media":11479,"template":"","meta":{"_acf_changed":false,"footnotes":""},"tipo":[15],"class_list":["post-11480","imovel","type-imovel","status-publish","has-post-thumbnail","hentry","tipo-casa-rustica"],"acf":[],"yoast_head":"<!-- This site is optimized with the Yoast SEO plugin v24.4 - https:\/\/yoast.com\/wordpress\/plugins\/seo\/ -->\n<title>Casinha Amioso - 1375 - Esfera Real<\/title>\n<meta name=\"robots\" content=\"index, follow, max-snippet:-1, max-image-preview:large, max-video-preview:-1\" \/>\n<link rel=\"canonical\" href=\"https:\/\/esferareal.com\/en\/imovel\/casinha-amioso-1375\/\" \/>\n<meta property=\"og:locale\" content=\"en_GB\" \/>\n<meta property=\"og:type\" content=\"article\" \/>\n<meta property=\"og:title\" content=\"Casinha Amioso - 1375 - Esfera Real\" \/>\n<meta property=\"og:description\" content=\"Moradia de aldeia para venda no centro de Portugal, com p\u00e1tio frontal, ideal para quem procura um projeto de reabilita\u00e7\u00e3o numa zona tranquila e de ambiente rural. A casa desenvolve-se em 2 pisos, necessitando de obras de recupera\u00e7\u00e3o, nomeadamente ao n\u00edvel do telhado, permitindo ao futuro propriet\u00e1rio adaptar o im\u00f3vel \u00e0s suas necessidades. No piso [&hellip;]\" \/>\n<meta property=\"og:url\" content=\"https:\/\/esferareal.com\/en\/imovel\/casinha-amioso-1375\/\" \/>\n<meta property=\"og:site_name\" content=\"Esfera Real\" \/>\n<meta property=\"article:publisher\" content=\"https:\/\/www.facebook.com\/people\/Esfera-Real\/100057693960084\/\" \/>\n<meta property=\"article:modified_time\" content=\"2026-04-29T11:34:40+00:00\" \/>\n<meta property=\"og:image\" content=\"https:\/\/esferareal.com\/wp-content\/uploads\/2026\/04\/14-1375-Large.jpg\" \/>\n\t<meta property=\"og:image:width\" content=\"1440\" \/>\n\t<meta property=\"og:image:height\" content=\"1080\" \/>\n\t<meta property=\"og:image:type\" content=\"image\/jpeg\" \/>\n<meta name=\"twitter:card\" content=\"summary_large_image\" \/>\n<meta name=\"twitter:label1\" content=\"Estimated reading time\" \/>\n\t<meta name=\"twitter:data1\" content=\"2 minutes\" \/>\n<script type=\"application\/ld+json\" class=\"yoast-schema-graph\">{\"@context\":\"https:\/\/schema.org\",\"@graph\":[{\"@type\":\"WebPage\",\"@id\":\"https:\/\/esferareal.com\/imovel\/casinha-amioso-1375\/\",\"url\":\"https:\/\/esferareal.com\/imovel\/casinha-amioso-1375\/\",\"name\":\"Casinha Amioso - 1375 - Esfera Real\",\"isPartOf\":{\"@id\":\"https:\/\/esferareal.com\/#website\"},\"primaryImageOfPage\":{\"@id\":\"https:\/\/esferareal.com\/imovel\/casinha-amioso-1375\/#primaryimage\"},\"image\":{\"@id\":\"https:\/\/esferareal.com\/imovel\/casinha-amioso-1375\/#primaryimage\"},\"thumbnailUrl\":\"https:\/\/esferareal.com\/wp-content\/uploads\/2026\/04\/14-1375-Large.jpg\",\"datePublished\":\"2026-04-29T10:45:28+00:00\",\"dateModified\":\"2026-04-29T11:34:40+00:00\",\"breadcrumb\":{\"@id\":\"https:\/\/esferareal.com\/imovel\/casinha-amioso-1375\/#breadcrumb\"},\"inLanguage\":\"en-GB\",\"potentialAction\":[{\"@type\":\"ReadAction\",\"target\":[\"https:\/\/esferareal.com\/imovel\/casinha-amioso-1375\/\"]}]},{\"@type\":\"ImageObject\",\"inLanguage\":\"en-GB\",\"@id\":\"https:\/\/esferareal.com\/imovel\/casinha-amioso-1375\/#primaryimage\",\"url\":\"https:\/\/esferareal.com\/wp-content\/uploads\/2026\/04\/14-1375-Large.jpg\",\"contentUrl\":\"https:\/\/esferareal.com\/wp-content\/uploads\/2026\/04\/14-1375-Large.jpg\",\"width\":1440,\"height\":1080},{\"@type\":\"BreadcrumbList\",\"@id\":\"https:\/\/esferareal.com\/imovel\/casinha-amioso-1375\/#breadcrumb\",\"itemListElement\":[{\"@type\":\"ListItem\",\"position\":1,\"name\":\"In\u00edcio\",\"item\":\"https:\/\/esferareal.com\/en\/\"},{\"@type\":\"ListItem\",\"position\":2,\"name\":\"Casinha Amioso &#8211; 1375\"}]},{\"@type\":\"WebSite\",\"@id\":\"https:\/\/esferareal.com\/#website\",\"url\":\"https:\/\/esferareal.com\/\",\"name\":\"Esfera Real\",\"description\":\"Media\u00e7\u00e3o Imobili\u00e1ria\",\"publisher\":{\"@id\":\"https:\/\/esferareal.com\/#organization\"},\"potentialAction\":[{\"@type\":\"SearchAction\",\"target\":{\"@type\":\"EntryPoint\",\"urlTemplate\":\"https:\/\/esferareal.com\/?s={search_term_string}\"},\"query-input\":{\"@type\":\"PropertyValueSpecification\",\"valueRequired\":true,\"valueName\":\"search_term_string\"}}],\"inLanguage\":\"en-GB\"},{\"@type\":\"Organization\",\"@id\":\"https:\/\/esferareal.com\/#organization\",\"name\":\"Esfera Real Media\u00e7\u00e3o Imobili\u00e1ria\",\"url\":\"https:\/\/esferareal.com\/\",\"logo\":{\"@type\":\"ImageObject\",\"inLanguage\":\"en-GB\",\"@id\":\"https:\/\/esferareal.com\/#\/schema\/logo\/image\/\",\"url\":\"https:\/\/esferareal.com\/wp-content\/uploads\/2024\/10\/logo-esferareal300.png\",\"contentUrl\":\"https:\/\/esferareal.com\/wp-content\/uploads\/2024\/10\/logo-esferareal300.png\",\"width\":300,\"height\":221,\"caption\":\"Esfera Real Media\u00e7\u00e3o Imobili\u00e1ria\"},\"image\":{\"@id\":\"https:\/\/esferareal.com\/#\/schema\/logo\/image\/\"},\"sameAs\":[\"https:\/\/www.facebook.com\/people\/Esfera-Real\/100057693960084\/\",\"https:\/\/www.instagram.com\/esferareal\/\",\"https:\/\/www.youtube.com\/channel\/UCYb-CPOTpF03PSyHBSoCfbA\"]}]}<\/script>\n<!-- \/ Yoast SEO plugin. -->","yoast_head_json":{"title":"Casinha Amioso - 1375 - Esfera Real","robots":{"index":"index","follow":"follow","max-snippet":"max-snippet:-1","max-image-preview":"max-image-preview:large","max-video-preview":"max-video-preview:-1"},"canonical":"https:\/\/esferareal.com\/en\/imovel\/casinha-amioso-1375\/","og_locale":"en_GB","og_type":"article","og_title":"Casinha Amioso - 1375 - Esfera Real","og_description":"Moradia de aldeia para venda no centro de Portugal, com p\u00e1tio frontal, ideal para quem procura um projeto de reabilita\u00e7\u00e3o numa zona tranquila e de ambiente rural. A casa desenvolve-se em 2 pisos, necessitando de obras de recupera\u00e7\u00e3o, nomeadamente ao n\u00edvel do telhado, permitindo ao futuro propriet\u00e1rio adaptar o im\u00f3vel \u00e0s suas necessidades. No piso [&hellip;]","og_url":"https:\/\/esferareal.com\/en\/imovel\/casinha-amioso-1375\/","og_site_name":"Esfera Real","article_publisher":"https:\/\/www.facebook.com\/people\/Esfera-Real\/100057693960084\/","article_modified_time":"2026-04-29T11:34:40+00:00","og_image":[{"width":1440,"height":1080,"url":"https:\/\/esferareal.com\/wp-content\/uploads\/2026\/04\/14-1375-Large.jpg","type":"image\/jpeg"}],"twitter_card":"summary_large_image","twitter_misc":{"Estimated reading time":"2 minutes"},"schema":{"@context":"https:\/\/schema.org","@graph":[{"@type":"WebPage","@id":"https:\/\/esferareal.com\/imovel\/casinha-amioso-1375\/","url":"https:\/\/esferareal.com\/imovel\/casinha-amioso-1375\/","name":"Casinha Amioso - 1375 - Esfera Real","isPartOf":{"@id":"https:\/\/esferareal.com\/#website"},"primaryImageOfPage":{"@id":"https:\/\/esferareal.com\/imovel\/casinha-amioso-1375\/#primaryimage"},"image":{"@id":"https:\/\/esferareal.com\/imovel\/casinha-amioso-1375\/#primaryimage"},"thumbnailUrl":"https:\/\/esferareal.com\/wp-content\/uploads\/2026\/04\/14-1375-Large.jpg","datePublished":"2026-04-29T10:45:28+00:00","dateModified":"2026-04-29T11:34:40+00:00","breadcrumb":{"@id":"https:\/\/esferareal.com\/imovel\/casinha-amioso-1375\/#breadcrumb"},"inLanguage":"en-GB","potentialAction":[{"@type":"ReadAction","target":["https:\/\/esferareal.com\/imovel\/casinha-amioso-1375\/"]}]},{"@type":"ImageObject","inLanguage":"en-GB","@id":"https:\/\/esferareal.com\/imovel\/casinha-amioso-1375\/#primaryimage","url":"https:\/\/esferareal.com\/wp-content\/uploads\/2026\/04\/14-1375-Large.jpg","contentUrl":"https:\/\/esferareal.com\/wp-content\/uploads\/2026\/04\/14-1375-Large.jpg","width":1440,"height":1080},{"@type":"BreadcrumbList","@id":"https:\/\/esferareal.com\/imovel\/casinha-amioso-1375\/#breadcrumb","itemListElement":[{"@type":"ListItem","position":1,"name":"In\u00edcio","item":"https:\/\/esferareal.com\/en\/"},{"@type":"ListItem","position":2,"name":"Casinha Amioso &#8211; 1375"}]},{"@type":"WebSite","@id":"https:\/\/esferareal.com\/#website","url":"https:\/\/esferareal.com\/","name":"Esfera Real","description":"Media\u00e7\u00e3o Imobili\u00e1ria","publisher":{"@id":"https:\/\/esferareal.com\/#organization"},"potentialAction":[{"@type":"SearchAction","target":{"@type":"EntryPoint","urlTemplate":"https:\/\/esferareal.com\/?s={search_term_string}"},"query-input":{"@type":"PropertyValueSpecification","valueRequired":true,"valueName":"search_term_string"}}],"inLanguage":"en-GB"},{"@type":"Organization","@id":"https:\/\/esferareal.com\/#organization","name":"Esfera Real Media\u00e7\u00e3o Imobili\u00e1ria","url":"https:\/\/esferareal.com\/","logo":{"@type":"ImageObject","inLanguage":"en-GB","@id":"https:\/\/esferareal.com\/#\/schema\/logo\/image\/","url":"https:\/\/esferareal.com\/wp-content\/uploads\/2024\/10\/logo-esferareal300.png","contentUrl":"https:\/\/esferareal.com\/wp-content\/uploads\/2024\/10\/logo-esferareal300.png","width":300,"height":221,"caption":"Esfera Real Media\u00e7\u00e3o Imobili\u00e1ria"},"image":{"@id":"https:\/\/esferareal.com\/#\/schema\/logo\/image\/"},"sameAs":["https:\/\/www.facebook.com\/people\/Esfera-Real\/100057693960084\/","https:\/\/www.instagram.com\/esferareal\/","https:\/\/www.youtube.com\/channel\/UCYb-CPOTpF03PSyHBSoCfbA"]}]}},"_links":{"self":[{"href":"https:\/\/esferareal.com\/en\/wp-json\/wp\/v2\/imovel\/11480","targetHints":{"allow":["GET"]}}],"collection":[{"href":"https:\/\/esferareal.com\/en\/wp-json\/wp\/v2\/imovel"}],"about":[{"href":"https:\/\/esferareal.com\/en\/wp-json\/wp\/v2\/types\/imovel"}],"author":[{"embeddable":true,"href":"https:\/\/esferareal.com\/en\/wp-json\/wp\/v2\/users\/3"}],"version-history":[{"count":1,"href":"https:\/\/esferareal.com\/en\/wp-json\/wp\/v2\/imovel\/11480\/revisions"}],"predecessor-version":[{"id":11481,"href":"https:\/\/esferareal.com\/en\/wp-json\/wp\/v2\/imovel\/11480\/revisions\/11481"}],"wp:featuredmedia":[{"embeddable":true,"href":"https:\/\/esferareal.com\/en\/wp-json\/wp\/v2\/media\/11479"}],"wp:attachment":[{"href":"https:\/\/esferareal.com\/en\/wp-json\/wp\/v2\/media?parent=11480"}],"wp:term":[{"taxonomy":"tipo","embeddable":true,"href":"https:\/\/esferareal.com\/en\/wp-json\/wp\/v2\/tipo?post=11480"}],"curies":[{"name":"wp","href":"https:\/\/api.w.org\/{rel}","templated":true}]}}

<!-- This site is optimized with the Yoast SEO plugin v24.4 - https://yoast.com/wordpress/plugins/seo/ -->
<title>Casinha Amioso - 1375 - Esfera Real</title>
<meta name="robots" content="index, follow, max-snippet:-1, max-image-preview:large, max-video-preview:-1" />
<link rel="canonical" href="https://esferareal.com/en/imovel/casinha-amioso-1375/" />
<meta property="og:locale" content="en_GB" />
<meta property="og:type" content="article" />
<meta property="og:title" content="Casinha Amioso - 1375 - Esfera Real" />
<meta property="og:description" content="Moradia de aldeia para venda no centro de Portugal, com pátio frontal, ideal para quem procura um projeto de reabilitação numa zona tranquila e de ambiente rural. A casa desenvolve-se em 2 pisos, necessitando de obras de recuperação, nomeadamente ao nível do telhado, permitindo ao futuro proprietário adaptar o imóvel às suas necessidades. No piso [&hellip;]" />
<meta property="og:url" content="https://esferareal.com/en/imovel/casinha-amioso-1375/" />
<meta property="og:site_name" content="Esfera Real" />
<meta property="article:publisher" content="https://www.facebook.com/people/Esfera-Real/100057693960084/" />
<meta property="article:modified_time" content="2026-04-29T11:34:40+00:00" />
<meta property="og:image" content="https://esferareal.com/wp-content/uploads/2026/04/14-1375-Large.jpg" />
	<meta property="og:image:width" content="1440" />
	<meta property="og:image:height" content="1080" />
	<meta property="og:image:type" content="image/jpeg" />
<meta name="twitter:card" content="summary_large_image" />
<meta name="twitter:label1" content="Estimated reading time" />
	<meta name="twitter:data1" content="2 minutes" />
<script type="application/ld+json" class="yoast-schema-graph">{"@context":"https://schema.org","@graph":[{"@type":"WebPage","@id":"https://esferareal.com/imovel/casinha-amioso-1375/","url":"https://esferareal.com/imovel/casinha-amioso-1375/","name":"Casinha Amioso - 1375 - Esfera Real","isPartOf":{"@id":"https://esferareal.com/#website"},"primaryImageOfPage":{"@id":"https://esferareal.com/imovel/casinha-amioso-1375/#primaryimage"},"image":{"@id":"https://esferareal.com/imovel/casinha-amioso-1375/#primaryimage"},"thumbnailUrl":"https://esferareal.com/wp-content/uploads/2026/04/14-1375-Large.jpg","datePublished":"2026-04-29T10:45:28+00:00","dateModified":"2026-04-29T11:34:40+00:00","breadcrumb":{"@id":"https://esferareal.com/imovel/casinha-amioso-1375/#breadcrumb"},"inLanguage":"en-GB","potentialAction":[{"@type":"ReadAction","target":["https://esferareal.com/imovel/casinha-amioso-1375/"]}]},{"@type":"ImageObject","inLanguage":"en-GB","@id":"https://esferareal.com/imovel/casinha-amioso-1375/#primaryimage","url":"https://esferareal.com/wp-content/uploads/2026/04/14-1375-Large.jpg","contentUrl":"https://esferareal.com/wp-content/uploads/2026/04/14-1375-Large.jpg","width":1440,"height":1080},{"@type":"BreadcrumbList","@id":"https://esferareal.com/imovel/casinha-amioso-1375/#breadcrumb","itemListElement":[{"@type":"ListItem","position":1,"name":"Início","item":"https://esferareal.com/en/"},{"@type":"ListItem","position":2,"name":"Casinha Amioso &#8211; 1375"}]},{"@type":"WebSite","@id":"https://esferareal.com/#website","url":"https://esferareal.com/","name":"Esfera Real","description":"Mediação Imobiliária","publisher":{"@id":"https://esferareal.com/#organization"},"potentialAction":[{"@type":"SearchAction","target":{"@type":"EntryPoint","urlTemplate":"https://esferareal.com/?s={search_term_string}"},"query-input":{"@type":"PropertyValueSpecification","valueRequired":true,"valueName":"search_term_string"}}],"inLanguage":"en-GB"},{"@type":"Organization","@id":"https://esferareal.com/#organization","name":"Esfera Real Mediação Imobiliária","url":"https://esferareal.com/","logo":{"@type":"ImageObject","inLanguage":"en-GB","@id":"https://esferareal.com/#/schema/logo/image/","url":"https://esferareal.com/wp-content/uploads/2024/10/logo-esferareal300.png","contentUrl":"https://esferareal.com/wp-content/uploads/2024/10/logo-esferareal300.png","width":300,"height":221,"caption":"Esfera Real Mediação Imobiliária"},"image":{"@id":"https://esferareal.com/#/schema/logo/image/"},"sameAs":["https://www.facebook.com/people/Esfera-Real/100057693960084/","https://www.instagram.com/esferareal/","https://www.youtube.com/channel/UCYb-CPOTpF03PSyHBSoCfbA"]}]}</script>
<!-- / Yoast SEO plugin. -->

Moradia de aldeia para venda no centro de Portugal, com pátio frontal, ideal para quem procura um projeto de reabilitação numa zona tranquila e de ambiente rural. A casa desenvolve-se em 2 pisos, necessitando de obras de recuperação, nomeadamente ao nível do telhado, permitindo ao futuro proprietário adaptar o imóvel às suas necessidades. No piso [&hellip;]

Início

Mediação Imobiliária

Esfera Real Mediação Imobiliária
