 
{"id":1171,"date":"2024-12-04T15:59:14","date_gmt":"2024-12-04T15:59:14","guid":{"rendered":"https:\/\/esferareal.com\/?post_type=imovel&#038;p=1171"},"modified":"2025-02-12T09:31:07","modified_gmt":"2025-02-12T09:31:07","slug":"vinha-com-casa-de-pedra-411","status":"publish","type":"imovel","link":"https:\/\/esferareal.com\/en\/imovel\/vinha-com-casa-de-pedra-411\/","title":{"rendered":"Vinha com Casa de Pedra &#8211; 411"},"content":{"rendered":"<p>Country house with a vineyard, an authentic dream for anyone who wishes to live a countryside life!<\/p>\n\n\n\n<p>This property offers you exactly that: a magnificent vineyard and a stone house with good potential.<\/p>\n\n\n\n<p>Starting by the stone house, it contemplates a spacious wine cellar, a parlour with a kitchen and a fireplace, bathroom and storerooms. It can be expanded for a single-family house.<\/p>\n\n\n\n<p>The vineyard, in adult state, is very well organized and disposed throughout the plot, which has a big dimension.<br>The species of grapes found here are Touriga Nacional and Fern\u00e3o Pires, resulting in an excellent quality wine! The vineyard, of easy access, is provisioned by an automatic irrigation system and a superb solar exposure, preponderant factors for the quality and juiciness of the grapes.<\/p>\n\n\n\n<p>The property is also equipped with an artesian hole and a tank for storing water. The electrical installation is fully operational and the water as well as the mobile connection are found nearby the terrain.<br>The property is also walled, having some other fruit trees, as well as beautiful natural views over the surrounding horizon, ideal to enjoy with a glass of what promises to be an excellent wine made by your own hands.<\/p>\n\n\n\n<p>It\u00b4s located on a peaceful Portuguese village, with a cafe, minimarket and bakery, just 3 Km away from Sert\u00e3\u00b4s village, one of the pearls of the centre of Portugal!<\/p>\n\n\n\n<p>Judge this opportunity we\u00b4re presenting you carefully! Pay us a visit and judge for yourself!<\/p>","protected":false},"author":3,"featured_media":1146,"template":"","meta":{"_acf_changed":false,"footnotes":""},"tipo":[17],"class_list":["post-1171","imovel","type-imovel","status-publish","has-post-thumbnail","hentry","tipo-quintinha"],"acf":[],"yoast_head":"<!-- This site is optimized with the Yoast SEO plugin v24.4 - https:\/\/yoast.com\/wordpress\/plugins\/seo\/ -->\n<title>Vinha com Casa de Pedra - 411 - Esfera Real<\/title>\n<meta name=\"robots\" content=\"index, follow, max-snippet:-1, max-image-preview:large, max-video-preview:-1\" \/>\n<link rel=\"canonical\" href=\"https:\/\/esferareal.com\/en\/imovel\/vinha-com-casa-de-pedra-411\/\" \/>\n<meta property=\"og:locale\" content=\"en_GB\" \/>\n<meta property=\"og:type\" content=\"article\" \/>\n<meta property=\"og:title\" content=\"Vinha com Casa de Pedra - 411 - Esfera Real\" \/>\n<meta property=\"og:description\" content=\"Casa de campo com uma vinha, um aut\u00eantico sonho para quem deseja viver uma vida no campo! Esta propriedade oferece-lhe exatamente isso: uma magn\u00edfica vinha e uma casa de pedra com um bom potencial. Come\u00e7ando pela casa de pedra, contempla uma espa\u00e7osa adega, um sal\u00e3o com uma cozinha e lareira, casa de banho e arrumos. [&hellip;]\" \/>\n<meta property=\"og:url\" content=\"https:\/\/esferareal.com\/en\/imovel\/vinha-com-casa-de-pedra-411\/\" \/>\n<meta property=\"og:site_name\" content=\"Esfera Real\" \/>\n<meta property=\"article:publisher\" content=\"https:\/\/www.facebook.com\/people\/Esfera-Real\/100057693960084\/\" \/>\n<meta property=\"article:modified_time\" content=\"2025-02-12T09:31:07+00:00\" \/>\n<meta property=\"og:image\" content=\"https:\/\/esferareal.com\/wp-content\/uploads\/2024\/12\/1-411-Custom.jpg\" \/>\n\t<meta property=\"og:image:width\" content=\"667\" \/>\n\t<meta property=\"og:image:height\" content=\"500\" \/>\n\t<meta property=\"og:image:type\" content=\"image\/jpeg\" \/>\n<meta name=\"twitter:card\" content=\"summary_large_image\" \/>\n<meta name=\"twitter:label1\" content=\"Estimated reading time\" \/>\n\t<meta name=\"twitter:data1\" content=\"1 minute\" \/>\n<script type=\"application\/ld+json\" class=\"yoast-schema-graph\">{\"@context\":\"https:\/\/schema.org\",\"@graph\":[{\"@type\":\"WebPage\",\"@id\":\"https:\/\/esferareal.com\/imovel\/vinha-com-casa-de-pedra-411\/\",\"url\":\"https:\/\/esferareal.com\/imovel\/vinha-com-casa-de-pedra-411\/\",\"name\":\"Vinha com Casa de Pedra - 411 - Esfera Real\",\"isPartOf\":{\"@id\":\"https:\/\/esferareal.com\/#website\"},\"primaryImageOfPage\":{\"@id\":\"https:\/\/esferareal.com\/imovel\/vinha-com-casa-de-pedra-411\/#primaryimage\"},\"image\":{\"@id\":\"https:\/\/esferareal.com\/imovel\/vinha-com-casa-de-pedra-411\/#primaryimage\"},\"thumbnailUrl\":\"https:\/\/esferareal.com\/wp-content\/uploads\/2024\/12\/1-411-Custom.jpg\",\"datePublished\":\"2024-12-04T15:59:14+00:00\",\"dateModified\":\"2025-02-12T09:31:07+00:00\",\"breadcrumb\":{\"@id\":\"https:\/\/esferareal.com\/imovel\/vinha-com-casa-de-pedra-411\/#breadcrumb\"},\"inLanguage\":\"en-GB\",\"potentialAction\":[{\"@type\":\"ReadAction\",\"target\":[\"https:\/\/esferareal.com\/imovel\/vinha-com-casa-de-pedra-411\/\"]}]},{\"@type\":\"ImageObject\",\"inLanguage\":\"en-GB\",\"@id\":\"https:\/\/esferareal.com\/imovel\/vinha-com-casa-de-pedra-411\/#primaryimage\",\"url\":\"https:\/\/esferareal.com\/wp-content\/uploads\/2024\/12\/1-411-Custom.jpg\",\"contentUrl\":\"https:\/\/esferareal.com\/wp-content\/uploads\/2024\/12\/1-411-Custom.jpg\",\"width\":667,\"height\":500},{\"@type\":\"BreadcrumbList\",\"@id\":\"https:\/\/esferareal.com\/imovel\/vinha-com-casa-de-pedra-411\/#breadcrumb\",\"itemListElement\":[{\"@type\":\"ListItem\",\"position\":1,\"name\":\"In\u00edcio\",\"item\":\"https:\/\/esferareal.com\/en\/\"},{\"@type\":\"ListItem\",\"position\":2,\"name\":\"Vinha com Casa de Pedra &#8211; 411\"}]},{\"@type\":\"WebSite\",\"@id\":\"https:\/\/esferareal.com\/#website\",\"url\":\"https:\/\/esferareal.com\/\",\"name\":\"Esfera Real\",\"description\":\"Media\u00e7\u00e3o Imobili\u00e1ria\",\"publisher\":{\"@id\":\"https:\/\/esferareal.com\/#organization\"},\"potentialAction\":[{\"@type\":\"SearchAction\",\"target\":{\"@type\":\"EntryPoint\",\"urlTemplate\":\"https:\/\/esferareal.com\/?s={search_term_string}\"},\"query-input\":{\"@type\":\"PropertyValueSpecification\",\"valueRequired\":true,\"valueName\":\"search_term_string\"}}],\"inLanguage\":\"en-GB\"},{\"@type\":\"Organization\",\"@id\":\"https:\/\/esferareal.com\/#organization\",\"name\":\"Esfera Real Media\u00e7\u00e3o Imobili\u00e1ria\",\"url\":\"https:\/\/esferareal.com\/\",\"logo\":{\"@type\":\"ImageObject\",\"inLanguage\":\"en-GB\",\"@id\":\"https:\/\/esferareal.com\/#\/schema\/logo\/image\/\",\"url\":\"https:\/\/esferareal.com\/wp-content\/uploads\/2024\/10\/logo-esferareal300.png\",\"contentUrl\":\"https:\/\/esferareal.com\/wp-content\/uploads\/2024\/10\/logo-esferareal300.png\",\"width\":300,\"height\":221,\"caption\":\"Esfera Real Media\u00e7\u00e3o Imobili\u00e1ria\"},\"image\":{\"@id\":\"https:\/\/esferareal.com\/#\/schema\/logo\/image\/\"},\"sameAs\":[\"https:\/\/www.facebook.com\/people\/Esfera-Real\/100057693960084\/\",\"https:\/\/www.instagram.com\/esferareal\/\",\"https:\/\/www.youtube.com\/channel\/UCYb-CPOTpF03PSyHBSoCfbA\"]}]}<\/script>\n<!-- \/ Yoast SEO plugin. -->","yoast_head_json":{"title":"Vinha com Casa de Pedra - 411 - Esfera Real","robots":{"index":"index","follow":"follow","max-snippet":"max-snippet:-1","max-image-preview":"max-image-preview:large","max-video-preview":"max-video-preview:-1"},"canonical":"https:\/\/esferareal.com\/en\/imovel\/vinha-com-casa-de-pedra-411\/","og_locale":"en_GB","og_type":"article","og_title":"Vinha com Casa de Pedra - 411 - Esfera Real","og_description":"Casa de campo com uma vinha, um aut\u00eantico sonho para quem deseja viver uma vida no campo! Esta propriedade oferece-lhe exatamente isso: uma magn\u00edfica vinha e uma casa de pedra com um bom potencial. Come\u00e7ando pela casa de pedra, contempla uma espa\u00e7osa adega, um sal\u00e3o com uma cozinha e lareira, casa de banho e arrumos. [&hellip;]","og_url":"https:\/\/esferareal.com\/en\/imovel\/vinha-com-casa-de-pedra-411\/","og_site_name":"Esfera Real","article_publisher":"https:\/\/www.facebook.com\/people\/Esfera-Real\/100057693960084\/","article_modified_time":"2025-02-12T09:31:07+00:00","og_image":[{"width":667,"height":500,"url":"https:\/\/esferareal.com\/wp-content\/uploads\/2024\/12\/1-411-Custom.jpg","type":"image\/jpeg"}],"twitter_card":"summary_large_image","twitter_misc":{"Estimated reading time":"1 minute"},"schema":{"@context":"https:\/\/schema.org","@graph":[{"@type":"WebPage","@id":"https:\/\/esferareal.com\/imovel\/vinha-com-casa-de-pedra-411\/","url":"https:\/\/esferareal.com\/imovel\/vinha-com-casa-de-pedra-411\/","name":"Vinha com Casa de Pedra - 411 - Esfera Real","isPartOf":{"@id":"https:\/\/esferareal.com\/#website"},"primaryImageOfPage":{"@id":"https:\/\/esferareal.com\/imovel\/vinha-com-casa-de-pedra-411\/#primaryimage"},"image":{"@id":"https:\/\/esferareal.com\/imovel\/vinha-com-casa-de-pedra-411\/#primaryimage"},"thumbnailUrl":"https:\/\/esferareal.com\/wp-content\/uploads\/2024\/12\/1-411-Custom.jpg","datePublished":"2024-12-04T15:59:14+00:00","dateModified":"2025-02-12T09:31:07+00:00","breadcrumb":{"@id":"https:\/\/esferareal.com\/imovel\/vinha-com-casa-de-pedra-411\/#breadcrumb"},"inLanguage":"en-GB","potentialAction":[{"@type":"ReadAction","target":["https:\/\/esferareal.com\/imovel\/vinha-com-casa-de-pedra-411\/"]}]},{"@type":"ImageObject","inLanguage":"en-GB","@id":"https:\/\/esferareal.com\/imovel\/vinha-com-casa-de-pedra-411\/#primaryimage","url":"https:\/\/esferareal.com\/wp-content\/uploads\/2024\/12\/1-411-Custom.jpg","contentUrl":"https:\/\/esferareal.com\/wp-content\/uploads\/2024\/12\/1-411-Custom.jpg","width":667,"height":500},{"@type":"BreadcrumbList","@id":"https:\/\/esferareal.com\/imovel\/vinha-com-casa-de-pedra-411\/#breadcrumb","itemListElement":[{"@type":"ListItem","position":1,"name":"In\u00edcio","item":"https:\/\/esferareal.com\/en\/"},{"@type":"ListItem","position":2,"name":"Vinha com Casa de Pedra &#8211; 411"}]},{"@type":"WebSite","@id":"https:\/\/esferareal.com\/#website","url":"https:\/\/esferareal.com\/","name":"Esfera Real","description":"Media\u00e7\u00e3o Imobili\u00e1ria","publisher":{"@id":"https:\/\/esferareal.com\/#organization"},"potentialAction":[{"@type":"SearchAction","target":{"@type":"EntryPoint","urlTemplate":"https:\/\/esferareal.com\/?s={search_term_string}"},"query-input":{"@type":"PropertyValueSpecification","valueRequired":true,"valueName":"search_term_string"}}],"inLanguage":"en-GB"},{"@type":"Organization","@id":"https:\/\/esferareal.com\/#organization","name":"Esfera Real Media\u00e7\u00e3o Imobili\u00e1ria","url":"https:\/\/esferareal.com\/","logo":{"@type":"ImageObject","inLanguage":"en-GB","@id":"https:\/\/esferareal.com\/#\/schema\/logo\/image\/","url":"https:\/\/esferareal.com\/wp-content\/uploads\/2024\/10\/logo-esferareal300.png","contentUrl":"https:\/\/esferareal.com\/wp-content\/uploads\/2024\/10\/logo-esferareal300.png","width":300,"height":221,"caption":"Esfera Real Media\u00e7\u00e3o Imobili\u00e1ria"},"image":{"@id":"https:\/\/esferareal.com\/#\/schema\/logo\/image\/"},"sameAs":["https:\/\/www.facebook.com\/people\/Esfera-Real\/100057693960084\/","https:\/\/www.instagram.com\/esferareal\/","https:\/\/www.youtube.com\/channel\/UCYb-CPOTpF03PSyHBSoCfbA"]}]}},"_links":{"self":[{"href":"https:\/\/esferareal.com\/en\/wp-json\/wp\/v2\/imovel\/1171","targetHints":{"allow":["GET"]}}],"collection":[{"href":"https:\/\/esferareal.com\/en\/wp-json\/wp\/v2\/imovel"}],"about":[{"href":"https:\/\/esferareal.com\/en\/wp-json\/wp\/v2\/types\/imovel"}],"author":[{"embeddable":true,"href":"https:\/\/esferareal.com\/en\/wp-json\/wp\/v2\/users\/3"}],"version-history":[{"count":1,"href":"https:\/\/esferareal.com\/en\/wp-json\/wp\/v2\/imovel\/1171\/revisions"}],"predecessor-version":[{"id":1172,"href":"https:\/\/esferareal.com\/en\/wp-json\/wp\/v2\/imovel\/1171\/revisions\/1172"}],"wp:featuredmedia":[{"embeddable":true,"href":"https:\/\/esferareal.com\/en\/wp-json\/wp\/v2\/media\/1146"}],"wp:attachment":[{"href":"https:\/\/esferareal.com\/en\/wp-json\/wp\/v2\/media?parent=1171"}],"wp:term":[{"taxonomy":"tipo","embeddable":true,"href":"https:\/\/esferareal.com\/en\/wp-json\/wp\/v2\/tipo?post=1171"}],"curies":[{"name":"wp","href":"https:\/\/api.w.org\/{rel}","templated":true}]}}

<p>Country house with a vineyard, an authentic dream for anyone who wishes to live a countryside life!</p>



<p>This property offers you exactly that: a magnificent vineyard and a stone house with good potential.</p>



<p>Starting by the stone house, it contemplates a spacious wine cellar, a parlour with a kitchen and a fireplace, bathroom and storerooms. It can be expanded for a single-family house.</p>



<p>The vineyard, in adult state, is very well organized and disposed throughout the plot, which has a big dimension.<br>The species of grapes found here are Touriga Nacional and Fernão Pires, resulting in an excellent quality wine! The vineyard, of easy access, is provisioned by an automatic irrigation system and a superb solar exposure, preponderant factors for the quality and juiciness of the grapes.</p>



<p>The property is also equipped with an artesian hole and a tank for storing water. The electrical installation is fully operational and the water as well as the mobile connection are found nearby the terrain.<br>The property is also walled, having some other fruit trees, as well as beautiful natural views over the surrounding horizon, ideal to enjoy with a glass of what promises to be an excellent wine made by your own hands.</p>



<p>It´s located on a peaceful Portuguese village, with a cafe, minimarket and bakery, just 3 Km away from Sertã´s village, one of the pearls of the centre of Portugal!</p>



<p>Judge this opportunity we´re presenting you carefully! Pay us a visit and judge for yourself!</p>

<!-- This site is optimized with the Yoast SEO plugin v24.4 - https://yoast.com/wordpress/plugins/seo/ -->
<title>Vinha com Casa de Pedra - 411 - Esfera Real</title>
<meta name="robots" content="index, follow, max-snippet:-1, max-image-preview:large, max-video-preview:-1" />
<link rel="canonical" href="https://esferareal.com/en/imovel/vinha-com-casa-de-pedra-411/" />
<meta property="og:locale" content="en_GB" />
<meta property="og:type" content="article" />
<meta property="og:title" content="Vinha com Casa de Pedra - 411 - Esfera Real" />
<meta property="og:description" content="Casa de campo com uma vinha, um autêntico sonho para quem deseja viver uma vida no campo! Esta propriedade oferece-lhe exatamente isso: uma magnífica vinha e uma casa de pedra com um bom potencial. Começando pela casa de pedra, contempla uma espaçosa adega, um salão com uma cozinha e lareira, casa de banho e arrumos. [&hellip;]" />
<meta property="og:url" content="https://esferareal.com/en/imovel/vinha-com-casa-de-pedra-411/" />
<meta property="og:site_name" content="Esfera Real" />
<meta property="article:publisher" content="https://www.facebook.com/people/Esfera-Real/100057693960084/" />
<meta property="article:modified_time" content="2025-02-12T09:31:07+00:00" />
<meta property="og:image" content="https://esferareal.com/wp-content/uploads/2024/12/1-411-Custom.jpg" />
	<meta property="og:image:width" content="667" />
	<meta property="og:image:height" content="500" />
	<meta property="og:image:type" content="image/jpeg" />
<meta name="twitter:card" content="summary_large_image" />
<meta name="twitter:label1" content="Estimated reading time" />
	<meta name="twitter:data1" content="1 minute" />
<script type="application/ld+json" class="yoast-schema-graph">{"@context":"https://schema.org","@graph":[{"@type":"WebPage","@id":"https://esferareal.com/imovel/vinha-com-casa-de-pedra-411/","url":"https://esferareal.com/imovel/vinha-com-casa-de-pedra-411/","name":"Vinha com Casa de Pedra - 411 - Esfera Real","isPartOf":{"@id":"https://esferareal.com/#website"},"primaryImageOfPage":{"@id":"https://esferareal.com/imovel/vinha-com-casa-de-pedra-411/#primaryimage"},"image":{"@id":"https://esferareal.com/imovel/vinha-com-casa-de-pedra-411/#primaryimage"},"thumbnailUrl":"https://esferareal.com/wp-content/uploads/2024/12/1-411-Custom.jpg","datePublished":"2024-12-04T15:59:14+00:00","dateModified":"2025-02-12T09:31:07+00:00","breadcrumb":{"@id":"https://esferareal.com/imovel/vinha-com-casa-de-pedra-411/#breadcrumb"},"inLanguage":"en-GB","potentialAction":[{"@type":"ReadAction","target":["https://esferareal.com/imovel/vinha-com-casa-de-pedra-411/"]}]},{"@type":"ImageObject","inLanguage":"en-GB","@id":"https://esferareal.com/imovel/vinha-com-casa-de-pedra-411/#primaryimage","url":"https://esferareal.com/wp-content/uploads/2024/12/1-411-Custom.jpg","contentUrl":"https://esferareal.com/wp-content/uploads/2024/12/1-411-Custom.jpg","width":667,"height":500},{"@type":"BreadcrumbList","@id":"https://esferareal.com/imovel/vinha-com-casa-de-pedra-411/#breadcrumb","itemListElement":[{"@type":"ListItem","position":1,"name":"Início","item":"https://esferareal.com/en/"},{"@type":"ListItem","position":2,"name":"Vinha com Casa de Pedra &#8211; 411"}]},{"@type":"WebSite","@id":"https://esferareal.com/#website","url":"https://esferareal.com/","name":"Esfera Real","description":"Mediação Imobiliária","publisher":{"@id":"https://esferareal.com/#organization"},"potentialAction":[{"@type":"SearchAction","target":{"@type":"EntryPoint","urlTemplate":"https://esferareal.com/?s={search_term_string}"},"query-input":{"@type":"PropertyValueSpecification","valueRequired":true,"valueName":"search_term_string"}}],"inLanguage":"en-GB"},{"@type":"Organization","@id":"https://esferareal.com/#organization","name":"Esfera Real Mediação Imobiliária","url":"https://esferareal.com/","logo":{"@type":"ImageObject","inLanguage":"en-GB","@id":"https://esferareal.com/#/schema/logo/image/","url":"https://esferareal.com/wp-content/uploads/2024/10/logo-esferareal300.png","contentUrl":"https://esferareal.com/wp-content/uploads/2024/10/logo-esferareal300.png","width":300,"height":221,"caption":"Esfera Real Mediação Imobiliária"},"image":{"@id":"https://esferareal.com/#/schema/logo/image/"},"sameAs":["https://www.facebook.com/people/Esfera-Real/100057693960084/","https://www.instagram.com/esferareal/","https://www.youtube.com/channel/UCYb-CPOTpF03PSyHBSoCfbA"]}]}</script>
<!-- / Yoast SEO plugin. -->

Casa de campo com uma vinha, um autêntico sonho para quem deseja viver uma vida no campo! Esta propriedade oferece-lhe exatamente isso: uma magnífica vinha e uma casa de pedra com um bom potencial. Começando pela casa de pedra, contempla uma espaçosa adega, um salão com uma cozinha e lareira, casa de banho e arrumos. [&hellip;]

Início

Mediação Imobiliária

Esfera Real Mediação Imobiliária
