 
{"id":1418,"date":"2024-12-04T17:50:41","date_gmt":"2024-12-04T17:50:41","guid":{"rendered":"https:\/\/esferareal.com\/?post_type=imovel&#038;p=1418"},"modified":"2025-02-12T09:38:18","modified_gmt":"2025-02-12T09:38:18","slug":"terreno-da-serra-1046","status":"publish","type":"imovel","link":"https:\/\/esferareal.com\/en\/imovel\/terreno-da-serra-1046\/","title":{"rendered":"Terreno da Serra &#8211; 1046"},"content":{"rendered":"<p>Plot of land with beautiful views and good solar exposure, located on a Portuguese village with scattered houses and on a peaceful location!<\/p>\n\n\n\n<p>On an elevated position, it comprises of 2 spacious agricultural terraces with some fruit trees and an artesian hole.<\/p>\n\n\n\n<p>A 10 minutes\u2019 drive to the town of Sert\u00e3, with various services and places of great touristic and cultural interest, come and pay it a visit!<\/p>","protected":false},"author":3,"featured_media":1405,"template":"","meta":{"_acf_changed":false,"footnotes":""},"tipo":[12],"class_list":["post-1418","imovel","type-imovel","status-publish","has-post-thumbnail","hentry","tipo-terreno"],"acf":[],"yoast_head":"<!-- This site is optimized with the Yoast SEO plugin v24.4 - https:\/\/yoast.com\/wordpress\/plugins\/seo\/ -->\n<title>Terreno da Serra - 1046 - Esfera Real<\/title>\n<meta name=\"robots\" content=\"index, follow, max-snippet:-1, max-image-preview:large, max-video-preview:-1\" \/>\n<link rel=\"canonical\" href=\"https:\/\/esferareal.com\/en\/imovel\/terreno-da-serra-1046\/\" \/>\n<meta property=\"og:locale\" content=\"en_GB\" \/>\n<meta property=\"og:type\" content=\"article\" \/>\n<meta property=\"og:title\" content=\"Terreno da Serra - 1046 - Esfera Real\" \/>\n<meta property=\"og:description\" content=\"Terreno com lindas vistas e boa exposi\u00e7\u00e3o solar, localizado numa aldeia portuguesa com casas dispersas e num local muito tranquilo pr\u00f3ximo da natureza! Numa posi\u00e7\u00e3o elevada, comp\u00f5e-se de 2 espa\u00e7osos terra\u00e7os agr\u00edcolas com algumas \u00e1rvores de fruto e ainda um furo artesiano. A 10 minutos de carro da vila da Sert\u00e3, com v\u00e1rios servi\u00e7os e [&hellip;]\" \/>\n<meta property=\"og:url\" content=\"https:\/\/esferareal.com\/en\/imovel\/terreno-da-serra-1046\/\" \/>\n<meta property=\"og:site_name\" content=\"Esfera Real\" \/>\n<meta property=\"article:publisher\" content=\"https:\/\/www.facebook.com\/people\/Esfera-Real\/100057693960084\/\" \/>\n<meta property=\"article:modified_time\" content=\"2025-02-12T09:38:18+00:00\" \/>\n<meta property=\"og:image\" content=\"https:\/\/esferareal.com\/wp-content\/uploads\/2024\/12\/1-1046-Custom.jpg\" \/>\n\t<meta property=\"og:image:width\" content=\"667\" \/>\n\t<meta property=\"og:image:height\" content=\"500\" \/>\n\t<meta property=\"og:image:type\" content=\"image\/jpeg\" \/>\n<meta name=\"twitter:card\" content=\"summary_large_image\" \/>\n<script type=\"application\/ld+json\" class=\"yoast-schema-graph\">{\"@context\":\"https:\/\/schema.org\",\"@graph\":[{\"@type\":\"WebPage\",\"@id\":\"https:\/\/esferareal.com\/imovel\/terreno-da-serra-1046\/\",\"url\":\"https:\/\/esferareal.com\/imovel\/terreno-da-serra-1046\/\",\"name\":\"Terreno da Serra - 1046 - Esfera Real\",\"isPartOf\":{\"@id\":\"https:\/\/esferareal.com\/#website\"},\"primaryImageOfPage\":{\"@id\":\"https:\/\/esferareal.com\/imovel\/terreno-da-serra-1046\/#primaryimage\"},\"image\":{\"@id\":\"https:\/\/esferareal.com\/imovel\/terreno-da-serra-1046\/#primaryimage\"},\"thumbnailUrl\":\"https:\/\/esferareal.com\/wp-content\/uploads\/2024\/12\/1-1046-Custom.jpg\",\"datePublished\":\"2024-12-04T17:50:41+00:00\",\"dateModified\":\"2025-02-12T09:38:18+00:00\",\"breadcrumb\":{\"@id\":\"https:\/\/esferareal.com\/imovel\/terreno-da-serra-1046\/#breadcrumb\"},\"inLanguage\":\"en-GB\",\"potentialAction\":[{\"@type\":\"ReadAction\",\"target\":[\"https:\/\/esferareal.com\/imovel\/terreno-da-serra-1046\/\"]}]},{\"@type\":\"ImageObject\",\"inLanguage\":\"en-GB\",\"@id\":\"https:\/\/esferareal.com\/imovel\/terreno-da-serra-1046\/#primaryimage\",\"url\":\"https:\/\/esferareal.com\/wp-content\/uploads\/2024\/12\/1-1046-Custom.jpg\",\"contentUrl\":\"https:\/\/esferareal.com\/wp-content\/uploads\/2024\/12\/1-1046-Custom.jpg\",\"width\":667,\"height\":500},{\"@type\":\"BreadcrumbList\",\"@id\":\"https:\/\/esferareal.com\/imovel\/terreno-da-serra-1046\/#breadcrumb\",\"itemListElement\":[{\"@type\":\"ListItem\",\"position\":1,\"name\":\"In\u00edcio\",\"item\":\"https:\/\/esferareal.com\/en\/\"},{\"@type\":\"ListItem\",\"position\":2,\"name\":\"Terreno da Serra &#8211; 1046\"}]},{\"@type\":\"WebSite\",\"@id\":\"https:\/\/esferareal.com\/#website\",\"url\":\"https:\/\/esferareal.com\/\",\"name\":\"Esfera Real\",\"description\":\"Media\u00e7\u00e3o Imobili\u00e1ria\",\"publisher\":{\"@id\":\"https:\/\/esferareal.com\/#organization\"},\"potentialAction\":[{\"@type\":\"SearchAction\",\"target\":{\"@type\":\"EntryPoint\",\"urlTemplate\":\"https:\/\/esferareal.com\/?s={search_term_string}\"},\"query-input\":{\"@type\":\"PropertyValueSpecification\",\"valueRequired\":true,\"valueName\":\"search_term_string\"}}],\"inLanguage\":\"en-GB\"},{\"@type\":\"Organization\",\"@id\":\"https:\/\/esferareal.com\/#organization\",\"name\":\"Esfera Real Media\u00e7\u00e3o Imobili\u00e1ria\",\"url\":\"https:\/\/esferareal.com\/\",\"logo\":{\"@type\":\"ImageObject\",\"inLanguage\":\"en-GB\",\"@id\":\"https:\/\/esferareal.com\/#\/schema\/logo\/image\/\",\"url\":\"https:\/\/esferareal.com\/wp-content\/uploads\/2024\/10\/logo-esferareal300.png\",\"contentUrl\":\"https:\/\/esferareal.com\/wp-content\/uploads\/2024\/10\/logo-esferareal300.png\",\"width\":300,\"height\":221,\"caption\":\"Esfera Real Media\u00e7\u00e3o Imobili\u00e1ria\"},\"image\":{\"@id\":\"https:\/\/esferareal.com\/#\/schema\/logo\/image\/\"},\"sameAs\":[\"https:\/\/www.facebook.com\/people\/Esfera-Real\/100057693960084\/\",\"https:\/\/www.instagram.com\/esferareal\/\",\"https:\/\/www.youtube.com\/channel\/UCYb-CPOTpF03PSyHBSoCfbA\"]}]}<\/script>\n<!-- \/ Yoast SEO plugin. -->","yoast_head_json":{"title":"Terreno da Serra - 1046 - Esfera Real","robots":{"index":"index","follow":"follow","max-snippet":"max-snippet:-1","max-image-preview":"max-image-preview:large","max-video-preview":"max-video-preview:-1"},"canonical":"https:\/\/esferareal.com\/en\/imovel\/terreno-da-serra-1046\/","og_locale":"en_GB","og_type":"article","og_title":"Terreno da Serra - 1046 - Esfera Real","og_description":"Terreno com lindas vistas e boa exposi\u00e7\u00e3o solar, localizado numa aldeia portuguesa com casas dispersas e num local muito tranquilo pr\u00f3ximo da natureza! Numa posi\u00e7\u00e3o elevada, comp\u00f5e-se de 2 espa\u00e7osos terra\u00e7os agr\u00edcolas com algumas \u00e1rvores de fruto e ainda um furo artesiano. A 10 minutos de carro da vila da Sert\u00e3, com v\u00e1rios servi\u00e7os e [&hellip;]","og_url":"https:\/\/esferareal.com\/en\/imovel\/terreno-da-serra-1046\/","og_site_name":"Esfera Real","article_publisher":"https:\/\/www.facebook.com\/people\/Esfera-Real\/100057693960084\/","article_modified_time":"2025-02-12T09:38:18+00:00","og_image":[{"width":667,"height":500,"url":"https:\/\/esferareal.com\/wp-content\/uploads\/2024\/12\/1-1046-Custom.jpg","type":"image\/jpeg"}],"twitter_card":"summary_large_image","schema":{"@context":"https:\/\/schema.org","@graph":[{"@type":"WebPage","@id":"https:\/\/esferareal.com\/imovel\/terreno-da-serra-1046\/","url":"https:\/\/esferareal.com\/imovel\/terreno-da-serra-1046\/","name":"Terreno da Serra - 1046 - Esfera Real","isPartOf":{"@id":"https:\/\/esferareal.com\/#website"},"primaryImageOfPage":{"@id":"https:\/\/esferareal.com\/imovel\/terreno-da-serra-1046\/#primaryimage"},"image":{"@id":"https:\/\/esferareal.com\/imovel\/terreno-da-serra-1046\/#primaryimage"},"thumbnailUrl":"https:\/\/esferareal.com\/wp-content\/uploads\/2024\/12\/1-1046-Custom.jpg","datePublished":"2024-12-04T17:50:41+00:00","dateModified":"2025-02-12T09:38:18+00:00","breadcrumb":{"@id":"https:\/\/esferareal.com\/imovel\/terreno-da-serra-1046\/#breadcrumb"},"inLanguage":"en-GB","potentialAction":[{"@type":"ReadAction","target":["https:\/\/esferareal.com\/imovel\/terreno-da-serra-1046\/"]}]},{"@type":"ImageObject","inLanguage":"en-GB","@id":"https:\/\/esferareal.com\/imovel\/terreno-da-serra-1046\/#primaryimage","url":"https:\/\/esferareal.com\/wp-content\/uploads\/2024\/12\/1-1046-Custom.jpg","contentUrl":"https:\/\/esferareal.com\/wp-content\/uploads\/2024\/12\/1-1046-Custom.jpg","width":667,"height":500},{"@type":"BreadcrumbList","@id":"https:\/\/esferareal.com\/imovel\/terreno-da-serra-1046\/#breadcrumb","itemListElement":[{"@type":"ListItem","position":1,"name":"In\u00edcio","item":"https:\/\/esferareal.com\/en\/"},{"@type":"ListItem","position":2,"name":"Terreno da Serra &#8211; 1046"}]},{"@type":"WebSite","@id":"https:\/\/esferareal.com\/#website","url":"https:\/\/esferareal.com\/","name":"Esfera Real","description":"Media\u00e7\u00e3o Imobili\u00e1ria","publisher":{"@id":"https:\/\/esferareal.com\/#organization"},"potentialAction":[{"@type":"SearchAction","target":{"@type":"EntryPoint","urlTemplate":"https:\/\/esferareal.com\/?s={search_term_string}"},"query-input":{"@type":"PropertyValueSpecification","valueRequired":true,"valueName":"search_term_string"}}],"inLanguage":"en-GB"},{"@type":"Organization","@id":"https:\/\/esferareal.com\/#organization","name":"Esfera Real Media\u00e7\u00e3o Imobili\u00e1ria","url":"https:\/\/esferareal.com\/","logo":{"@type":"ImageObject","inLanguage":"en-GB","@id":"https:\/\/esferareal.com\/#\/schema\/logo\/image\/","url":"https:\/\/esferareal.com\/wp-content\/uploads\/2024\/10\/logo-esferareal300.png","contentUrl":"https:\/\/esferareal.com\/wp-content\/uploads\/2024\/10\/logo-esferareal300.png","width":300,"height":221,"caption":"Esfera Real Media\u00e7\u00e3o Imobili\u00e1ria"},"image":{"@id":"https:\/\/esferareal.com\/#\/schema\/logo\/image\/"},"sameAs":["https:\/\/www.facebook.com\/people\/Esfera-Real\/100057693960084\/","https:\/\/www.instagram.com\/esferareal\/","https:\/\/www.youtube.com\/channel\/UCYb-CPOTpF03PSyHBSoCfbA"]}]}},"_links":{"self":[{"href":"https:\/\/esferareal.com\/en\/wp-json\/wp\/v2\/imovel\/1418","targetHints":{"allow":["GET"]}}],"collection":[{"href":"https:\/\/esferareal.com\/en\/wp-json\/wp\/v2\/imovel"}],"about":[{"href":"https:\/\/esferareal.com\/en\/wp-json\/wp\/v2\/types\/imovel"}],"author":[{"embeddable":true,"href":"https:\/\/esferareal.com\/en\/wp-json\/wp\/v2\/users\/3"}],"version-history":[{"count":1,"href":"https:\/\/esferareal.com\/en\/wp-json\/wp\/v2\/imovel\/1418\/revisions"}],"predecessor-version":[{"id":1419,"href":"https:\/\/esferareal.com\/en\/wp-json\/wp\/v2\/imovel\/1418\/revisions\/1419"}],"wp:featuredmedia":[{"embeddable":true,"href":"https:\/\/esferareal.com\/en\/wp-json\/wp\/v2\/media\/1405"}],"wp:attachment":[{"href":"https:\/\/esferareal.com\/en\/wp-json\/wp\/v2\/media?parent=1418"}],"wp:term":[{"taxonomy":"tipo","embeddable":true,"href":"https:\/\/esferareal.com\/en\/wp-json\/wp\/v2\/tipo?post=1418"}],"curies":[{"name":"wp","href":"https:\/\/api.w.org\/{rel}","templated":true}]}}

<p>Plot of land with beautiful views and good solar exposure, located on a Portuguese village with scattered houses and on a peaceful location!</p>



<p>On an elevated position, it comprises of 2 spacious agricultural terraces with some fruit trees and an artesian hole.</p>



<p>A 10 minutes’ drive to the town of Sertã, with various services and places of great touristic and cultural interest, come and pay it a visit!</p>

<!-- This site is optimized with the Yoast SEO plugin v24.4 - https://yoast.com/wordpress/plugins/seo/ -->
<title>Terreno da Serra - 1046 - Esfera Real</title>
<meta name="robots" content="index, follow, max-snippet:-1, max-image-preview:large, max-video-preview:-1" />
<link rel="canonical" href="https://esferareal.com/en/imovel/terreno-da-serra-1046/" />
<meta property="og:locale" content="en_GB" />
<meta property="og:type" content="article" />
<meta property="og:title" content="Terreno da Serra - 1046 - Esfera Real" />
<meta property="og:description" content="Terreno com lindas vistas e boa exposição solar, localizado numa aldeia portuguesa com casas dispersas e num local muito tranquilo próximo da natureza! Numa posição elevada, compõe-se de 2 espaçosos terraços agrícolas com algumas árvores de fruto e ainda um furo artesiano. A 10 minutos de carro da vila da Sertã, com vários serviços e [&hellip;]" />
<meta property="og:url" content="https://esferareal.com/en/imovel/terreno-da-serra-1046/" />
<meta property="og:site_name" content="Esfera Real" />
<meta property="article:publisher" content="https://www.facebook.com/people/Esfera-Real/100057693960084/" />
<meta property="article:modified_time" content="2025-02-12T09:38:18+00:00" />
<meta property="og:image" content="https://esferareal.com/wp-content/uploads/2024/12/1-1046-Custom.jpg" />
	<meta property="og:image:width" content="667" />
	<meta property="og:image:height" content="500" />
	<meta property="og:image:type" content="image/jpeg" />
<meta name="twitter:card" content="summary_large_image" />
<script type="application/ld+json" class="yoast-schema-graph">{"@context":"https://schema.org","@graph":[{"@type":"WebPage","@id":"https://esferareal.com/imovel/terreno-da-serra-1046/","url":"https://esferareal.com/imovel/terreno-da-serra-1046/","name":"Terreno da Serra - 1046 - Esfera Real","isPartOf":{"@id":"https://esferareal.com/#website"},"primaryImageOfPage":{"@id":"https://esferareal.com/imovel/terreno-da-serra-1046/#primaryimage"},"image":{"@id":"https://esferareal.com/imovel/terreno-da-serra-1046/#primaryimage"},"thumbnailUrl":"https://esferareal.com/wp-content/uploads/2024/12/1-1046-Custom.jpg","datePublished":"2024-12-04T17:50:41+00:00","dateModified":"2025-02-12T09:38:18+00:00","breadcrumb":{"@id":"https://esferareal.com/imovel/terreno-da-serra-1046/#breadcrumb"},"inLanguage":"en-GB","potentialAction":[{"@type":"ReadAction","target":["https://esferareal.com/imovel/terreno-da-serra-1046/"]}]},{"@type":"ImageObject","inLanguage":"en-GB","@id":"https://esferareal.com/imovel/terreno-da-serra-1046/#primaryimage","url":"https://esferareal.com/wp-content/uploads/2024/12/1-1046-Custom.jpg","contentUrl":"https://esferareal.com/wp-content/uploads/2024/12/1-1046-Custom.jpg","width":667,"height":500},{"@type":"BreadcrumbList","@id":"https://esferareal.com/imovel/terreno-da-serra-1046/#breadcrumb","itemListElement":[{"@type":"ListItem","position":1,"name":"Início","item":"https://esferareal.com/en/"},{"@type":"ListItem","position":2,"name":"Terreno da Serra &#8211; 1046"}]},{"@type":"WebSite","@id":"https://esferareal.com/#website","url":"https://esferareal.com/","name":"Esfera Real","description":"Mediação Imobiliária","publisher":{"@id":"https://esferareal.com/#organization"},"potentialAction":[{"@type":"SearchAction","target":{"@type":"EntryPoint","urlTemplate":"https://esferareal.com/?s={search_term_string}"},"query-input":{"@type":"PropertyValueSpecification","valueRequired":true,"valueName":"search_term_string"}}],"inLanguage":"en-GB"},{"@type":"Organization","@id":"https://esferareal.com/#organization","name":"Esfera Real Mediação Imobiliária","url":"https://esferareal.com/","logo":{"@type":"ImageObject","inLanguage":"en-GB","@id":"https://esferareal.com/#/schema/logo/image/","url":"https://esferareal.com/wp-content/uploads/2024/10/logo-esferareal300.png","contentUrl":"https://esferareal.com/wp-content/uploads/2024/10/logo-esferareal300.png","width":300,"height":221,"caption":"Esfera Real Mediação Imobiliária"},"image":{"@id":"https://esferareal.com/#/schema/logo/image/"},"sameAs":["https://www.facebook.com/people/Esfera-Real/100057693960084/","https://www.instagram.com/esferareal/","https://www.youtube.com/channel/UCYb-CPOTpF03PSyHBSoCfbA"]}]}</script>
<!-- / Yoast SEO plugin. -->

Terreno com lindas vistas e boa exposição solar, localizado numa aldeia portuguesa com casas dispersas e num local muito tranquilo próximo da natureza! Numa posição elevada, compõe-se de 2 espaçosos terraços agrícolas com algumas árvores de fruto e ainda um furo artesiano. A 10 minutos de carro da vila da Sertã, com vários serviços e [&hellip;]

Início

Mediação Imobiliária

Esfera Real Mediação Imobiliária
