 
{"id":1467,"date":"2024-12-04T17:56:53","date_gmt":"2024-12-04T17:56:53","guid":{"rendered":"https:\/\/esferareal.com\/?post_type=imovel&#038;p=1467"},"modified":"2025-02-12T09:39:43","modified_gmt":"2025-02-12T09:39:43","slug":"latoeiros-113-1052","status":"publish","type":"imovel","link":"https:\/\/esferareal.com\/en\/imovel\/latoeiros-113-1052\/","title":{"rendered":"Latoeiros, 113 &#8211; 1052"},"content":{"rendered":"<p>Property with a ruin, annexes and a plot of land with fruit trees, beautiful views and good solar exposure! Nature in all its glory!&nbsp;<\/p>\n\n\n\n<p>Here the future is on an approved project for building a 5-bedroom detached house, with 187 square meters and valid up to May 2023!<\/p>\n\n\n\n<p>This place is located on a small village near the IC8, although it\u00b4s not connected to this road. Therefore, is just 3 minutes away from the village of Vila Facaia and 10 minutes away from the town of Pedr\u00f3g\u00e3o Grande, Figueir\u00f3 dos Vinhos and Castanheira de P\u00eara, all in central Portugal! \nCome visit and consider this proposition!<\/p>","protected":false},"author":3,"featured_media":1451,"template":"","meta":{"_acf_changed":false,"footnotes":""},"tipo":[15,16],"class_list":["post-1467","imovel","type-imovel","status-publish","has-post-thumbnail","hentry","tipo-casa-rustica","tipo-ruina"],"acf":[],"yoast_head":"<!-- This site is optimized with the Yoast SEO plugin v24.4 - https:\/\/yoast.com\/wordpress\/plugins\/seo\/ -->\n<title>Latoeiros, 113 - 1052 - Esfera Real<\/title>\n<meta name=\"robots\" content=\"index, follow, max-snippet:-1, max-image-preview:large, max-video-preview:-1\" \/>\n<link rel=\"canonical\" href=\"https:\/\/esferareal.com\/en\/imovel\/latoeiros-113-1052\/\" \/>\n<meta property=\"og:locale\" content=\"en_GB\" \/>\n<meta property=\"og:type\" content=\"article\" \/>\n<meta property=\"og:title\" content=\"Latoeiros, 113 - 1052 - Esfera Real\" \/>\n<meta property=\"og:description\" content=\"Propriedade com ru\u00edna, anexos e um terreno com \u00e1rvores de fruto, lindas vistas e boa exposi\u00e7\u00e3o solar! A natureza em todo o seu esplendor!&nbsp; Aqui o futuro est\u00e1 num projeto aprovado para a constru\u00e7\u00e3o de uma moradia T5, com 187 m2 e v\u00e1lido at\u00e9 maio de 2023! Este local fica numa pequena aldeia portuguesa perto [&hellip;]\" \/>\n<meta property=\"og:url\" content=\"https:\/\/esferareal.com\/en\/imovel\/latoeiros-113-1052\/\" \/>\n<meta property=\"og:site_name\" content=\"Esfera Real\" \/>\n<meta property=\"article:publisher\" content=\"https:\/\/www.facebook.com\/people\/Esfera-Real\/100057693960084\/\" \/>\n<meta property=\"article:modified_time\" content=\"2025-02-12T09:39:43+00:00\" \/>\n<meta property=\"og:image\" content=\"https:\/\/esferareal.com\/wp-content\/uploads\/2024\/12\/1-1052-Custom.jpg\" \/>\n\t<meta property=\"og:image:width\" content=\"667\" \/>\n\t<meta property=\"og:image:height\" content=\"500\" \/>\n\t<meta property=\"og:image:type\" content=\"image\/jpeg\" \/>\n<meta name=\"twitter:card\" content=\"summary_large_image\" \/>\n<meta name=\"twitter:label1\" content=\"Estimated reading time\" \/>\n\t<meta name=\"twitter:data1\" content=\"1 minute\" \/>\n<script type=\"application\/ld+json\" class=\"yoast-schema-graph\">{\"@context\":\"https:\/\/schema.org\",\"@graph\":[{\"@type\":\"WebPage\",\"@id\":\"https:\/\/esferareal.com\/imovel\/latoeiros-113-1052\/\",\"url\":\"https:\/\/esferareal.com\/imovel\/latoeiros-113-1052\/\",\"name\":\"Latoeiros, 113 - 1052 - Esfera Real\",\"isPartOf\":{\"@id\":\"https:\/\/esferareal.com\/#website\"},\"primaryImageOfPage\":{\"@id\":\"https:\/\/esferareal.com\/imovel\/latoeiros-113-1052\/#primaryimage\"},\"image\":{\"@id\":\"https:\/\/esferareal.com\/imovel\/latoeiros-113-1052\/#primaryimage\"},\"thumbnailUrl\":\"https:\/\/esferareal.com\/wp-content\/uploads\/2024\/12\/1-1052-Custom.jpg\",\"datePublished\":\"2024-12-04T17:56:53+00:00\",\"dateModified\":\"2025-02-12T09:39:43+00:00\",\"breadcrumb\":{\"@id\":\"https:\/\/esferareal.com\/imovel\/latoeiros-113-1052\/#breadcrumb\"},\"inLanguage\":\"en-GB\",\"potentialAction\":[{\"@type\":\"ReadAction\",\"target\":[\"https:\/\/esferareal.com\/imovel\/latoeiros-113-1052\/\"]}]},{\"@type\":\"ImageObject\",\"inLanguage\":\"en-GB\",\"@id\":\"https:\/\/esferareal.com\/imovel\/latoeiros-113-1052\/#primaryimage\",\"url\":\"https:\/\/esferareal.com\/wp-content\/uploads\/2024\/12\/1-1052-Custom.jpg\",\"contentUrl\":\"https:\/\/esferareal.com\/wp-content\/uploads\/2024\/12\/1-1052-Custom.jpg\",\"width\":667,\"height\":500},{\"@type\":\"BreadcrumbList\",\"@id\":\"https:\/\/esferareal.com\/imovel\/latoeiros-113-1052\/#breadcrumb\",\"itemListElement\":[{\"@type\":\"ListItem\",\"position\":1,\"name\":\"In\u00edcio\",\"item\":\"https:\/\/esferareal.com\/en\/\"},{\"@type\":\"ListItem\",\"position\":2,\"name\":\"Latoeiros, 113 &#8211; 1052\"}]},{\"@type\":\"WebSite\",\"@id\":\"https:\/\/esferareal.com\/#website\",\"url\":\"https:\/\/esferareal.com\/\",\"name\":\"Esfera Real\",\"description\":\"Media\u00e7\u00e3o Imobili\u00e1ria\",\"publisher\":{\"@id\":\"https:\/\/esferareal.com\/#organization\"},\"potentialAction\":[{\"@type\":\"SearchAction\",\"target\":{\"@type\":\"EntryPoint\",\"urlTemplate\":\"https:\/\/esferareal.com\/?s={search_term_string}\"},\"query-input\":{\"@type\":\"PropertyValueSpecification\",\"valueRequired\":true,\"valueName\":\"search_term_string\"}}],\"inLanguage\":\"en-GB\"},{\"@type\":\"Organization\",\"@id\":\"https:\/\/esferareal.com\/#organization\",\"name\":\"Esfera Real Media\u00e7\u00e3o Imobili\u00e1ria\",\"url\":\"https:\/\/esferareal.com\/\",\"logo\":{\"@type\":\"ImageObject\",\"inLanguage\":\"en-GB\",\"@id\":\"https:\/\/esferareal.com\/#\/schema\/logo\/image\/\",\"url\":\"https:\/\/esferareal.com\/wp-content\/uploads\/2024\/10\/logo-esferareal300.png\",\"contentUrl\":\"https:\/\/esferareal.com\/wp-content\/uploads\/2024\/10\/logo-esferareal300.png\",\"width\":300,\"height\":221,\"caption\":\"Esfera Real Media\u00e7\u00e3o Imobili\u00e1ria\"},\"image\":{\"@id\":\"https:\/\/esferareal.com\/#\/schema\/logo\/image\/\"},\"sameAs\":[\"https:\/\/www.facebook.com\/people\/Esfera-Real\/100057693960084\/\",\"https:\/\/www.instagram.com\/esferareal\/\",\"https:\/\/www.youtube.com\/channel\/UCYb-CPOTpF03PSyHBSoCfbA\"]}]}<\/script>\n<!-- \/ Yoast SEO plugin. -->","yoast_head_json":{"title":"Latoeiros, 113 - 1052 - Esfera Real","robots":{"index":"index","follow":"follow","max-snippet":"max-snippet:-1","max-image-preview":"max-image-preview:large","max-video-preview":"max-video-preview:-1"},"canonical":"https:\/\/esferareal.com\/en\/imovel\/latoeiros-113-1052\/","og_locale":"en_GB","og_type":"article","og_title":"Latoeiros, 113 - 1052 - Esfera Real","og_description":"Propriedade com ru\u00edna, anexos e um terreno com \u00e1rvores de fruto, lindas vistas e boa exposi\u00e7\u00e3o solar! A natureza em todo o seu esplendor!&nbsp; Aqui o futuro est\u00e1 num projeto aprovado para a constru\u00e7\u00e3o de uma moradia T5, com 187 m2 e v\u00e1lido at\u00e9 maio de 2023! Este local fica numa pequena aldeia portuguesa perto [&hellip;]","og_url":"https:\/\/esferareal.com\/en\/imovel\/latoeiros-113-1052\/","og_site_name":"Esfera Real","article_publisher":"https:\/\/www.facebook.com\/people\/Esfera-Real\/100057693960084\/","article_modified_time":"2025-02-12T09:39:43+00:00","og_image":[{"width":667,"height":500,"url":"https:\/\/esferareal.com\/wp-content\/uploads\/2024\/12\/1-1052-Custom.jpg","type":"image\/jpeg"}],"twitter_card":"summary_large_image","twitter_misc":{"Estimated reading time":"1 minute"},"schema":{"@context":"https:\/\/schema.org","@graph":[{"@type":"WebPage","@id":"https:\/\/esferareal.com\/imovel\/latoeiros-113-1052\/","url":"https:\/\/esferareal.com\/imovel\/latoeiros-113-1052\/","name":"Latoeiros, 113 - 1052 - Esfera Real","isPartOf":{"@id":"https:\/\/esferareal.com\/#website"},"primaryImageOfPage":{"@id":"https:\/\/esferareal.com\/imovel\/latoeiros-113-1052\/#primaryimage"},"image":{"@id":"https:\/\/esferareal.com\/imovel\/latoeiros-113-1052\/#primaryimage"},"thumbnailUrl":"https:\/\/esferareal.com\/wp-content\/uploads\/2024\/12\/1-1052-Custom.jpg","datePublished":"2024-12-04T17:56:53+00:00","dateModified":"2025-02-12T09:39:43+00:00","breadcrumb":{"@id":"https:\/\/esferareal.com\/imovel\/latoeiros-113-1052\/#breadcrumb"},"inLanguage":"en-GB","potentialAction":[{"@type":"ReadAction","target":["https:\/\/esferareal.com\/imovel\/latoeiros-113-1052\/"]}]},{"@type":"ImageObject","inLanguage":"en-GB","@id":"https:\/\/esferareal.com\/imovel\/latoeiros-113-1052\/#primaryimage","url":"https:\/\/esferareal.com\/wp-content\/uploads\/2024\/12\/1-1052-Custom.jpg","contentUrl":"https:\/\/esferareal.com\/wp-content\/uploads\/2024\/12\/1-1052-Custom.jpg","width":667,"height":500},{"@type":"BreadcrumbList","@id":"https:\/\/esferareal.com\/imovel\/latoeiros-113-1052\/#breadcrumb","itemListElement":[{"@type":"ListItem","position":1,"name":"In\u00edcio","item":"https:\/\/esferareal.com\/en\/"},{"@type":"ListItem","position":2,"name":"Latoeiros, 113 &#8211; 1052"}]},{"@type":"WebSite","@id":"https:\/\/esferareal.com\/#website","url":"https:\/\/esferareal.com\/","name":"Esfera Real","description":"Media\u00e7\u00e3o Imobili\u00e1ria","publisher":{"@id":"https:\/\/esferareal.com\/#organization"},"potentialAction":[{"@type":"SearchAction","target":{"@type":"EntryPoint","urlTemplate":"https:\/\/esferareal.com\/?s={search_term_string}"},"query-input":{"@type":"PropertyValueSpecification","valueRequired":true,"valueName":"search_term_string"}}],"inLanguage":"en-GB"},{"@type":"Organization","@id":"https:\/\/esferareal.com\/#organization","name":"Esfera Real Media\u00e7\u00e3o Imobili\u00e1ria","url":"https:\/\/esferareal.com\/","logo":{"@type":"ImageObject","inLanguage":"en-GB","@id":"https:\/\/esferareal.com\/#\/schema\/logo\/image\/","url":"https:\/\/esferareal.com\/wp-content\/uploads\/2024\/10\/logo-esferareal300.png","contentUrl":"https:\/\/esferareal.com\/wp-content\/uploads\/2024\/10\/logo-esferareal300.png","width":300,"height":221,"caption":"Esfera Real Media\u00e7\u00e3o Imobili\u00e1ria"},"image":{"@id":"https:\/\/esferareal.com\/#\/schema\/logo\/image\/"},"sameAs":["https:\/\/www.facebook.com\/people\/Esfera-Real\/100057693960084\/","https:\/\/www.instagram.com\/esferareal\/","https:\/\/www.youtube.com\/channel\/UCYb-CPOTpF03PSyHBSoCfbA"]}]}},"_links":{"self":[{"href":"https:\/\/esferareal.com\/en\/wp-json\/wp\/v2\/imovel\/1467","targetHints":{"allow":["GET"]}}],"collection":[{"href":"https:\/\/esferareal.com\/en\/wp-json\/wp\/v2\/imovel"}],"about":[{"href":"https:\/\/esferareal.com\/en\/wp-json\/wp\/v2\/types\/imovel"}],"author":[{"embeddable":true,"href":"https:\/\/esferareal.com\/en\/wp-json\/wp\/v2\/users\/3"}],"version-history":[{"count":1,"href":"https:\/\/esferareal.com\/en\/wp-json\/wp\/v2\/imovel\/1467\/revisions"}],"predecessor-version":[{"id":1468,"href":"https:\/\/esferareal.com\/en\/wp-json\/wp\/v2\/imovel\/1467\/revisions\/1468"}],"wp:featuredmedia":[{"embeddable":true,"href":"https:\/\/esferareal.com\/en\/wp-json\/wp\/v2\/media\/1451"}],"wp:attachment":[{"href":"https:\/\/esferareal.com\/en\/wp-json\/wp\/v2\/media?parent=1467"}],"wp:term":[{"taxonomy":"tipo","embeddable":true,"href":"https:\/\/esferareal.com\/en\/wp-json\/wp\/v2\/tipo?post=1467"}],"curies":[{"name":"wp","href":"https:\/\/api.w.org\/{rel}","templated":true}]}}

<p>Property with a ruin, annexes and a plot of land with fruit trees, beautiful views and good solar exposure! Nature in all its glory!&nbsp;</p>



<p>Here the future is on an approved project for building a 5-bedroom detached house, with 187 square meters and valid up to May 2023!</p>



<p>This place is located on a small village near the IC8, although it´s not connected to this road. Therefore, is just 3 minutes away from the village of Vila Facaia and 10 minutes away from the town of Pedrógão Grande, Figueiró dos Vinhos and Castanheira de Pêra, all in central Portugal! 
Come visit and consider this proposition!</p>

<!-- This site is optimized with the Yoast SEO plugin v24.4 - https://yoast.com/wordpress/plugins/seo/ -->
<title>Latoeiros, 113 - 1052 - Esfera Real</title>
<meta name="robots" content="index, follow, max-snippet:-1, max-image-preview:large, max-video-preview:-1" />
<link rel="canonical" href="https://esferareal.com/en/imovel/latoeiros-113-1052/" />
<meta property="og:locale" content="en_GB" />
<meta property="og:type" content="article" />
<meta property="og:title" content="Latoeiros, 113 - 1052 - Esfera Real" />
<meta property="og:description" content="Propriedade com ruína, anexos e um terreno com árvores de fruto, lindas vistas e boa exposição solar! A natureza em todo o seu esplendor!&nbsp; Aqui o futuro está num projeto aprovado para a construção de uma moradia T5, com 187 m2 e válido até maio de 2023! Este local fica numa pequena aldeia portuguesa perto [&hellip;]" />
<meta property="og:url" content="https://esferareal.com/en/imovel/latoeiros-113-1052/" />
<meta property="og:site_name" content="Esfera Real" />
<meta property="article:publisher" content="https://www.facebook.com/people/Esfera-Real/100057693960084/" />
<meta property="article:modified_time" content="2025-02-12T09:39:43+00:00" />
<meta property="og:image" content="https://esferareal.com/wp-content/uploads/2024/12/1-1052-Custom.jpg" />
	<meta property="og:image:width" content="667" />
	<meta property="og:image:height" content="500" />
	<meta property="og:image:type" content="image/jpeg" />
<meta name="twitter:card" content="summary_large_image" />
<meta name="twitter:label1" content="Estimated reading time" />
	<meta name="twitter:data1" content="1 minute" />
<script type="application/ld+json" class="yoast-schema-graph">{"@context":"https://schema.org","@graph":[{"@type":"WebPage","@id":"https://esferareal.com/imovel/latoeiros-113-1052/","url":"https://esferareal.com/imovel/latoeiros-113-1052/","name":"Latoeiros, 113 - 1052 - Esfera Real","isPartOf":{"@id":"https://esferareal.com/#website"},"primaryImageOfPage":{"@id":"https://esferareal.com/imovel/latoeiros-113-1052/#primaryimage"},"image":{"@id":"https://esferareal.com/imovel/latoeiros-113-1052/#primaryimage"},"thumbnailUrl":"https://esferareal.com/wp-content/uploads/2024/12/1-1052-Custom.jpg","datePublished":"2024-12-04T17:56:53+00:00","dateModified":"2025-02-12T09:39:43+00:00","breadcrumb":{"@id":"https://esferareal.com/imovel/latoeiros-113-1052/#breadcrumb"},"inLanguage":"en-GB","potentialAction":[{"@type":"ReadAction","target":["https://esferareal.com/imovel/latoeiros-113-1052/"]}]},{"@type":"ImageObject","inLanguage":"en-GB","@id":"https://esferareal.com/imovel/latoeiros-113-1052/#primaryimage","url":"https://esferareal.com/wp-content/uploads/2024/12/1-1052-Custom.jpg","contentUrl":"https://esferareal.com/wp-content/uploads/2024/12/1-1052-Custom.jpg","width":667,"height":500},{"@type":"BreadcrumbList","@id":"https://esferareal.com/imovel/latoeiros-113-1052/#breadcrumb","itemListElement":[{"@type":"ListItem","position":1,"name":"Início","item":"https://esferareal.com/en/"},{"@type":"ListItem","position":2,"name":"Latoeiros, 113 &#8211; 1052"}]},{"@type":"WebSite","@id":"https://esferareal.com/#website","url":"https://esferareal.com/","name":"Esfera Real","description":"Mediação Imobiliária","publisher":{"@id":"https://esferareal.com/#organization"},"potentialAction":[{"@type":"SearchAction","target":{"@type":"EntryPoint","urlTemplate":"https://esferareal.com/?s={search_term_string}"},"query-input":{"@type":"PropertyValueSpecification","valueRequired":true,"valueName":"search_term_string"}}],"inLanguage":"en-GB"},{"@type":"Organization","@id":"https://esferareal.com/#organization","name":"Esfera Real Mediação Imobiliária","url":"https://esferareal.com/","logo":{"@type":"ImageObject","inLanguage":"en-GB","@id":"https://esferareal.com/#/schema/logo/image/","url":"https://esferareal.com/wp-content/uploads/2024/10/logo-esferareal300.png","contentUrl":"https://esferareal.com/wp-content/uploads/2024/10/logo-esferareal300.png","width":300,"height":221,"caption":"Esfera Real Mediação Imobiliária"},"image":{"@id":"https://esferareal.com/#/schema/logo/image/"},"sameAs":["https://www.facebook.com/people/Esfera-Real/100057693960084/","https://www.instagram.com/esferareal/","https://www.youtube.com/channel/UCYb-CPOTpF03PSyHBSoCfbA"]}]}</script>
<!-- / Yoast SEO plugin. -->

Propriedade com ruína, anexos e um terreno com árvores de fruto, lindas vistas e boa exposição solar! A natureza em todo o seu esplendor!&nbsp; Aqui o futuro está num projeto aprovado para a construção de uma moradia T5, com 187 m2 e válido até maio de 2023! Este local fica numa pequena aldeia portuguesa perto [&hellip;]

Início

Mediação Imobiliária

Esfera Real Mediação Imobiliária
