 
{"id":1606,"date":"2024-12-05T09:55:50","date_gmt":"2024-12-05T09:55:50","guid":{"rendered":"https:\/\/esferareal.com\/?post_type=imovel&#038;p=1606"},"modified":"2025-02-12T09:41:08","modified_gmt":"2025-02-12T09:41:08","slug":"casa-da-costa-649","status":"publish","type":"imovel","link":"https:\/\/esferareal.com\/en\/imovel\/casa-da-costa-649\/","title":{"rendered":"Casa da Costa &#8211; 649"},"content":{"rendered":"<p>Rustic stone house in ruins with 2 storeys.<\/p>\n\n\n\n<p>The basement has 3 storage rooms; the living floor has two bedrooms, living room, balcony and kitchen.<\/p>\n\n\n\n<p>The whole dwelling needs a complete renovation, namely the south facing wall that has fallen, but which is perfect to rebuild into a glass wall in order to enjoy the wonderful views and sun exposure in the comfort of your house!<\/p>\n\n\n\n<p>The garden has two terraces with some adult fruit trees, such as orange, fig, apple and olive trees, in short with nature all around you. The garden is also walled and in front of the main gate is possible to park a small car.<\/p>\n\n\n\n<p>Mains water, electricity and phone connections in the property.<\/p>\n\n\n\n<p>All of this in a peaceful, pretty and picturesque village, right in the town\u00b4s centre, on a quite steep street , with a cafe, mini-market, council office and other services within walking distance.<br>At 1 Km, approximately, from the Cabril\u00b4s dam, one of the great touristic points of central Portugal, with a floating pool, summer bar, BBQ and a ramp for boats. A perfect area for fishing and practicing nautical sports.<\/p>\n\n\n\n<p>15 Km by car to the towns of Pedr\u00f3g\u00e3o Grande and Pampilhosa da Serra.<\/p>\n\n\n\n<p>With so much to offer, this property will make up for the work done here! Come pay a visit!<\/p>","protected":false},"author":3,"featured_media":1590,"template":"","meta":{"_acf_changed":false,"footnotes":""},"tipo":[15,16],"class_list":["post-1606","imovel","type-imovel","status-publish","has-post-thumbnail","hentry","tipo-casa-rustica","tipo-ruina"],"acf":[],"yoast_head":"<!-- This site is optimized with the Yoast SEO plugin v24.4 - https:\/\/yoast.com\/wordpress\/plugins\/seo\/ -->\n<title>Casa da Costa - 649 - Esfera Real<\/title>\n<meta name=\"robots\" content=\"index, follow, max-snippet:-1, max-image-preview:large, max-video-preview:-1\" \/>\n<link rel=\"canonical\" href=\"https:\/\/esferareal.com\/en\/imovel\/casa-da-costa-649\/\" \/>\n<meta property=\"og:locale\" content=\"en_GB\" \/>\n<meta property=\"og:type\" content=\"article\" \/>\n<meta property=\"og:title\" content=\"Casa da Costa - 649 - Esfera Real\" \/>\n<meta property=\"og:description\" content=\"Casa r\u00fastica de pedra em ru\u00ednas com 2 pisos. A cave tem 3 unidades de arrumos; a habita\u00e7\u00e3o tem 2 quartos, sala, varanda e cozinha. Toda a habita\u00e7\u00e3o necessita de renova\u00e7\u00f5es totais, nomeadamente a parede virada a sul que caiu, mas que \u00e9 perfeita para reconstruir em vidro para aproveitar as espectaculares vistas e a [&hellip;]\" \/>\n<meta property=\"og:url\" content=\"https:\/\/esferareal.com\/en\/imovel\/casa-da-costa-649\/\" \/>\n<meta property=\"og:site_name\" content=\"Esfera Real\" \/>\n<meta property=\"article:publisher\" content=\"https:\/\/www.facebook.com\/people\/Esfera-Real\/100057693960084\/\" \/>\n<meta property=\"article:modified_time\" content=\"2025-02-12T09:41:08+00:00\" \/>\n<meta property=\"og:image\" content=\"https:\/\/esferareal.com\/wp-content\/uploads\/2024\/12\/1-649-NEW-Custom.jpg\" \/>\n\t<meta property=\"og:image:width\" content=\"667\" \/>\n\t<meta property=\"og:image:height\" content=\"500\" \/>\n\t<meta property=\"og:image:type\" content=\"image\/jpeg\" \/>\n<meta name=\"twitter:card\" content=\"summary_large_image\" \/>\n<meta name=\"twitter:label1\" content=\"Estimated reading time\" \/>\n\t<meta name=\"twitter:data1\" content=\"1 minute\" \/>\n<script type=\"application\/ld+json\" class=\"yoast-schema-graph\">{\"@context\":\"https:\/\/schema.org\",\"@graph\":[{\"@type\":\"WebPage\",\"@id\":\"https:\/\/esferareal.com\/imovel\/casa-da-costa-649\/\",\"url\":\"https:\/\/esferareal.com\/imovel\/casa-da-costa-649\/\",\"name\":\"Casa da Costa - 649 - Esfera Real\",\"isPartOf\":{\"@id\":\"https:\/\/esferareal.com\/#website\"},\"primaryImageOfPage\":{\"@id\":\"https:\/\/esferareal.com\/imovel\/casa-da-costa-649\/#primaryimage\"},\"image\":{\"@id\":\"https:\/\/esferareal.com\/imovel\/casa-da-costa-649\/#primaryimage\"},\"thumbnailUrl\":\"https:\/\/esferareal.com\/wp-content\/uploads\/2024\/12\/1-649-NEW-Custom.jpg\",\"datePublished\":\"2024-12-05T09:55:50+00:00\",\"dateModified\":\"2025-02-12T09:41:08+00:00\",\"breadcrumb\":{\"@id\":\"https:\/\/esferareal.com\/imovel\/casa-da-costa-649\/#breadcrumb\"},\"inLanguage\":\"en-GB\",\"potentialAction\":[{\"@type\":\"ReadAction\",\"target\":[\"https:\/\/esferareal.com\/imovel\/casa-da-costa-649\/\"]}]},{\"@type\":\"ImageObject\",\"inLanguage\":\"en-GB\",\"@id\":\"https:\/\/esferareal.com\/imovel\/casa-da-costa-649\/#primaryimage\",\"url\":\"https:\/\/esferareal.com\/wp-content\/uploads\/2024\/12\/1-649-NEW-Custom.jpg\",\"contentUrl\":\"https:\/\/esferareal.com\/wp-content\/uploads\/2024\/12\/1-649-NEW-Custom.jpg\",\"width\":667,\"height\":500},{\"@type\":\"BreadcrumbList\",\"@id\":\"https:\/\/esferareal.com\/imovel\/casa-da-costa-649\/#breadcrumb\",\"itemListElement\":[{\"@type\":\"ListItem\",\"position\":1,\"name\":\"In\u00edcio\",\"item\":\"https:\/\/esferareal.com\/en\/\"},{\"@type\":\"ListItem\",\"position\":2,\"name\":\"Casa da Costa &#8211; 649\"}]},{\"@type\":\"WebSite\",\"@id\":\"https:\/\/esferareal.com\/#website\",\"url\":\"https:\/\/esferareal.com\/\",\"name\":\"Esfera Real\",\"description\":\"Media\u00e7\u00e3o Imobili\u00e1ria\",\"publisher\":{\"@id\":\"https:\/\/esferareal.com\/#organization\"},\"potentialAction\":[{\"@type\":\"SearchAction\",\"target\":{\"@type\":\"EntryPoint\",\"urlTemplate\":\"https:\/\/esferareal.com\/?s={search_term_string}\"},\"query-input\":{\"@type\":\"PropertyValueSpecification\",\"valueRequired\":true,\"valueName\":\"search_term_string\"}}],\"inLanguage\":\"en-GB\"},{\"@type\":\"Organization\",\"@id\":\"https:\/\/esferareal.com\/#organization\",\"name\":\"Esfera Real Media\u00e7\u00e3o Imobili\u00e1ria\",\"url\":\"https:\/\/esferareal.com\/\",\"logo\":{\"@type\":\"ImageObject\",\"inLanguage\":\"en-GB\",\"@id\":\"https:\/\/esferareal.com\/#\/schema\/logo\/image\/\",\"url\":\"https:\/\/esferareal.com\/wp-content\/uploads\/2024\/10\/logo-esferareal300.png\",\"contentUrl\":\"https:\/\/esferareal.com\/wp-content\/uploads\/2024\/10\/logo-esferareal300.png\",\"width\":300,\"height\":221,\"caption\":\"Esfera Real Media\u00e7\u00e3o Imobili\u00e1ria\"},\"image\":{\"@id\":\"https:\/\/esferareal.com\/#\/schema\/logo\/image\/\"},\"sameAs\":[\"https:\/\/www.facebook.com\/people\/Esfera-Real\/100057693960084\/\",\"https:\/\/www.instagram.com\/esferareal\/\",\"https:\/\/www.youtube.com\/channel\/UCYb-CPOTpF03PSyHBSoCfbA\"]}]}<\/script>\n<!-- \/ Yoast SEO plugin. -->","yoast_head_json":{"title":"Casa da Costa - 649 - Esfera Real","robots":{"index":"index","follow":"follow","max-snippet":"max-snippet:-1","max-image-preview":"max-image-preview:large","max-video-preview":"max-video-preview:-1"},"canonical":"https:\/\/esferareal.com\/en\/imovel\/casa-da-costa-649\/","og_locale":"en_GB","og_type":"article","og_title":"Casa da Costa - 649 - Esfera Real","og_description":"Casa r\u00fastica de pedra em ru\u00ednas com 2 pisos. A cave tem 3 unidades de arrumos; a habita\u00e7\u00e3o tem 2 quartos, sala, varanda e cozinha. Toda a habita\u00e7\u00e3o necessita de renova\u00e7\u00f5es totais, nomeadamente a parede virada a sul que caiu, mas que \u00e9 perfeita para reconstruir em vidro para aproveitar as espectaculares vistas e a [&hellip;]","og_url":"https:\/\/esferareal.com\/en\/imovel\/casa-da-costa-649\/","og_site_name":"Esfera Real","article_publisher":"https:\/\/www.facebook.com\/people\/Esfera-Real\/100057693960084\/","article_modified_time":"2025-02-12T09:41:08+00:00","og_image":[{"width":667,"height":500,"url":"https:\/\/esferareal.com\/wp-content\/uploads\/2024\/12\/1-649-NEW-Custom.jpg","type":"image\/jpeg"}],"twitter_card":"summary_large_image","twitter_misc":{"Estimated reading time":"1 minute"},"schema":{"@context":"https:\/\/schema.org","@graph":[{"@type":"WebPage","@id":"https:\/\/esferareal.com\/imovel\/casa-da-costa-649\/","url":"https:\/\/esferareal.com\/imovel\/casa-da-costa-649\/","name":"Casa da Costa - 649 - Esfera Real","isPartOf":{"@id":"https:\/\/esferareal.com\/#website"},"primaryImageOfPage":{"@id":"https:\/\/esferareal.com\/imovel\/casa-da-costa-649\/#primaryimage"},"image":{"@id":"https:\/\/esferareal.com\/imovel\/casa-da-costa-649\/#primaryimage"},"thumbnailUrl":"https:\/\/esferareal.com\/wp-content\/uploads\/2024\/12\/1-649-NEW-Custom.jpg","datePublished":"2024-12-05T09:55:50+00:00","dateModified":"2025-02-12T09:41:08+00:00","breadcrumb":{"@id":"https:\/\/esferareal.com\/imovel\/casa-da-costa-649\/#breadcrumb"},"inLanguage":"en-GB","potentialAction":[{"@type":"ReadAction","target":["https:\/\/esferareal.com\/imovel\/casa-da-costa-649\/"]}]},{"@type":"ImageObject","inLanguage":"en-GB","@id":"https:\/\/esferareal.com\/imovel\/casa-da-costa-649\/#primaryimage","url":"https:\/\/esferareal.com\/wp-content\/uploads\/2024\/12\/1-649-NEW-Custom.jpg","contentUrl":"https:\/\/esferareal.com\/wp-content\/uploads\/2024\/12\/1-649-NEW-Custom.jpg","width":667,"height":500},{"@type":"BreadcrumbList","@id":"https:\/\/esferareal.com\/imovel\/casa-da-costa-649\/#breadcrumb","itemListElement":[{"@type":"ListItem","position":1,"name":"In\u00edcio","item":"https:\/\/esferareal.com\/en\/"},{"@type":"ListItem","position":2,"name":"Casa da Costa &#8211; 649"}]},{"@type":"WebSite","@id":"https:\/\/esferareal.com\/#website","url":"https:\/\/esferareal.com\/","name":"Esfera Real","description":"Media\u00e7\u00e3o Imobili\u00e1ria","publisher":{"@id":"https:\/\/esferareal.com\/#organization"},"potentialAction":[{"@type":"SearchAction","target":{"@type":"EntryPoint","urlTemplate":"https:\/\/esferareal.com\/?s={search_term_string}"},"query-input":{"@type":"PropertyValueSpecification","valueRequired":true,"valueName":"search_term_string"}}],"inLanguage":"en-GB"},{"@type":"Organization","@id":"https:\/\/esferareal.com\/#organization","name":"Esfera Real Media\u00e7\u00e3o Imobili\u00e1ria","url":"https:\/\/esferareal.com\/","logo":{"@type":"ImageObject","inLanguage":"en-GB","@id":"https:\/\/esferareal.com\/#\/schema\/logo\/image\/","url":"https:\/\/esferareal.com\/wp-content\/uploads\/2024\/10\/logo-esferareal300.png","contentUrl":"https:\/\/esferareal.com\/wp-content\/uploads\/2024\/10\/logo-esferareal300.png","width":300,"height":221,"caption":"Esfera Real Media\u00e7\u00e3o Imobili\u00e1ria"},"image":{"@id":"https:\/\/esferareal.com\/#\/schema\/logo\/image\/"},"sameAs":["https:\/\/www.facebook.com\/people\/Esfera-Real\/100057693960084\/","https:\/\/www.instagram.com\/esferareal\/","https:\/\/www.youtube.com\/channel\/UCYb-CPOTpF03PSyHBSoCfbA"]}]}},"_links":{"self":[{"href":"https:\/\/esferareal.com\/en\/wp-json\/wp\/v2\/imovel\/1606","targetHints":{"allow":["GET"]}}],"collection":[{"href":"https:\/\/esferareal.com\/en\/wp-json\/wp\/v2\/imovel"}],"about":[{"href":"https:\/\/esferareal.com\/en\/wp-json\/wp\/v2\/types\/imovel"}],"author":[{"embeddable":true,"href":"https:\/\/esferareal.com\/en\/wp-json\/wp\/v2\/users\/3"}],"version-history":[{"count":1,"href":"https:\/\/esferareal.com\/en\/wp-json\/wp\/v2\/imovel\/1606\/revisions"}],"predecessor-version":[{"id":1607,"href":"https:\/\/esferareal.com\/en\/wp-json\/wp\/v2\/imovel\/1606\/revisions\/1607"}],"wp:featuredmedia":[{"embeddable":true,"href":"https:\/\/esferareal.com\/en\/wp-json\/wp\/v2\/media\/1590"}],"wp:attachment":[{"href":"https:\/\/esferareal.com\/en\/wp-json\/wp\/v2\/media?parent=1606"}],"wp:term":[{"taxonomy":"tipo","embeddable":true,"href":"https:\/\/esferareal.com\/en\/wp-json\/wp\/v2\/tipo?post=1606"}],"curies":[{"name":"wp","href":"https:\/\/api.w.org\/{rel}","templated":true}]}}

<p>Rustic stone house in ruins with 2 storeys.</p>



<p>The basement has 3 storage rooms; the living floor has two bedrooms, living room, balcony and kitchen.</p>



<p>The whole dwelling needs a complete renovation, namely the south facing wall that has fallen, but which is perfect to rebuild into a glass wall in order to enjoy the wonderful views and sun exposure in the comfort of your house!</p>



<p>The garden has two terraces with some adult fruit trees, such as orange, fig, apple and olive trees, in short with nature all around you. The garden is also walled and in front of the main gate is possible to park a small car.</p>



<p>Mains water, electricity and phone connections in the property.</p>



<p>All of this in a peaceful, pretty and picturesque village, right in the town´s centre, on a quite steep street , with a cafe, mini-market, council office and other services within walking distance.<br>At 1 Km, approximately, from the Cabril´s dam, one of the great touristic points of central Portugal, with a floating pool, summer bar, BBQ and a ramp for boats. A perfect area for fishing and practicing nautical sports.</p>



<p>15 Km by car to the towns of Pedrógão Grande and Pampilhosa da Serra.</p>



<p>With so much to offer, this property will make up for the work done here! Come pay a visit!</p>

<!-- This site is optimized with the Yoast SEO plugin v24.4 - https://yoast.com/wordpress/plugins/seo/ -->
<title>Casa da Costa - 649 - Esfera Real</title>
<meta name="robots" content="index, follow, max-snippet:-1, max-image-preview:large, max-video-preview:-1" />
<link rel="canonical" href="https://esferareal.com/en/imovel/casa-da-costa-649/" />
<meta property="og:locale" content="en_GB" />
<meta property="og:type" content="article" />
<meta property="og:title" content="Casa da Costa - 649 - Esfera Real" />
<meta property="og:description" content="Casa rústica de pedra em ruínas com 2 pisos. A cave tem 3 unidades de arrumos; a habitação tem 2 quartos, sala, varanda e cozinha. Toda a habitação necessita de renovações totais, nomeadamente a parede virada a sul que caiu, mas que é perfeita para reconstruir em vidro para aproveitar as espectaculares vistas e a [&hellip;]" />
<meta property="og:url" content="https://esferareal.com/en/imovel/casa-da-costa-649/" />
<meta property="og:site_name" content="Esfera Real" />
<meta property="article:publisher" content="https://www.facebook.com/people/Esfera-Real/100057693960084/" />
<meta property="article:modified_time" content="2025-02-12T09:41:08+00:00" />
<meta property="og:image" content="https://esferareal.com/wp-content/uploads/2024/12/1-649-NEW-Custom.jpg" />
	<meta property="og:image:width" content="667" />
	<meta property="og:image:height" content="500" />
	<meta property="og:image:type" content="image/jpeg" />
<meta name="twitter:card" content="summary_large_image" />
<meta name="twitter:label1" content="Estimated reading time" />
	<meta name="twitter:data1" content="1 minute" />
<script type="application/ld+json" class="yoast-schema-graph">{"@context":"https://schema.org","@graph":[{"@type":"WebPage","@id":"https://esferareal.com/imovel/casa-da-costa-649/","url":"https://esferareal.com/imovel/casa-da-costa-649/","name":"Casa da Costa - 649 - Esfera Real","isPartOf":{"@id":"https://esferareal.com/#website"},"primaryImageOfPage":{"@id":"https://esferareal.com/imovel/casa-da-costa-649/#primaryimage"},"image":{"@id":"https://esferareal.com/imovel/casa-da-costa-649/#primaryimage"},"thumbnailUrl":"https://esferareal.com/wp-content/uploads/2024/12/1-649-NEW-Custom.jpg","datePublished":"2024-12-05T09:55:50+00:00","dateModified":"2025-02-12T09:41:08+00:00","breadcrumb":{"@id":"https://esferareal.com/imovel/casa-da-costa-649/#breadcrumb"},"inLanguage":"en-GB","potentialAction":[{"@type":"ReadAction","target":["https://esferareal.com/imovel/casa-da-costa-649/"]}]},{"@type":"ImageObject","inLanguage":"en-GB","@id":"https://esferareal.com/imovel/casa-da-costa-649/#primaryimage","url":"https://esferareal.com/wp-content/uploads/2024/12/1-649-NEW-Custom.jpg","contentUrl":"https://esferareal.com/wp-content/uploads/2024/12/1-649-NEW-Custom.jpg","width":667,"height":500},{"@type":"BreadcrumbList","@id":"https://esferareal.com/imovel/casa-da-costa-649/#breadcrumb","itemListElement":[{"@type":"ListItem","position":1,"name":"Início","item":"https://esferareal.com/en/"},{"@type":"ListItem","position":2,"name":"Casa da Costa &#8211; 649"}]},{"@type":"WebSite","@id":"https://esferareal.com/#website","url":"https://esferareal.com/","name":"Esfera Real","description":"Mediação Imobiliária","publisher":{"@id":"https://esferareal.com/#organization"},"potentialAction":[{"@type":"SearchAction","target":{"@type":"EntryPoint","urlTemplate":"https://esferareal.com/?s={search_term_string}"},"query-input":{"@type":"PropertyValueSpecification","valueRequired":true,"valueName":"search_term_string"}}],"inLanguage":"en-GB"},{"@type":"Organization","@id":"https://esferareal.com/#organization","name":"Esfera Real Mediação Imobiliária","url":"https://esferareal.com/","logo":{"@type":"ImageObject","inLanguage":"en-GB","@id":"https://esferareal.com/#/schema/logo/image/","url":"https://esferareal.com/wp-content/uploads/2024/10/logo-esferareal300.png","contentUrl":"https://esferareal.com/wp-content/uploads/2024/10/logo-esferareal300.png","width":300,"height":221,"caption":"Esfera Real Mediação Imobiliária"},"image":{"@id":"https://esferareal.com/#/schema/logo/image/"},"sameAs":["https://www.facebook.com/people/Esfera-Real/100057693960084/","https://www.instagram.com/esferareal/","https://www.youtube.com/channel/UCYb-CPOTpF03PSyHBSoCfbA"]}]}</script>
<!-- / Yoast SEO plugin. -->

Casa rústica de pedra em ruínas com 2 pisos. A cave tem 3 unidades de arrumos; a habitação tem 2 quartos, sala, varanda e cozinha. Toda a habitação necessita de renovações totais, nomeadamente a parede virada a sul que caiu, mas que é perfeita para reconstruir em vidro para aproveitar as espectaculares vistas e a [&hellip;]

Início

Mediação Imobiliária

Esfera Real Mediação Imobiliária
