 
{"id":1738,"date":"2024-12-05T15:00:23","date_gmt":"2024-12-05T15:00:23","guid":{"rendered":"https:\/\/esferareal.com\/?post_type=imovel&#038;p=1738"},"modified":"2025-10-08T09:25:45","modified_gmt":"2025-10-08T09:25:45","slug":"eira-do-miguel-1088","status":"publish","type":"imovel","link":"https:\/\/esferareal.com\/en\/imovel\/eira-do-miguel-1088\/","title":{"rendered":"Eira do Miguel &#8211; 1088"},"content":{"rendered":"<p>Plot of land comprising an urban parcel of 70 m\u00b2 and a rustic parcel of 260 m\u00b2, located in a charming rural village in the parish of Amieira, municipality of Oleiros, in the district of Castelo Branco. The property stands out for its magnificent northwest-facing views over the stunning valley of the Z\u00eazere River \u2014 one of the great rivers of central Portugal.<\/p>\n\n\n\n<p>Access is via a well-maintained dirt road, around 1.5 km long, passable throughout the year and ensuring peace and privacy. Electricity is available next to the existing ruin, offering excellent potential for reconstruction or development projects.<\/p>\n\n\n\n<p>A perfect spot for those seeking a retreat immersed in nature, where peace, quiet and the beauty of the mountain landscape come together. Ideal for anyone wishing to enjoy the tranquillity of rural life and the unspoilt charm of inland Portugal.<\/p>","protected":false},"author":6,"featured_media":9719,"template":"","meta":{"_acf_changed":false,"footnotes":""},"tipo":[4,15,16,12],"class_list":["post-1738","imovel","type-imovel","status-publish","has-post-thumbnail","hentry","tipo-casa-de-pedra","tipo-casa-rustica","tipo-ruina","tipo-terreno"],"acf":[],"yoast_head":"<!-- This site is optimized with the Yoast SEO plugin v24.4 - https:\/\/yoast.com\/wordpress\/plugins\/seo\/ -->\n<title>Eira do Miguel - 1088 - Esfera Real<\/title>\n<meta name=\"robots\" content=\"index, follow, max-snippet:-1, max-image-preview:large, max-video-preview:-1\" \/>\n<link rel=\"canonical\" href=\"https:\/\/esferareal.com\/en\/imovel\/eira-do-miguel-1088\/\" \/>\n<meta property=\"og:locale\" content=\"en_GB\" \/>\n<meta property=\"og:type\" content=\"article\" \/>\n<meta property=\"og:title\" content=\"Eira do Miguel - 1088 - Esfera Real\" \/>\n<meta property=\"og:description\" content=\"Terreno composto por um artigo urbano com 70 m\u00b2 e um artigo r\u00fastico com 260 m\u00b2, situado numa encantadora aldeia rural da freguesia da Amieira, concelho de Oleiros, no distrito de Castelo Branco. A propriedade destaca-se pelas magn\u00edficas vistas voltadas a noroeste sobre o deslumbrante vale do rio Z\u00eazere \u2014 um dos grandes rios do [&hellip;]\" \/>\n<meta property=\"og:url\" content=\"https:\/\/esferareal.com\/en\/imovel\/eira-do-miguel-1088\/\" \/>\n<meta property=\"og:site_name\" content=\"Esfera Real\" \/>\n<meta property=\"article:publisher\" content=\"https:\/\/www.facebook.com\/people\/Esfera-Real\/100057693960084\/\" \/>\n<meta property=\"article:modified_time\" content=\"2025-10-08T09:25:45+00:00\" \/>\n<meta property=\"og:image\" content=\"https:\/\/esferareal.com\/wp-content\/uploads\/2024\/12\/1-1088NEW-Medium.jpg\" \/>\n\t<meta property=\"og:image:width\" content=\"1024\" \/>\n\t<meta property=\"og:image:height\" content=\"768\" \/>\n\t<meta property=\"og:image:type\" content=\"image\/jpeg\" \/>\n<meta name=\"twitter:card\" content=\"summary_large_image\" \/>\n<meta name=\"twitter:label1\" content=\"Estimated reading time\" \/>\n\t<meta name=\"twitter:data1\" content=\"1 minute\" \/>\n<script type=\"application\/ld+json\" class=\"yoast-schema-graph\">{\"@context\":\"https:\/\/schema.org\",\"@graph\":[{\"@type\":\"WebPage\",\"@id\":\"https:\/\/esferareal.com\/imovel\/eira-do-miguel-1088\/\",\"url\":\"https:\/\/esferareal.com\/imovel\/eira-do-miguel-1088\/\",\"name\":\"Eira do Miguel - 1088 - Esfera Real\",\"isPartOf\":{\"@id\":\"https:\/\/esferareal.com\/#website\"},\"primaryImageOfPage\":{\"@id\":\"https:\/\/esferareal.com\/imovel\/eira-do-miguel-1088\/#primaryimage\"},\"image\":{\"@id\":\"https:\/\/esferareal.com\/imovel\/eira-do-miguel-1088\/#primaryimage\"},\"thumbnailUrl\":\"https:\/\/esferareal.com\/wp-content\/uploads\/2024\/12\/1-1088NEW-Medium.jpg\",\"datePublished\":\"2024-12-05T15:00:23+00:00\",\"dateModified\":\"2025-10-08T09:25:45+00:00\",\"breadcrumb\":{\"@id\":\"https:\/\/esferareal.com\/imovel\/eira-do-miguel-1088\/#breadcrumb\"},\"inLanguage\":\"en-GB\",\"potentialAction\":[{\"@type\":\"ReadAction\",\"target\":[\"https:\/\/esferareal.com\/imovel\/eira-do-miguel-1088\/\"]}]},{\"@type\":\"ImageObject\",\"inLanguage\":\"en-GB\",\"@id\":\"https:\/\/esferareal.com\/imovel\/eira-do-miguel-1088\/#primaryimage\",\"url\":\"https:\/\/esferareal.com\/wp-content\/uploads\/2024\/12\/1-1088NEW-Medium.jpg\",\"contentUrl\":\"https:\/\/esferareal.com\/wp-content\/uploads\/2024\/12\/1-1088NEW-Medium.jpg\",\"width\":1024,\"height\":768},{\"@type\":\"BreadcrumbList\",\"@id\":\"https:\/\/esferareal.com\/imovel\/eira-do-miguel-1088\/#breadcrumb\",\"itemListElement\":[{\"@type\":\"ListItem\",\"position\":1,\"name\":\"In\u00edcio\",\"item\":\"https:\/\/esferareal.com\/en\/\"},{\"@type\":\"ListItem\",\"position\":2,\"name\":\"Eira do Miguel &#8211; 1088\"}]},{\"@type\":\"WebSite\",\"@id\":\"https:\/\/esferareal.com\/#website\",\"url\":\"https:\/\/esferareal.com\/\",\"name\":\"Esfera Real\",\"description\":\"Media\u00e7\u00e3o Imobili\u00e1ria\",\"publisher\":{\"@id\":\"https:\/\/esferareal.com\/#organization\"},\"potentialAction\":[{\"@type\":\"SearchAction\",\"target\":{\"@type\":\"EntryPoint\",\"urlTemplate\":\"https:\/\/esferareal.com\/?s={search_term_string}\"},\"query-input\":{\"@type\":\"PropertyValueSpecification\",\"valueRequired\":true,\"valueName\":\"search_term_string\"}}],\"inLanguage\":\"en-GB\"},{\"@type\":\"Organization\",\"@id\":\"https:\/\/esferareal.com\/#organization\",\"name\":\"Esfera Real Media\u00e7\u00e3o Imobili\u00e1ria\",\"url\":\"https:\/\/esferareal.com\/\",\"logo\":{\"@type\":\"ImageObject\",\"inLanguage\":\"en-GB\",\"@id\":\"https:\/\/esferareal.com\/#\/schema\/logo\/image\/\",\"url\":\"https:\/\/esferareal.com\/wp-content\/uploads\/2024\/10\/logo-esferareal300.png\",\"contentUrl\":\"https:\/\/esferareal.com\/wp-content\/uploads\/2024\/10\/logo-esferareal300.png\",\"width\":300,\"height\":221,\"caption\":\"Esfera Real Media\u00e7\u00e3o Imobili\u00e1ria\"},\"image\":{\"@id\":\"https:\/\/esferareal.com\/#\/schema\/logo\/image\/\"},\"sameAs\":[\"https:\/\/www.facebook.com\/people\/Esfera-Real\/100057693960084\/\",\"https:\/\/www.instagram.com\/esferareal\/\",\"https:\/\/www.youtube.com\/channel\/UCYb-CPOTpF03PSyHBSoCfbA\"]}]}<\/script>\n<!-- \/ Yoast SEO plugin. -->","yoast_head_json":{"title":"Eira do Miguel - 1088 - Esfera Real","robots":{"index":"index","follow":"follow","max-snippet":"max-snippet:-1","max-image-preview":"max-image-preview:large","max-video-preview":"max-video-preview:-1"},"canonical":"https:\/\/esferareal.com\/en\/imovel\/eira-do-miguel-1088\/","og_locale":"en_GB","og_type":"article","og_title":"Eira do Miguel - 1088 - Esfera Real","og_description":"Terreno composto por um artigo urbano com 70 m\u00b2 e um artigo r\u00fastico com 260 m\u00b2, situado numa encantadora aldeia rural da freguesia da Amieira, concelho de Oleiros, no distrito de Castelo Branco. A propriedade destaca-se pelas magn\u00edficas vistas voltadas a noroeste sobre o deslumbrante vale do rio Z\u00eazere \u2014 um dos grandes rios do [&hellip;]","og_url":"https:\/\/esferareal.com\/en\/imovel\/eira-do-miguel-1088\/","og_site_name":"Esfera Real","article_publisher":"https:\/\/www.facebook.com\/people\/Esfera-Real\/100057693960084\/","article_modified_time":"2025-10-08T09:25:45+00:00","og_image":[{"width":1024,"height":768,"url":"https:\/\/esferareal.com\/wp-content\/uploads\/2024\/12\/1-1088NEW-Medium.jpg","type":"image\/jpeg"}],"twitter_card":"summary_large_image","twitter_misc":{"Estimated reading time":"1 minute"},"schema":{"@context":"https:\/\/schema.org","@graph":[{"@type":"WebPage","@id":"https:\/\/esferareal.com\/imovel\/eira-do-miguel-1088\/","url":"https:\/\/esferareal.com\/imovel\/eira-do-miguel-1088\/","name":"Eira do Miguel - 1088 - Esfera Real","isPartOf":{"@id":"https:\/\/esferareal.com\/#website"},"primaryImageOfPage":{"@id":"https:\/\/esferareal.com\/imovel\/eira-do-miguel-1088\/#primaryimage"},"image":{"@id":"https:\/\/esferareal.com\/imovel\/eira-do-miguel-1088\/#primaryimage"},"thumbnailUrl":"https:\/\/esferareal.com\/wp-content\/uploads\/2024\/12\/1-1088NEW-Medium.jpg","datePublished":"2024-12-05T15:00:23+00:00","dateModified":"2025-10-08T09:25:45+00:00","breadcrumb":{"@id":"https:\/\/esferareal.com\/imovel\/eira-do-miguel-1088\/#breadcrumb"},"inLanguage":"en-GB","potentialAction":[{"@type":"ReadAction","target":["https:\/\/esferareal.com\/imovel\/eira-do-miguel-1088\/"]}]},{"@type":"ImageObject","inLanguage":"en-GB","@id":"https:\/\/esferareal.com\/imovel\/eira-do-miguel-1088\/#primaryimage","url":"https:\/\/esferareal.com\/wp-content\/uploads\/2024\/12\/1-1088NEW-Medium.jpg","contentUrl":"https:\/\/esferareal.com\/wp-content\/uploads\/2024\/12\/1-1088NEW-Medium.jpg","width":1024,"height":768},{"@type":"BreadcrumbList","@id":"https:\/\/esferareal.com\/imovel\/eira-do-miguel-1088\/#breadcrumb","itemListElement":[{"@type":"ListItem","position":1,"name":"In\u00edcio","item":"https:\/\/esferareal.com\/en\/"},{"@type":"ListItem","position":2,"name":"Eira do Miguel &#8211; 1088"}]},{"@type":"WebSite","@id":"https:\/\/esferareal.com\/#website","url":"https:\/\/esferareal.com\/","name":"Esfera Real","description":"Media\u00e7\u00e3o Imobili\u00e1ria","publisher":{"@id":"https:\/\/esferareal.com\/#organization"},"potentialAction":[{"@type":"SearchAction","target":{"@type":"EntryPoint","urlTemplate":"https:\/\/esferareal.com\/?s={search_term_string}"},"query-input":{"@type":"PropertyValueSpecification","valueRequired":true,"valueName":"search_term_string"}}],"inLanguage":"en-GB"},{"@type":"Organization","@id":"https:\/\/esferareal.com\/#organization","name":"Esfera Real Media\u00e7\u00e3o Imobili\u00e1ria","url":"https:\/\/esferareal.com\/","logo":{"@type":"ImageObject","inLanguage":"en-GB","@id":"https:\/\/esferareal.com\/#\/schema\/logo\/image\/","url":"https:\/\/esferareal.com\/wp-content\/uploads\/2024\/10\/logo-esferareal300.png","contentUrl":"https:\/\/esferareal.com\/wp-content\/uploads\/2024\/10\/logo-esferareal300.png","width":300,"height":221,"caption":"Esfera Real Media\u00e7\u00e3o Imobili\u00e1ria"},"image":{"@id":"https:\/\/esferareal.com\/#\/schema\/logo\/image\/"},"sameAs":["https:\/\/www.facebook.com\/people\/Esfera-Real\/100057693960084\/","https:\/\/www.instagram.com\/esferareal\/","https:\/\/www.youtube.com\/channel\/UCYb-CPOTpF03PSyHBSoCfbA"]}]}},"_links":{"self":[{"href":"https:\/\/esferareal.com\/en\/wp-json\/wp\/v2\/imovel\/1738","targetHints":{"allow":["GET"]}}],"collection":[{"href":"https:\/\/esferareal.com\/en\/wp-json\/wp\/v2\/imovel"}],"about":[{"href":"https:\/\/esferareal.com\/en\/wp-json\/wp\/v2\/types\/imovel"}],"author":[{"embeddable":true,"href":"https:\/\/esferareal.com\/en\/wp-json\/wp\/v2\/users\/6"}],"version-history":[{"count":3,"href":"https:\/\/esferareal.com\/en\/wp-json\/wp\/v2\/imovel\/1738\/revisions"}],"predecessor-version":[{"id":9734,"href":"https:\/\/esferareal.com\/en\/wp-json\/wp\/v2\/imovel\/1738\/revisions\/9734"}],"wp:featuredmedia":[{"embeddable":true,"href":"https:\/\/esferareal.com\/en\/wp-json\/wp\/v2\/media\/9719"}],"wp:attachment":[{"href":"https:\/\/esferareal.com\/en\/wp-json\/wp\/v2\/media?parent=1738"}],"wp:term":[{"taxonomy":"tipo","embeddable":true,"href":"https:\/\/esferareal.com\/en\/wp-json\/wp\/v2\/tipo?post=1738"}],"curies":[{"name":"wp","href":"https:\/\/api.w.org\/{rel}","templated":true}]}}

<p>Plot of land comprising an urban parcel of 70 m² and a rustic parcel of 260 m², located in a charming rural village in the parish of Amieira, municipality of Oleiros, in the district of Castelo Branco. The property stands out for its magnificent northwest-facing views over the stunning valley of the Zêzere River — one of the great rivers of central Portugal.</p>



<p>Access is via a well-maintained dirt road, around 1.5 km long, passable throughout the year and ensuring peace and privacy. Electricity is available next to the existing ruin, offering excellent potential for reconstruction or development projects.</p>



<p>A perfect spot for those seeking a retreat immersed in nature, where peace, quiet and the beauty of the mountain landscape come together. Ideal for anyone wishing to enjoy the tranquillity of rural life and the unspoilt charm of inland Portugal.</p>

<!-- This site is optimized with the Yoast SEO plugin v24.4 - https://yoast.com/wordpress/plugins/seo/ -->
<title>Eira do Miguel - 1088 - Esfera Real</title>
<meta name="robots" content="index, follow, max-snippet:-1, max-image-preview:large, max-video-preview:-1" />
<link rel="canonical" href="https://esferareal.com/en/imovel/eira-do-miguel-1088/" />
<meta property="og:locale" content="en_GB" />
<meta property="og:type" content="article" />
<meta property="og:title" content="Eira do Miguel - 1088 - Esfera Real" />
<meta property="og:description" content="Terreno composto por um artigo urbano com 70 m² e um artigo rústico com 260 m², situado numa encantadora aldeia rural da freguesia da Amieira, concelho de Oleiros, no distrito de Castelo Branco. A propriedade destaca-se pelas magníficas vistas voltadas a noroeste sobre o deslumbrante vale do rio Zêzere — um dos grandes rios do [&hellip;]" />
<meta property="og:url" content="https://esferareal.com/en/imovel/eira-do-miguel-1088/" />
<meta property="og:site_name" content="Esfera Real" />
<meta property="article:publisher" content="https://www.facebook.com/people/Esfera-Real/100057693960084/" />
<meta property="article:modified_time" content="2025-10-08T09:25:45+00:00" />
<meta property="og:image" content="https://esferareal.com/wp-content/uploads/2024/12/1-1088NEW-Medium.jpg" />
	<meta property="og:image:width" content="1024" />
	<meta property="og:image:height" content="768" />
	<meta property="og:image:type" content="image/jpeg" />
<meta name="twitter:card" content="summary_large_image" />
<meta name="twitter:label1" content="Estimated reading time" />
	<meta name="twitter:data1" content="1 minute" />
<script type="application/ld+json" class="yoast-schema-graph">{"@context":"https://schema.org","@graph":[{"@type":"WebPage","@id":"https://esferareal.com/imovel/eira-do-miguel-1088/","url":"https://esferareal.com/imovel/eira-do-miguel-1088/","name":"Eira do Miguel - 1088 - Esfera Real","isPartOf":{"@id":"https://esferareal.com/#website"},"primaryImageOfPage":{"@id":"https://esferareal.com/imovel/eira-do-miguel-1088/#primaryimage"},"image":{"@id":"https://esferareal.com/imovel/eira-do-miguel-1088/#primaryimage"},"thumbnailUrl":"https://esferareal.com/wp-content/uploads/2024/12/1-1088NEW-Medium.jpg","datePublished":"2024-12-05T15:00:23+00:00","dateModified":"2025-10-08T09:25:45+00:00","breadcrumb":{"@id":"https://esferareal.com/imovel/eira-do-miguel-1088/#breadcrumb"},"inLanguage":"en-GB","potentialAction":[{"@type":"ReadAction","target":["https://esferareal.com/imovel/eira-do-miguel-1088/"]}]},{"@type":"ImageObject","inLanguage":"en-GB","@id":"https://esferareal.com/imovel/eira-do-miguel-1088/#primaryimage","url":"https://esferareal.com/wp-content/uploads/2024/12/1-1088NEW-Medium.jpg","contentUrl":"https://esferareal.com/wp-content/uploads/2024/12/1-1088NEW-Medium.jpg","width":1024,"height":768},{"@type":"BreadcrumbList","@id":"https://esferareal.com/imovel/eira-do-miguel-1088/#breadcrumb","itemListElement":[{"@type":"ListItem","position":1,"name":"Início","item":"https://esferareal.com/en/"},{"@type":"ListItem","position":2,"name":"Eira do Miguel &#8211; 1088"}]},{"@type":"WebSite","@id":"https://esferareal.com/#website","url":"https://esferareal.com/","name":"Esfera Real","description":"Mediação Imobiliária","publisher":{"@id":"https://esferareal.com/#organization"},"potentialAction":[{"@type":"SearchAction","target":{"@type":"EntryPoint","urlTemplate":"https://esferareal.com/?s={search_term_string}"},"query-input":{"@type":"PropertyValueSpecification","valueRequired":true,"valueName":"search_term_string"}}],"inLanguage":"en-GB"},{"@type":"Organization","@id":"https://esferareal.com/#organization","name":"Esfera Real Mediação Imobiliária","url":"https://esferareal.com/","logo":{"@type":"ImageObject","inLanguage":"en-GB","@id":"https://esferareal.com/#/schema/logo/image/","url":"https://esferareal.com/wp-content/uploads/2024/10/logo-esferareal300.png","contentUrl":"https://esferareal.com/wp-content/uploads/2024/10/logo-esferareal300.png","width":300,"height":221,"caption":"Esfera Real Mediação Imobiliária"},"image":{"@id":"https://esferareal.com/#/schema/logo/image/"},"sameAs":["https://www.facebook.com/people/Esfera-Real/100057693960084/","https://www.instagram.com/esferareal/","https://www.youtube.com/channel/UCYb-CPOTpF03PSyHBSoCfbA"]}]}</script>
<!-- / Yoast SEO plugin. -->

Terreno composto por um artigo urbano com 70 m² e um artigo rústico com 260 m², situado numa encantadora aldeia rural da freguesia da Amieira, concelho de Oleiros, no distrito de Castelo Branco. A propriedade destaca-se pelas magníficas vistas voltadas a noroeste sobre o deslumbrante vale do rio Zêzere — um dos grandes rios do [&hellip;]

Início

Mediação Imobiliária

Esfera Real Mediação Imobiliária
