 
{"id":1942,"date":"2024-12-05T16:08:26","date_gmt":"2024-12-05T16:08:26","guid":{"rendered":"https:\/\/esferareal.com\/?post_type=imovel&#038;p=1942"},"modified":"2025-02-12T09:45:56","modified_gmt":"2025-02-12T09:45:56","slug":"garagem-e-logradouro-975","status":"publish","type":"imovel","link":"https:\/\/esferareal.com\/en\/imovel\/garagem-e-logradouro-975\/","title":{"rendered":"Garagem e Logradouro &#8211; 975"},"content":{"rendered":"<p>Garage with a patio, completely walled and secured by a gate.<br>This is registered as an urban article with a storeroom for keeping whatever you need inside, with a covered area that comprises 58,50 square metres.<\/p>\n\n\n\n<p>Due to this type of security, this property is particularly ideal for keeping various boats and water jets for when you come to enjoy the astonishingly beautiful Cabril dam, only 10 Km away.<br>Being as it is an urban article, with a good construction structure, it could eventually be transformed into a small holiday house, with a very good location, good accesses and an excellent solar exposure.<\/p>\n\n\n\n<p>Plot of land exempted from energy certificate.<\/p>","protected":false},"author":6,"featured_media":1929,"template":"","meta":{"_acf_changed":false,"footnotes":""},"tipo":[10],"class_list":["post-1942","imovel","type-imovel","status-publish","has-post-thumbnail","hentry","tipo-garagem"],"acf":[],"yoast_head":"<!-- This site is optimized with the Yoast SEO plugin v24.4 - https:\/\/yoast.com\/wordpress\/plugins\/seo\/ -->\n<title>Garagem e Logradouro - 975 - Esfera Real<\/title>\n<meta name=\"robots\" content=\"index, follow, max-snippet:-1, max-image-preview:large, max-video-preview:-1\" \/>\n<link rel=\"canonical\" href=\"https:\/\/esferareal.com\/en\/imovel\/garagem-e-logradouro-975\/\" \/>\n<meta property=\"og:locale\" content=\"en_GB\" \/>\n<meta property=\"og:type\" content=\"article\" \/>\n<meta property=\"og:title\" content=\"Garagem e Logradouro - 975 - Esfera Real\" \/>\n<meta property=\"og:description\" content=\"Garagem com logradouro todo murado e vedado com port\u00e3o de seguran\u00e7a.Trata-se de um registo de artigo Urbano com a afecta\u00e7\u00e3o de arrecada\u00e7\u00e3o e arrumos com uma \u00e1rea coberta de 58,50 m2. Devido \u00e0 seguran\u00e7a oferecida, esta propriedade \u00e9 ideal para guardar v\u00e1rios barcos ou motas de \u00e1gua para quando vem usufruir da bel\u00edssima barragem do [&hellip;]\" \/>\n<meta property=\"og:url\" content=\"https:\/\/esferareal.com\/en\/imovel\/garagem-e-logradouro-975\/\" \/>\n<meta property=\"og:site_name\" content=\"Esfera Real\" \/>\n<meta property=\"article:publisher\" content=\"https:\/\/www.facebook.com\/people\/Esfera-Real\/100057693960084\/\" \/>\n<meta property=\"article:modified_time\" content=\"2025-02-12T09:45:56+00:00\" \/>\n<meta property=\"og:image\" content=\"https:\/\/esferareal.com\/wp-content\/uploads\/2024\/12\/1-975-NEW-Custom.jpg\" \/>\n\t<meta property=\"og:image:width\" content=\"736\" \/>\n\t<meta property=\"og:image:height\" content=\"414\" \/>\n\t<meta property=\"og:image:type\" content=\"image\/jpeg\" \/>\n<meta name=\"twitter:card\" content=\"summary_large_image\" \/>\n<meta name=\"twitter:label1\" content=\"Estimated reading time\" \/>\n\t<meta name=\"twitter:data1\" content=\"1 minute\" \/>\n<script type=\"application\/ld+json\" class=\"yoast-schema-graph\">{\"@context\":\"https:\/\/schema.org\",\"@graph\":[{\"@type\":\"WebPage\",\"@id\":\"https:\/\/esferareal.com\/imovel\/garagem-e-logradouro-975\/\",\"url\":\"https:\/\/esferareal.com\/imovel\/garagem-e-logradouro-975\/\",\"name\":\"Garagem e Logradouro - 975 - Esfera Real\",\"isPartOf\":{\"@id\":\"https:\/\/esferareal.com\/#website\"},\"primaryImageOfPage\":{\"@id\":\"https:\/\/esferareal.com\/imovel\/garagem-e-logradouro-975\/#primaryimage\"},\"image\":{\"@id\":\"https:\/\/esferareal.com\/imovel\/garagem-e-logradouro-975\/#primaryimage\"},\"thumbnailUrl\":\"https:\/\/esferareal.com\/wp-content\/uploads\/2024\/12\/1-975-NEW-Custom.jpg\",\"datePublished\":\"2024-12-05T16:08:26+00:00\",\"dateModified\":\"2025-02-12T09:45:56+00:00\",\"breadcrumb\":{\"@id\":\"https:\/\/esferareal.com\/imovel\/garagem-e-logradouro-975\/#breadcrumb\"},\"inLanguage\":\"en-GB\",\"potentialAction\":[{\"@type\":\"ReadAction\",\"target\":[\"https:\/\/esferareal.com\/imovel\/garagem-e-logradouro-975\/\"]}]},{\"@type\":\"ImageObject\",\"inLanguage\":\"en-GB\",\"@id\":\"https:\/\/esferareal.com\/imovel\/garagem-e-logradouro-975\/#primaryimage\",\"url\":\"https:\/\/esferareal.com\/wp-content\/uploads\/2024\/12\/1-975-NEW-Custom.jpg\",\"contentUrl\":\"https:\/\/esferareal.com\/wp-content\/uploads\/2024\/12\/1-975-NEW-Custom.jpg\",\"width\":736,\"height\":414},{\"@type\":\"BreadcrumbList\",\"@id\":\"https:\/\/esferareal.com\/imovel\/garagem-e-logradouro-975\/#breadcrumb\",\"itemListElement\":[{\"@type\":\"ListItem\",\"position\":1,\"name\":\"In\u00edcio\",\"item\":\"https:\/\/esferareal.com\/en\/\"},{\"@type\":\"ListItem\",\"position\":2,\"name\":\"Garagem e Logradouro &#8211; 975\"}]},{\"@type\":\"WebSite\",\"@id\":\"https:\/\/esferareal.com\/#website\",\"url\":\"https:\/\/esferareal.com\/\",\"name\":\"Esfera Real\",\"description\":\"Media\u00e7\u00e3o Imobili\u00e1ria\",\"publisher\":{\"@id\":\"https:\/\/esferareal.com\/#organization\"},\"potentialAction\":[{\"@type\":\"SearchAction\",\"target\":{\"@type\":\"EntryPoint\",\"urlTemplate\":\"https:\/\/esferareal.com\/?s={search_term_string}\"},\"query-input\":{\"@type\":\"PropertyValueSpecification\",\"valueRequired\":true,\"valueName\":\"search_term_string\"}}],\"inLanguage\":\"en-GB\"},{\"@type\":\"Organization\",\"@id\":\"https:\/\/esferareal.com\/#organization\",\"name\":\"Esfera Real Media\u00e7\u00e3o Imobili\u00e1ria\",\"url\":\"https:\/\/esferareal.com\/\",\"logo\":{\"@type\":\"ImageObject\",\"inLanguage\":\"en-GB\",\"@id\":\"https:\/\/esferareal.com\/#\/schema\/logo\/image\/\",\"url\":\"https:\/\/esferareal.com\/wp-content\/uploads\/2024\/10\/logo-esferareal300.png\",\"contentUrl\":\"https:\/\/esferareal.com\/wp-content\/uploads\/2024\/10\/logo-esferareal300.png\",\"width\":300,\"height\":221,\"caption\":\"Esfera Real Media\u00e7\u00e3o Imobili\u00e1ria\"},\"image\":{\"@id\":\"https:\/\/esferareal.com\/#\/schema\/logo\/image\/\"},\"sameAs\":[\"https:\/\/www.facebook.com\/people\/Esfera-Real\/100057693960084\/\",\"https:\/\/www.instagram.com\/esferareal\/\",\"https:\/\/www.youtube.com\/channel\/UCYb-CPOTpF03PSyHBSoCfbA\"]}]}<\/script>\n<!-- \/ Yoast SEO plugin. -->","yoast_head_json":{"title":"Garagem e Logradouro - 975 - Esfera Real","robots":{"index":"index","follow":"follow","max-snippet":"max-snippet:-1","max-image-preview":"max-image-preview:large","max-video-preview":"max-video-preview:-1"},"canonical":"https:\/\/esferareal.com\/en\/imovel\/garagem-e-logradouro-975\/","og_locale":"en_GB","og_type":"article","og_title":"Garagem e Logradouro - 975 - Esfera Real","og_description":"Garagem com logradouro todo murado e vedado com port\u00e3o de seguran\u00e7a.Trata-se de um registo de artigo Urbano com a afecta\u00e7\u00e3o de arrecada\u00e7\u00e3o e arrumos com uma \u00e1rea coberta de 58,50 m2. Devido \u00e0 seguran\u00e7a oferecida, esta propriedade \u00e9 ideal para guardar v\u00e1rios barcos ou motas de \u00e1gua para quando vem usufruir da bel\u00edssima barragem do [&hellip;]","og_url":"https:\/\/esferareal.com\/en\/imovel\/garagem-e-logradouro-975\/","og_site_name":"Esfera Real","article_publisher":"https:\/\/www.facebook.com\/people\/Esfera-Real\/100057693960084\/","article_modified_time":"2025-02-12T09:45:56+00:00","og_image":[{"width":736,"height":414,"url":"https:\/\/esferareal.com\/wp-content\/uploads\/2024\/12\/1-975-NEW-Custom.jpg","type":"image\/jpeg"}],"twitter_card":"summary_large_image","twitter_misc":{"Estimated reading time":"1 minute"},"schema":{"@context":"https:\/\/schema.org","@graph":[{"@type":"WebPage","@id":"https:\/\/esferareal.com\/imovel\/garagem-e-logradouro-975\/","url":"https:\/\/esferareal.com\/imovel\/garagem-e-logradouro-975\/","name":"Garagem e Logradouro - 975 - Esfera Real","isPartOf":{"@id":"https:\/\/esferareal.com\/#website"},"primaryImageOfPage":{"@id":"https:\/\/esferareal.com\/imovel\/garagem-e-logradouro-975\/#primaryimage"},"image":{"@id":"https:\/\/esferareal.com\/imovel\/garagem-e-logradouro-975\/#primaryimage"},"thumbnailUrl":"https:\/\/esferareal.com\/wp-content\/uploads\/2024\/12\/1-975-NEW-Custom.jpg","datePublished":"2024-12-05T16:08:26+00:00","dateModified":"2025-02-12T09:45:56+00:00","breadcrumb":{"@id":"https:\/\/esferareal.com\/imovel\/garagem-e-logradouro-975\/#breadcrumb"},"inLanguage":"en-GB","potentialAction":[{"@type":"ReadAction","target":["https:\/\/esferareal.com\/imovel\/garagem-e-logradouro-975\/"]}]},{"@type":"ImageObject","inLanguage":"en-GB","@id":"https:\/\/esferareal.com\/imovel\/garagem-e-logradouro-975\/#primaryimage","url":"https:\/\/esferareal.com\/wp-content\/uploads\/2024\/12\/1-975-NEW-Custom.jpg","contentUrl":"https:\/\/esferareal.com\/wp-content\/uploads\/2024\/12\/1-975-NEW-Custom.jpg","width":736,"height":414},{"@type":"BreadcrumbList","@id":"https:\/\/esferareal.com\/imovel\/garagem-e-logradouro-975\/#breadcrumb","itemListElement":[{"@type":"ListItem","position":1,"name":"In\u00edcio","item":"https:\/\/esferareal.com\/en\/"},{"@type":"ListItem","position":2,"name":"Garagem e Logradouro &#8211; 975"}]},{"@type":"WebSite","@id":"https:\/\/esferareal.com\/#website","url":"https:\/\/esferareal.com\/","name":"Esfera Real","description":"Media\u00e7\u00e3o Imobili\u00e1ria","publisher":{"@id":"https:\/\/esferareal.com\/#organization"},"potentialAction":[{"@type":"SearchAction","target":{"@type":"EntryPoint","urlTemplate":"https:\/\/esferareal.com\/?s={search_term_string}"},"query-input":{"@type":"PropertyValueSpecification","valueRequired":true,"valueName":"search_term_string"}}],"inLanguage":"en-GB"},{"@type":"Organization","@id":"https:\/\/esferareal.com\/#organization","name":"Esfera Real Media\u00e7\u00e3o Imobili\u00e1ria","url":"https:\/\/esferareal.com\/","logo":{"@type":"ImageObject","inLanguage":"en-GB","@id":"https:\/\/esferareal.com\/#\/schema\/logo\/image\/","url":"https:\/\/esferareal.com\/wp-content\/uploads\/2024\/10\/logo-esferareal300.png","contentUrl":"https:\/\/esferareal.com\/wp-content\/uploads\/2024\/10\/logo-esferareal300.png","width":300,"height":221,"caption":"Esfera Real Media\u00e7\u00e3o Imobili\u00e1ria"},"image":{"@id":"https:\/\/esferareal.com\/#\/schema\/logo\/image\/"},"sameAs":["https:\/\/www.facebook.com\/people\/Esfera-Real\/100057693960084\/","https:\/\/www.instagram.com\/esferareal\/","https:\/\/www.youtube.com\/channel\/UCYb-CPOTpF03PSyHBSoCfbA"]}]}},"_links":{"self":[{"href":"https:\/\/esferareal.com\/en\/wp-json\/wp\/v2\/imovel\/1942","targetHints":{"allow":["GET"]}}],"collection":[{"href":"https:\/\/esferareal.com\/en\/wp-json\/wp\/v2\/imovel"}],"about":[{"href":"https:\/\/esferareal.com\/en\/wp-json\/wp\/v2\/types\/imovel"}],"author":[{"embeddable":true,"href":"https:\/\/esferareal.com\/en\/wp-json\/wp\/v2\/users\/6"}],"version-history":[{"count":1,"href":"https:\/\/esferareal.com\/en\/wp-json\/wp\/v2\/imovel\/1942\/revisions"}],"predecessor-version":[{"id":1943,"href":"https:\/\/esferareal.com\/en\/wp-json\/wp\/v2\/imovel\/1942\/revisions\/1943"}],"wp:featuredmedia":[{"embeddable":true,"href":"https:\/\/esferareal.com\/en\/wp-json\/wp\/v2\/media\/1929"}],"wp:attachment":[{"href":"https:\/\/esferareal.com\/en\/wp-json\/wp\/v2\/media?parent=1942"}],"wp:term":[{"taxonomy":"tipo","embeddable":true,"href":"https:\/\/esferareal.com\/en\/wp-json\/wp\/v2\/tipo?post=1942"}],"curies":[{"name":"wp","href":"https:\/\/api.w.org\/{rel}","templated":true}]}}

<!-- This site is optimized with the Yoast SEO plugin v24.4 - https://yoast.com/wordpress/plugins/seo/ -->
<title>Garagem e Logradouro - 975 - Esfera Real</title>
<meta name="robots" content="index, follow, max-snippet:-1, max-image-preview:large, max-video-preview:-1" />
<link rel="canonical" href="https://esferareal.com/en/imovel/garagem-e-logradouro-975/" />
<meta property="og:locale" content="en_GB" />
<meta property="og:type" content="article" />
<meta property="og:title" content="Garagem e Logradouro - 975 - Esfera Real" />
<meta property="og:description" content="Garagem com logradouro todo murado e vedado com portão de segurança.Trata-se de um registo de artigo Urbano com a afectação de arrecadação e arrumos com uma área coberta de 58,50 m2. Devido à segurança oferecida, esta propriedade é ideal para guardar vários barcos ou motas de água para quando vem usufruir da belíssima barragem do [&hellip;]" />
<meta property="og:url" content="https://esferareal.com/en/imovel/garagem-e-logradouro-975/" />
<meta property="og:site_name" content="Esfera Real" />
<meta property="article:publisher" content="https://www.facebook.com/people/Esfera-Real/100057693960084/" />
<meta property="article:modified_time" content="2025-02-12T09:45:56+00:00" />
<meta property="og:image" content="https://esferareal.com/wp-content/uploads/2024/12/1-975-NEW-Custom.jpg" />
	<meta property="og:image:width" content="736" />
	<meta property="og:image:height" content="414" />
	<meta property="og:image:type" content="image/jpeg" />
<meta name="twitter:card" content="summary_large_image" />
<meta name="twitter:label1" content="Estimated reading time" />
	<meta name="twitter:data1" content="1 minute" />
<script type="application/ld+json" class="yoast-schema-graph">{"@context":"https://schema.org","@graph":[{"@type":"WebPage","@id":"https://esferareal.com/imovel/garagem-e-logradouro-975/","url":"https://esferareal.com/imovel/garagem-e-logradouro-975/","name":"Garagem e Logradouro - 975 - Esfera Real","isPartOf":{"@id":"https://esferareal.com/#website"},"primaryImageOfPage":{"@id":"https://esferareal.com/imovel/garagem-e-logradouro-975/#primaryimage"},"image":{"@id":"https://esferareal.com/imovel/garagem-e-logradouro-975/#primaryimage"},"thumbnailUrl":"https://esferareal.com/wp-content/uploads/2024/12/1-975-NEW-Custom.jpg","datePublished":"2024-12-05T16:08:26+00:00","dateModified":"2025-02-12T09:45:56+00:00","breadcrumb":{"@id":"https://esferareal.com/imovel/garagem-e-logradouro-975/#breadcrumb"},"inLanguage":"en-GB","potentialAction":[{"@type":"ReadAction","target":["https://esferareal.com/imovel/garagem-e-logradouro-975/"]}]},{"@type":"ImageObject","inLanguage":"en-GB","@id":"https://esferareal.com/imovel/garagem-e-logradouro-975/#primaryimage","url":"https://esferareal.com/wp-content/uploads/2024/12/1-975-NEW-Custom.jpg","contentUrl":"https://esferareal.com/wp-content/uploads/2024/12/1-975-NEW-Custom.jpg","width":736,"height":414},{"@type":"BreadcrumbList","@id":"https://esferareal.com/imovel/garagem-e-logradouro-975/#breadcrumb","itemListElement":[{"@type":"ListItem","position":1,"name":"Início","item":"https://esferareal.com/en/"},{"@type":"ListItem","position":2,"name":"Garagem e Logradouro &#8211; 975"}]},{"@type":"WebSite","@id":"https://esferareal.com/#website","url":"https://esferareal.com/","name":"Esfera Real","description":"Mediação Imobiliária","publisher":{"@id":"https://esferareal.com/#organization"},"potentialAction":[{"@type":"SearchAction","target":{"@type":"EntryPoint","urlTemplate":"https://esferareal.com/?s={search_term_string}"},"query-input":{"@type":"PropertyValueSpecification","valueRequired":true,"valueName":"search_term_string"}}],"inLanguage":"en-GB"},{"@type":"Organization","@id":"https://esferareal.com/#organization","name":"Esfera Real Mediação Imobiliária","url":"https://esferareal.com/","logo":{"@type":"ImageObject","inLanguage":"en-GB","@id":"https://esferareal.com/#/schema/logo/image/","url":"https://esferareal.com/wp-content/uploads/2024/10/logo-esferareal300.png","contentUrl":"https://esferareal.com/wp-content/uploads/2024/10/logo-esferareal300.png","width":300,"height":221,"caption":"Esfera Real Mediação Imobiliária"},"image":{"@id":"https://esferareal.com/#/schema/logo/image/"},"sameAs":["https://www.facebook.com/people/Esfera-Real/100057693960084/","https://www.instagram.com/esferareal/","https://www.youtube.com/channel/UCYb-CPOTpF03PSyHBSoCfbA"]}]}</script>
<!-- / Yoast SEO plugin. -->

Garagem com logradouro todo murado e vedado com portão de segurança.Trata-se de um registo de artigo Urbano com a afectação de arrecadação e arrumos com uma área coberta de 58,50 m2. Devido à segurança oferecida, esta propriedade é ideal para guardar vários barcos ou motas de água para quando vem usufruir da belíssima barragem do [&hellip;]

Início

Mediação Imobiliária

Esfera Real Mediação Imobiliária
