 
{"id":2389,"date":"2024-12-06T10:36:16","date_gmt":"2024-12-06T10:36:16","guid":{"rendered":"https:\/\/esferareal.com\/?post_type=imovel&#038;p=2389"},"modified":"2025-09-26T14:23:43","modified_gmt":"2025-09-26T14:23:43","slug":"terras-do-soutelinho-1142","status":"publish","type":"imovel","link":"https:\/\/esferareal.com\/en\/imovel\/terras-do-soutelinho-1142\/","title":{"rendered":"Terras do Soutelinho &#8211; 1142"},"content":{"rendered":"<p>Plot of land with 12,240 m\u00b2, consisting of two rural articles, located in a peaceful village, surrounded by nature and rivers!<\/p>\n\n\n\n<p>Approximately 2,700 m\u00b2 of the property lies within the urban perimeter, an area designated for housing, which allows the approval of new constructions, such as houses or residential projects! The lower section, flat and fertile, with around 1,500 m\u00b2, is ideal for cultivation and already includes fruit trees. The remaining land is woodland, which can be used for construction, for agricultural or forestry purposes, or even for the development of a rural estate with livestock.<\/p>\n\n\n\n<p>The property benefits from water, electricity and telephone connections, good access and excellent sun exposure.<\/p>\n\n\n\n<p>Located in a small village with essential services and a calm atmosphere, it is just 2 to 3 km from the reservoir, offering proximity to leisure areas by the water. This is a versatile space that combines building potential with agricultural and forestry use, ideal for those looking to invest in the countryside and create a personalised project!<\/p>\n\n\n\n<p><\/p>","protected":false},"author":3,"featured_media":2371,"template":"","meta":{"_acf_changed":false,"footnotes":""},"tipo":[12],"class_list":["post-2389","imovel","type-imovel","status-publish","has-post-thumbnail","hentry","tipo-terreno"],"acf":[],"yoast_head":"<!-- This site is optimized with the Yoast SEO plugin v24.4 - https:\/\/yoast.com\/wordpress\/plugins\/seo\/ -->\n<title>Terras do Soutelinho - 1142 - Esfera Real<\/title>\n<meta name=\"robots\" content=\"index, follow, max-snippet:-1, max-image-preview:large, max-video-preview:-1\" \/>\n<link rel=\"canonical\" href=\"https:\/\/esferareal.com\/en\/imovel\/terras-do-soutelinho-1142\/\" \/>\n<meta property=\"og:locale\" content=\"en_GB\" \/>\n<meta property=\"og:type\" content=\"article\" \/>\n<meta property=\"og:title\" content=\"Terras do Soutelinho - 1142 - Esfera Real\" \/>\n<meta property=\"og:description\" content=\"Terreno com 12.240 m\u00b2, composto por dois artigos r\u00fasticos, localizado numa aldeia tranquila, rodeada por natureza e rios! Aproximadamente 2.700 m2 da propriedade encontram-se dentro do per\u00edmetro urbano, espa\u00e7o destinado a habita\u00e7\u00e3o, o que permite a aprova\u00e7\u00e3o de novas constru\u00e7\u00f5es, como moradias ou projetos residenciais! A zona mais baixa, plana e f\u00e9rtil, com cerca de [&hellip;]\" \/>\n<meta property=\"og:url\" content=\"https:\/\/esferareal.com\/en\/imovel\/terras-do-soutelinho-1142\/\" \/>\n<meta property=\"og:site_name\" content=\"Esfera Real\" \/>\n<meta property=\"article:publisher\" content=\"https:\/\/www.facebook.com\/people\/Esfera-Real\/100057693960084\/\" \/>\n<meta property=\"article:modified_time\" content=\"2025-09-26T14:23:43+00:00\" \/>\n<meta property=\"og:image\" content=\"https:\/\/esferareal.com\/wp-content\/uploads\/2024\/12\/1-1142-new-Custom.jpg\" \/>\n\t<meta property=\"og:image:width\" content=\"667\" \/>\n\t<meta property=\"og:image:height\" content=\"500\" \/>\n\t<meta property=\"og:image:type\" content=\"image\/jpeg\" \/>\n<meta name=\"twitter:card\" content=\"summary_large_image\" \/>\n<meta name=\"twitter:label1\" content=\"Estimated reading time\" \/>\n\t<meta name=\"twitter:data1\" content=\"2 minutes\" \/>\n<script type=\"application\/ld+json\" class=\"yoast-schema-graph\">{\"@context\":\"https:\/\/schema.org\",\"@graph\":[{\"@type\":\"WebPage\",\"@id\":\"https:\/\/esferareal.com\/imovel\/terras-do-soutelinho-1142\/\",\"url\":\"https:\/\/esferareal.com\/imovel\/terras-do-soutelinho-1142\/\",\"name\":\"Terras do Soutelinho - 1142 - Esfera Real\",\"isPartOf\":{\"@id\":\"https:\/\/esferareal.com\/#website\"},\"primaryImageOfPage\":{\"@id\":\"https:\/\/esferareal.com\/imovel\/terras-do-soutelinho-1142\/#primaryimage\"},\"image\":{\"@id\":\"https:\/\/esferareal.com\/imovel\/terras-do-soutelinho-1142\/#primaryimage\"},\"thumbnailUrl\":\"https:\/\/esferareal.com\/wp-content\/uploads\/2024\/12\/1-1142-new-Custom.jpg\",\"datePublished\":\"2024-12-06T10:36:16+00:00\",\"dateModified\":\"2025-09-26T14:23:43+00:00\",\"breadcrumb\":{\"@id\":\"https:\/\/esferareal.com\/imovel\/terras-do-soutelinho-1142\/#breadcrumb\"},\"inLanguage\":\"en-GB\",\"potentialAction\":[{\"@type\":\"ReadAction\",\"target\":[\"https:\/\/esferareal.com\/imovel\/terras-do-soutelinho-1142\/\"]}]},{\"@type\":\"ImageObject\",\"inLanguage\":\"en-GB\",\"@id\":\"https:\/\/esferareal.com\/imovel\/terras-do-soutelinho-1142\/#primaryimage\",\"url\":\"https:\/\/esferareal.com\/wp-content\/uploads\/2024\/12\/1-1142-new-Custom.jpg\",\"contentUrl\":\"https:\/\/esferareal.com\/wp-content\/uploads\/2024\/12\/1-1142-new-Custom.jpg\",\"width\":667,\"height\":500,\"caption\":\"default\"},{\"@type\":\"BreadcrumbList\",\"@id\":\"https:\/\/esferareal.com\/imovel\/terras-do-soutelinho-1142\/#breadcrumb\",\"itemListElement\":[{\"@type\":\"ListItem\",\"position\":1,\"name\":\"In\u00edcio\",\"item\":\"https:\/\/esferareal.com\/en\/\"},{\"@type\":\"ListItem\",\"position\":2,\"name\":\"Terras do Soutelinho &#8211; 1142\"}]},{\"@type\":\"WebSite\",\"@id\":\"https:\/\/esferareal.com\/#website\",\"url\":\"https:\/\/esferareal.com\/\",\"name\":\"Esfera Real\",\"description\":\"Media\u00e7\u00e3o Imobili\u00e1ria\",\"publisher\":{\"@id\":\"https:\/\/esferareal.com\/#organization\"},\"potentialAction\":[{\"@type\":\"SearchAction\",\"target\":{\"@type\":\"EntryPoint\",\"urlTemplate\":\"https:\/\/esferareal.com\/?s={search_term_string}\"},\"query-input\":{\"@type\":\"PropertyValueSpecification\",\"valueRequired\":true,\"valueName\":\"search_term_string\"}}],\"inLanguage\":\"en-GB\"},{\"@type\":\"Organization\",\"@id\":\"https:\/\/esferareal.com\/#organization\",\"name\":\"Esfera Real Media\u00e7\u00e3o Imobili\u00e1ria\",\"url\":\"https:\/\/esferareal.com\/\",\"logo\":{\"@type\":\"ImageObject\",\"inLanguage\":\"en-GB\",\"@id\":\"https:\/\/esferareal.com\/#\/schema\/logo\/image\/\",\"url\":\"https:\/\/esferareal.com\/wp-content\/uploads\/2024\/10\/logo-esferareal300.png\",\"contentUrl\":\"https:\/\/esferareal.com\/wp-content\/uploads\/2024\/10\/logo-esferareal300.png\",\"width\":300,\"height\":221,\"caption\":\"Esfera Real Media\u00e7\u00e3o Imobili\u00e1ria\"},\"image\":{\"@id\":\"https:\/\/esferareal.com\/#\/schema\/logo\/image\/\"},\"sameAs\":[\"https:\/\/www.facebook.com\/people\/Esfera-Real\/100057693960084\/\",\"https:\/\/www.instagram.com\/esferareal\/\",\"https:\/\/www.youtube.com\/channel\/UCYb-CPOTpF03PSyHBSoCfbA\"]}]}<\/script>\n<!-- \/ Yoast SEO plugin. -->","yoast_head_json":{"title":"Terras do Soutelinho - 1142 - Esfera Real","robots":{"index":"index","follow":"follow","max-snippet":"max-snippet:-1","max-image-preview":"max-image-preview:large","max-video-preview":"max-video-preview:-1"},"canonical":"https:\/\/esferareal.com\/en\/imovel\/terras-do-soutelinho-1142\/","og_locale":"en_GB","og_type":"article","og_title":"Terras do Soutelinho - 1142 - Esfera Real","og_description":"Terreno com 12.240 m\u00b2, composto por dois artigos r\u00fasticos, localizado numa aldeia tranquila, rodeada por natureza e rios! Aproximadamente 2.700 m2 da propriedade encontram-se dentro do per\u00edmetro urbano, espa\u00e7o destinado a habita\u00e7\u00e3o, o que permite a aprova\u00e7\u00e3o de novas constru\u00e7\u00f5es, como moradias ou projetos residenciais! A zona mais baixa, plana e f\u00e9rtil, com cerca de [&hellip;]","og_url":"https:\/\/esferareal.com\/en\/imovel\/terras-do-soutelinho-1142\/","og_site_name":"Esfera Real","article_publisher":"https:\/\/www.facebook.com\/people\/Esfera-Real\/100057693960084\/","article_modified_time":"2025-09-26T14:23:43+00:00","og_image":[{"width":667,"height":500,"url":"https:\/\/esferareal.com\/wp-content\/uploads\/2024\/12\/1-1142-new-Custom.jpg","type":"image\/jpeg"}],"twitter_card":"summary_large_image","twitter_misc":{"Estimated reading time":"2 minutes"},"schema":{"@context":"https:\/\/schema.org","@graph":[{"@type":"WebPage","@id":"https:\/\/esferareal.com\/imovel\/terras-do-soutelinho-1142\/","url":"https:\/\/esferareal.com\/imovel\/terras-do-soutelinho-1142\/","name":"Terras do Soutelinho - 1142 - Esfera Real","isPartOf":{"@id":"https:\/\/esferareal.com\/#website"},"primaryImageOfPage":{"@id":"https:\/\/esferareal.com\/imovel\/terras-do-soutelinho-1142\/#primaryimage"},"image":{"@id":"https:\/\/esferareal.com\/imovel\/terras-do-soutelinho-1142\/#primaryimage"},"thumbnailUrl":"https:\/\/esferareal.com\/wp-content\/uploads\/2024\/12\/1-1142-new-Custom.jpg","datePublished":"2024-12-06T10:36:16+00:00","dateModified":"2025-09-26T14:23:43+00:00","breadcrumb":{"@id":"https:\/\/esferareal.com\/imovel\/terras-do-soutelinho-1142\/#breadcrumb"},"inLanguage":"en-GB","potentialAction":[{"@type":"ReadAction","target":["https:\/\/esferareal.com\/imovel\/terras-do-soutelinho-1142\/"]}]},{"@type":"ImageObject","inLanguage":"en-GB","@id":"https:\/\/esferareal.com\/imovel\/terras-do-soutelinho-1142\/#primaryimage","url":"https:\/\/esferareal.com\/wp-content\/uploads\/2024\/12\/1-1142-new-Custom.jpg","contentUrl":"https:\/\/esferareal.com\/wp-content\/uploads\/2024\/12\/1-1142-new-Custom.jpg","width":667,"height":500,"caption":"default"},{"@type":"BreadcrumbList","@id":"https:\/\/esferareal.com\/imovel\/terras-do-soutelinho-1142\/#breadcrumb","itemListElement":[{"@type":"ListItem","position":1,"name":"In\u00edcio","item":"https:\/\/esferareal.com\/en\/"},{"@type":"ListItem","position":2,"name":"Terras do Soutelinho &#8211; 1142"}]},{"@type":"WebSite","@id":"https:\/\/esferareal.com\/#website","url":"https:\/\/esferareal.com\/","name":"Esfera Real","description":"Media\u00e7\u00e3o Imobili\u00e1ria","publisher":{"@id":"https:\/\/esferareal.com\/#organization"},"potentialAction":[{"@type":"SearchAction","target":{"@type":"EntryPoint","urlTemplate":"https:\/\/esferareal.com\/?s={search_term_string}"},"query-input":{"@type":"PropertyValueSpecification","valueRequired":true,"valueName":"search_term_string"}}],"inLanguage":"en-GB"},{"@type":"Organization","@id":"https:\/\/esferareal.com\/#organization","name":"Esfera Real Media\u00e7\u00e3o Imobili\u00e1ria","url":"https:\/\/esferareal.com\/","logo":{"@type":"ImageObject","inLanguage":"en-GB","@id":"https:\/\/esferareal.com\/#\/schema\/logo\/image\/","url":"https:\/\/esferareal.com\/wp-content\/uploads\/2024\/10\/logo-esferareal300.png","contentUrl":"https:\/\/esferareal.com\/wp-content\/uploads\/2024\/10\/logo-esferareal300.png","width":300,"height":221,"caption":"Esfera Real Media\u00e7\u00e3o Imobili\u00e1ria"},"image":{"@id":"https:\/\/esferareal.com\/#\/schema\/logo\/image\/"},"sameAs":["https:\/\/www.facebook.com\/people\/Esfera-Real\/100057693960084\/","https:\/\/www.instagram.com\/esferareal\/","https:\/\/www.youtube.com\/channel\/UCYb-CPOTpF03PSyHBSoCfbA"]}]}},"_links":{"self":[{"href":"https:\/\/esferareal.com\/en\/wp-json\/wp\/v2\/imovel\/2389","targetHints":{"allow":["GET"]}}],"collection":[{"href":"https:\/\/esferareal.com\/en\/wp-json\/wp\/v2\/imovel"}],"about":[{"href":"https:\/\/esferareal.com\/en\/wp-json\/wp\/v2\/types\/imovel"}],"author":[{"embeddable":true,"href":"https:\/\/esferareal.com\/en\/wp-json\/wp\/v2\/users\/3"}],"version-history":[{"count":3,"href":"https:\/\/esferareal.com\/en\/wp-json\/wp\/v2\/imovel\/2389\/revisions"}],"predecessor-version":[{"id":9525,"href":"https:\/\/esferareal.com\/en\/wp-json\/wp\/v2\/imovel\/2389\/revisions\/9525"}],"wp:featuredmedia":[{"embeddable":true,"href":"https:\/\/esferareal.com\/en\/wp-json\/wp\/v2\/media\/2371"}],"wp:attachment":[{"href":"https:\/\/esferareal.com\/en\/wp-json\/wp\/v2\/media?parent=2389"}],"wp:term":[{"taxonomy":"tipo","embeddable":true,"href":"https:\/\/esferareal.com\/en\/wp-json\/wp\/v2\/tipo?post=2389"}],"curies":[{"name":"wp","href":"https:\/\/api.w.org\/{rel}","templated":true}]}}

<!-- This site is optimized with the Yoast SEO plugin v24.4 - https://yoast.com/wordpress/plugins/seo/ -->
<title>Terras do Soutelinho - 1142 - Esfera Real</title>
<meta name="robots" content="index, follow, max-snippet:-1, max-image-preview:large, max-video-preview:-1" />
<link rel="canonical" href="https://esferareal.com/en/imovel/terras-do-soutelinho-1142/" />
<meta property="og:locale" content="en_GB" />
<meta property="og:type" content="article" />
<meta property="og:title" content="Terras do Soutelinho - 1142 - Esfera Real" />
<meta property="og:description" content="Terreno com 12.240 m², composto por dois artigos rústicos, localizado numa aldeia tranquila, rodeada por natureza e rios! Aproximadamente 2.700 m2 da propriedade encontram-se dentro do perímetro urbano, espaço destinado a habitação, o que permite a aprovação de novas construções, como moradias ou projetos residenciais! A zona mais baixa, plana e fértil, com cerca de [&hellip;]" />
<meta property="og:url" content="https://esferareal.com/en/imovel/terras-do-soutelinho-1142/" />
<meta property="og:site_name" content="Esfera Real" />
<meta property="article:publisher" content="https://www.facebook.com/people/Esfera-Real/100057693960084/" />
<meta property="article:modified_time" content="2025-09-26T14:23:43+00:00" />
<meta property="og:image" content="https://esferareal.com/wp-content/uploads/2024/12/1-1142-new-Custom.jpg" />
	<meta property="og:image:width" content="667" />
	<meta property="og:image:height" content="500" />
	<meta property="og:image:type" content="image/jpeg" />
<meta name="twitter:card" content="summary_large_image" />
<meta name="twitter:label1" content="Estimated reading time" />
	<meta name="twitter:data1" content="2 minutes" />
<script type="application/ld+json" class="yoast-schema-graph">{"@context":"https://schema.org","@graph":[{"@type":"WebPage","@id":"https://esferareal.com/imovel/terras-do-soutelinho-1142/","url":"https://esferareal.com/imovel/terras-do-soutelinho-1142/","name":"Terras do Soutelinho - 1142 - Esfera Real","isPartOf":{"@id":"https://esferareal.com/#website"},"primaryImageOfPage":{"@id":"https://esferareal.com/imovel/terras-do-soutelinho-1142/#primaryimage"},"image":{"@id":"https://esferareal.com/imovel/terras-do-soutelinho-1142/#primaryimage"},"thumbnailUrl":"https://esferareal.com/wp-content/uploads/2024/12/1-1142-new-Custom.jpg","datePublished":"2024-12-06T10:36:16+00:00","dateModified":"2025-09-26T14:23:43+00:00","breadcrumb":{"@id":"https://esferareal.com/imovel/terras-do-soutelinho-1142/#breadcrumb"},"inLanguage":"en-GB","potentialAction":[{"@type":"ReadAction","target":["https://esferareal.com/imovel/terras-do-soutelinho-1142/"]}]},{"@type":"ImageObject","inLanguage":"en-GB","@id":"https://esferareal.com/imovel/terras-do-soutelinho-1142/#primaryimage","url":"https://esferareal.com/wp-content/uploads/2024/12/1-1142-new-Custom.jpg","contentUrl":"https://esferareal.com/wp-content/uploads/2024/12/1-1142-new-Custom.jpg","width":667,"height":500,"caption":"default"},{"@type":"BreadcrumbList","@id":"https://esferareal.com/imovel/terras-do-soutelinho-1142/#breadcrumb","itemListElement":[{"@type":"ListItem","position":1,"name":"Início","item":"https://esferareal.com/en/"},{"@type":"ListItem","position":2,"name":"Terras do Soutelinho &#8211; 1142"}]},{"@type":"WebSite","@id":"https://esferareal.com/#website","url":"https://esferareal.com/","name":"Esfera Real","description":"Mediação Imobiliária","publisher":{"@id":"https://esferareal.com/#organization"},"potentialAction":[{"@type":"SearchAction","target":{"@type":"EntryPoint","urlTemplate":"https://esferareal.com/?s={search_term_string}"},"query-input":{"@type":"PropertyValueSpecification","valueRequired":true,"valueName":"search_term_string"}}],"inLanguage":"en-GB"},{"@type":"Organization","@id":"https://esferareal.com/#organization","name":"Esfera Real Mediação Imobiliária","url":"https://esferareal.com/","logo":{"@type":"ImageObject","inLanguage":"en-GB","@id":"https://esferareal.com/#/schema/logo/image/","url":"https://esferareal.com/wp-content/uploads/2024/10/logo-esferareal300.png","contentUrl":"https://esferareal.com/wp-content/uploads/2024/10/logo-esferareal300.png","width":300,"height":221,"caption":"Esfera Real Mediação Imobiliária"},"image":{"@id":"https://esferareal.com/#/schema/logo/image/"},"sameAs":["https://www.facebook.com/people/Esfera-Real/100057693960084/","https://www.instagram.com/esferareal/","https://www.youtube.com/channel/UCYb-CPOTpF03PSyHBSoCfbA"]}]}</script>
<!-- / Yoast SEO plugin. -->

Terreno com 12.240 m², composto por dois artigos rústicos, localizado numa aldeia tranquila, rodeada por natureza e rios! Aproximadamente 2.700 m2 da propriedade encontram-se dentro do perímetro urbano, espaço destinado a habitação, o que permite a aprovação de novas construções, como moradias ou projetos residenciais! A zona mais baixa, plana e fértil, com cerca de [&hellip;]

Início

Mediação Imobiliária

Esfera Real Mediação Imobiliária
