 
{"id":2570,"date":"2024-12-06T11:10:17","date_gmt":"2024-12-06T11:10:17","guid":{"rendered":"https:\/\/esferareal.com\/?post_type=imovel&#038;p=2570"},"modified":"2025-02-12T09:59:06","modified_gmt":"2025-02-12T09:59:06","slug":"quinta-do-cabril-1156","status":"publish","type":"imovel","link":"https:\/\/esferareal.com\/en\/imovel\/quinta-do-cabril-1156\/","title":{"rendered":"Quinta do Cabril &#8211; 1156"},"content":{"rendered":"<p>A plot comprising mostly by agriculture land, with a shared water well, but also with forest.<\/p>\n\n\n\n<p>It has a ruin, which was once a residential house, but is not registered.<\/p>\n\n\n\n<p>The land, with 6,920 sqm, has two access roads on dirt roads, but possible for any car. However, both dirt roads giving access to the Cabril\u00b4s dam are only for 4x4 cars.<\/p>\n\n\n\n<p>I highlight the proximity to the Z\u00eazere river and the Cabril\u00b4s dam and it\u00b4s majestic beauty.<\/p>\n\n\n\n<p>This is an ideal property to install a mobile home, caravans, or to restore the existing ruin and request its subsequent registration, as it was built before 1951.<\/p>\n\n\n\n<p>Visit this unique opportunity and you can buy a plot near the Cabril\u00b4s dam!<\/p>","protected":false},"author":6,"featured_media":2529,"template":"","meta":{"_acf_changed":false,"footnotes":""},"tipo":[12],"class_list":["post-2570","imovel","type-imovel","status-publish","has-post-thumbnail","hentry","tipo-terreno"],"acf":[],"yoast_head":"<!-- This site is optimized with the Yoast SEO plugin v24.4 - https:\/\/yoast.com\/wordpress\/plugins\/seo\/ -->\n<title>Quinta do Cabril - 1156 - Esfera Real<\/title>\n<meta name=\"robots\" content=\"index, follow, max-snippet:-1, max-image-preview:large, max-video-preview:-1\" \/>\n<link rel=\"canonical\" href=\"https:\/\/esferareal.com\/en\/imovel\/quinta-do-cabril-1156\/\" \/>\n<meta property=\"og:locale\" content=\"en_GB\" \/>\n<meta property=\"og:type\" content=\"article\" \/>\n<meta property=\"og:title\" content=\"Quinta do Cabril - 1156 - Esfera Real\" \/>\n<meta property=\"og:description\" content=\"Terreno maioritariamente de cultivo, com um po\u00e7o partilhado, mas tamb\u00e9m com parte florestal. Possui uma ru\u00edna, que foi em tempos uma casa de habita\u00e7\u00e3o, mas que n\u00e3o est\u00e1 registada. O terreno, com 6.920 m2, possui dois acessos em estrada de terra batida, mas poss\u00edvel para qualquer carro. No entanto, ambas as estradas de terra batida [&hellip;]\" \/>\n<meta property=\"og:url\" content=\"https:\/\/esferareal.com\/en\/imovel\/quinta-do-cabril-1156\/\" \/>\n<meta property=\"og:site_name\" content=\"Esfera Real\" \/>\n<meta property=\"article:publisher\" content=\"https:\/\/www.facebook.com\/people\/Esfera-Real\/100057693960084\/\" \/>\n<meta property=\"article:modified_time\" content=\"2025-02-12T09:59:06+00:00\" \/>\n<meta property=\"og:image\" content=\"https:\/\/esferareal.com\/wp-content\/uploads\/2024\/12\/1-1156-Custom.jpg\" \/>\n\t<meta property=\"og:image:width\" content=\"750\" \/>\n\t<meta property=\"og:image:height\" content=\"422\" \/>\n\t<meta property=\"og:image:type\" content=\"image\/jpeg\" \/>\n<meta name=\"twitter:card\" content=\"summary_large_image\" \/>\n<meta name=\"twitter:label1\" content=\"Estimated reading time\" \/>\n\t<meta name=\"twitter:data1\" content=\"1 minute\" \/>\n<script type=\"application\/ld+json\" class=\"yoast-schema-graph\">{\"@context\":\"https:\/\/schema.org\",\"@graph\":[{\"@type\":\"WebPage\",\"@id\":\"https:\/\/esferareal.com\/imovel\/quinta-do-cabril-1156\/\",\"url\":\"https:\/\/esferareal.com\/imovel\/quinta-do-cabril-1156\/\",\"name\":\"Quinta do Cabril - 1156 - Esfera Real\",\"isPartOf\":{\"@id\":\"https:\/\/esferareal.com\/#website\"},\"primaryImageOfPage\":{\"@id\":\"https:\/\/esferareal.com\/imovel\/quinta-do-cabril-1156\/#primaryimage\"},\"image\":{\"@id\":\"https:\/\/esferareal.com\/imovel\/quinta-do-cabril-1156\/#primaryimage\"},\"thumbnailUrl\":\"https:\/\/esferareal.com\/wp-content\/uploads\/2024\/12\/1-1156-Custom.jpg\",\"datePublished\":\"2024-12-06T11:10:17+00:00\",\"dateModified\":\"2025-02-12T09:59:06+00:00\",\"breadcrumb\":{\"@id\":\"https:\/\/esferareal.com\/imovel\/quinta-do-cabril-1156\/#breadcrumb\"},\"inLanguage\":\"en-GB\",\"potentialAction\":[{\"@type\":\"ReadAction\",\"target\":[\"https:\/\/esferareal.com\/imovel\/quinta-do-cabril-1156\/\"]}]},{\"@type\":\"ImageObject\",\"inLanguage\":\"en-GB\",\"@id\":\"https:\/\/esferareal.com\/imovel\/quinta-do-cabril-1156\/#primaryimage\",\"url\":\"https:\/\/esferareal.com\/wp-content\/uploads\/2024\/12\/1-1156-Custom.jpg\",\"contentUrl\":\"https:\/\/esferareal.com\/wp-content\/uploads\/2024\/12\/1-1156-Custom.jpg\",\"width\":750,\"height\":422},{\"@type\":\"BreadcrumbList\",\"@id\":\"https:\/\/esferareal.com\/imovel\/quinta-do-cabril-1156\/#breadcrumb\",\"itemListElement\":[{\"@type\":\"ListItem\",\"position\":1,\"name\":\"In\u00edcio\",\"item\":\"https:\/\/esferareal.com\/en\/\"},{\"@type\":\"ListItem\",\"position\":2,\"name\":\"Quinta do Cabril &#8211; 1156\"}]},{\"@type\":\"WebSite\",\"@id\":\"https:\/\/esferareal.com\/#website\",\"url\":\"https:\/\/esferareal.com\/\",\"name\":\"Esfera Real\",\"description\":\"Media\u00e7\u00e3o Imobili\u00e1ria\",\"publisher\":{\"@id\":\"https:\/\/esferareal.com\/#organization\"},\"potentialAction\":[{\"@type\":\"SearchAction\",\"target\":{\"@type\":\"EntryPoint\",\"urlTemplate\":\"https:\/\/esferareal.com\/?s={search_term_string}\"},\"query-input\":{\"@type\":\"PropertyValueSpecification\",\"valueRequired\":true,\"valueName\":\"search_term_string\"}}],\"inLanguage\":\"en-GB\"},{\"@type\":\"Organization\",\"@id\":\"https:\/\/esferareal.com\/#organization\",\"name\":\"Esfera Real Media\u00e7\u00e3o Imobili\u00e1ria\",\"url\":\"https:\/\/esferareal.com\/\",\"logo\":{\"@type\":\"ImageObject\",\"inLanguage\":\"en-GB\",\"@id\":\"https:\/\/esferareal.com\/#\/schema\/logo\/image\/\",\"url\":\"https:\/\/esferareal.com\/wp-content\/uploads\/2024\/10\/logo-esferareal300.png\",\"contentUrl\":\"https:\/\/esferareal.com\/wp-content\/uploads\/2024\/10\/logo-esferareal300.png\",\"width\":300,\"height\":221,\"caption\":\"Esfera Real Media\u00e7\u00e3o Imobili\u00e1ria\"},\"image\":{\"@id\":\"https:\/\/esferareal.com\/#\/schema\/logo\/image\/\"},\"sameAs\":[\"https:\/\/www.facebook.com\/people\/Esfera-Real\/100057693960084\/\",\"https:\/\/www.instagram.com\/esferareal\/\",\"https:\/\/www.youtube.com\/channel\/UCYb-CPOTpF03PSyHBSoCfbA\"]}]}<\/script>\n<!-- \/ Yoast SEO plugin. -->","yoast_head_json":{"title":"Quinta do Cabril - 1156 - Esfera Real","robots":{"index":"index","follow":"follow","max-snippet":"max-snippet:-1","max-image-preview":"max-image-preview:large","max-video-preview":"max-video-preview:-1"},"canonical":"https:\/\/esferareal.com\/en\/imovel\/quinta-do-cabril-1156\/","og_locale":"en_GB","og_type":"article","og_title":"Quinta do Cabril - 1156 - Esfera Real","og_description":"Terreno maioritariamente de cultivo, com um po\u00e7o partilhado, mas tamb\u00e9m com parte florestal. Possui uma ru\u00edna, que foi em tempos uma casa de habita\u00e7\u00e3o, mas que n\u00e3o est\u00e1 registada. O terreno, com 6.920 m2, possui dois acessos em estrada de terra batida, mas poss\u00edvel para qualquer carro. No entanto, ambas as estradas de terra batida [&hellip;]","og_url":"https:\/\/esferareal.com\/en\/imovel\/quinta-do-cabril-1156\/","og_site_name":"Esfera Real","article_publisher":"https:\/\/www.facebook.com\/people\/Esfera-Real\/100057693960084\/","article_modified_time":"2025-02-12T09:59:06+00:00","og_image":[{"width":750,"height":422,"url":"https:\/\/esferareal.com\/wp-content\/uploads\/2024\/12\/1-1156-Custom.jpg","type":"image\/jpeg"}],"twitter_card":"summary_large_image","twitter_misc":{"Estimated reading time":"1 minute"},"schema":{"@context":"https:\/\/schema.org","@graph":[{"@type":"WebPage","@id":"https:\/\/esferareal.com\/imovel\/quinta-do-cabril-1156\/","url":"https:\/\/esferareal.com\/imovel\/quinta-do-cabril-1156\/","name":"Quinta do Cabril - 1156 - Esfera Real","isPartOf":{"@id":"https:\/\/esferareal.com\/#website"},"primaryImageOfPage":{"@id":"https:\/\/esferareal.com\/imovel\/quinta-do-cabril-1156\/#primaryimage"},"image":{"@id":"https:\/\/esferareal.com\/imovel\/quinta-do-cabril-1156\/#primaryimage"},"thumbnailUrl":"https:\/\/esferareal.com\/wp-content\/uploads\/2024\/12\/1-1156-Custom.jpg","datePublished":"2024-12-06T11:10:17+00:00","dateModified":"2025-02-12T09:59:06+00:00","breadcrumb":{"@id":"https:\/\/esferareal.com\/imovel\/quinta-do-cabril-1156\/#breadcrumb"},"inLanguage":"en-GB","potentialAction":[{"@type":"ReadAction","target":["https:\/\/esferareal.com\/imovel\/quinta-do-cabril-1156\/"]}]},{"@type":"ImageObject","inLanguage":"en-GB","@id":"https:\/\/esferareal.com\/imovel\/quinta-do-cabril-1156\/#primaryimage","url":"https:\/\/esferareal.com\/wp-content\/uploads\/2024\/12\/1-1156-Custom.jpg","contentUrl":"https:\/\/esferareal.com\/wp-content\/uploads\/2024\/12\/1-1156-Custom.jpg","width":750,"height":422},{"@type":"BreadcrumbList","@id":"https:\/\/esferareal.com\/imovel\/quinta-do-cabril-1156\/#breadcrumb","itemListElement":[{"@type":"ListItem","position":1,"name":"In\u00edcio","item":"https:\/\/esferareal.com\/en\/"},{"@type":"ListItem","position":2,"name":"Quinta do Cabril &#8211; 1156"}]},{"@type":"WebSite","@id":"https:\/\/esferareal.com\/#website","url":"https:\/\/esferareal.com\/","name":"Esfera Real","description":"Media\u00e7\u00e3o Imobili\u00e1ria","publisher":{"@id":"https:\/\/esferareal.com\/#organization"},"potentialAction":[{"@type":"SearchAction","target":{"@type":"EntryPoint","urlTemplate":"https:\/\/esferareal.com\/?s={search_term_string}"},"query-input":{"@type":"PropertyValueSpecification","valueRequired":true,"valueName":"search_term_string"}}],"inLanguage":"en-GB"},{"@type":"Organization","@id":"https:\/\/esferareal.com\/#organization","name":"Esfera Real Media\u00e7\u00e3o Imobili\u00e1ria","url":"https:\/\/esferareal.com\/","logo":{"@type":"ImageObject","inLanguage":"en-GB","@id":"https:\/\/esferareal.com\/#\/schema\/logo\/image\/","url":"https:\/\/esferareal.com\/wp-content\/uploads\/2024\/10\/logo-esferareal300.png","contentUrl":"https:\/\/esferareal.com\/wp-content\/uploads\/2024\/10\/logo-esferareal300.png","width":300,"height":221,"caption":"Esfera Real Media\u00e7\u00e3o Imobili\u00e1ria"},"image":{"@id":"https:\/\/esferareal.com\/#\/schema\/logo\/image\/"},"sameAs":["https:\/\/www.facebook.com\/people\/Esfera-Real\/100057693960084\/","https:\/\/www.instagram.com\/esferareal\/","https:\/\/www.youtube.com\/channel\/UCYb-CPOTpF03PSyHBSoCfbA"]}]}},"_links":{"self":[{"href":"https:\/\/esferareal.com\/en\/wp-json\/wp\/v2\/imovel\/2570","targetHints":{"allow":["GET"]}}],"collection":[{"href":"https:\/\/esferareal.com\/en\/wp-json\/wp\/v2\/imovel"}],"about":[{"href":"https:\/\/esferareal.com\/en\/wp-json\/wp\/v2\/types\/imovel"}],"author":[{"embeddable":true,"href":"https:\/\/esferareal.com\/en\/wp-json\/wp\/v2\/users\/6"}],"version-history":[{"count":1,"href":"https:\/\/esferareal.com\/en\/wp-json\/wp\/v2\/imovel\/2570\/revisions"}],"predecessor-version":[{"id":2571,"href":"https:\/\/esferareal.com\/en\/wp-json\/wp\/v2\/imovel\/2570\/revisions\/2571"}],"wp:featuredmedia":[{"embeddable":true,"href":"https:\/\/esferareal.com\/en\/wp-json\/wp\/v2\/media\/2529"}],"wp:attachment":[{"href":"https:\/\/esferareal.com\/en\/wp-json\/wp\/v2\/media?parent=2570"}],"wp:term":[{"taxonomy":"tipo","embeddable":true,"href":"https:\/\/esferareal.com\/en\/wp-json\/wp\/v2\/tipo?post=2570"}],"curies":[{"name":"wp","href":"https:\/\/api.w.org\/{rel}","templated":true}]}}

<p>A plot comprising mostly by agriculture land, with a shared water well, but also with forest.</p>



<p>It has a ruin, which was once a residential house, but is not registered.</p>



<p>The land, with 6,920 sqm, has two access roads on dirt roads, but possible for any car. However, both dirt roads giving access to the Cabril´s dam are only for 4x4 cars.</p>



<p>I highlight the proximity to the Zêzere river and the Cabril´s dam and it´s majestic beauty.</p>



<p>This is an ideal property to install a mobile home, caravans, or to restore the existing ruin and request its subsequent registration, as it was built before 1951.</p>



<p>Visit this unique opportunity and you can buy a plot near the Cabril´s dam!</p>

<!-- This site is optimized with the Yoast SEO plugin v24.4 - https://yoast.com/wordpress/plugins/seo/ -->
<title>Quinta do Cabril - 1156 - Esfera Real</title>
<meta name="robots" content="index, follow, max-snippet:-1, max-image-preview:large, max-video-preview:-1" />
<link rel="canonical" href="https://esferareal.com/en/imovel/quinta-do-cabril-1156/" />
<meta property="og:locale" content="en_GB" />
<meta property="og:type" content="article" />
<meta property="og:title" content="Quinta do Cabril - 1156 - Esfera Real" />
<meta property="og:description" content="Terreno maioritariamente de cultivo, com um poço partilhado, mas também com parte florestal. Possui uma ruína, que foi em tempos uma casa de habitação, mas que não está registada. O terreno, com 6.920 m2, possui dois acessos em estrada de terra batida, mas possível para qualquer carro. No entanto, ambas as estradas de terra batida [&hellip;]" />
<meta property="og:url" content="https://esferareal.com/en/imovel/quinta-do-cabril-1156/" />
<meta property="og:site_name" content="Esfera Real" />
<meta property="article:publisher" content="https://www.facebook.com/people/Esfera-Real/100057693960084/" />
<meta property="article:modified_time" content="2025-02-12T09:59:06+00:00" />
<meta property="og:image" content="https://esferareal.com/wp-content/uploads/2024/12/1-1156-Custom.jpg" />
	<meta property="og:image:width" content="750" />
	<meta property="og:image:height" content="422" />
	<meta property="og:image:type" content="image/jpeg" />
<meta name="twitter:card" content="summary_large_image" />
<meta name="twitter:label1" content="Estimated reading time" />
	<meta name="twitter:data1" content="1 minute" />
<script type="application/ld+json" class="yoast-schema-graph">{"@context":"https://schema.org","@graph":[{"@type":"WebPage","@id":"https://esferareal.com/imovel/quinta-do-cabril-1156/","url":"https://esferareal.com/imovel/quinta-do-cabril-1156/","name":"Quinta do Cabril - 1156 - Esfera Real","isPartOf":{"@id":"https://esferareal.com/#website"},"primaryImageOfPage":{"@id":"https://esferareal.com/imovel/quinta-do-cabril-1156/#primaryimage"},"image":{"@id":"https://esferareal.com/imovel/quinta-do-cabril-1156/#primaryimage"},"thumbnailUrl":"https://esferareal.com/wp-content/uploads/2024/12/1-1156-Custom.jpg","datePublished":"2024-12-06T11:10:17+00:00","dateModified":"2025-02-12T09:59:06+00:00","breadcrumb":{"@id":"https://esferareal.com/imovel/quinta-do-cabril-1156/#breadcrumb"},"inLanguage":"en-GB","potentialAction":[{"@type":"ReadAction","target":["https://esferareal.com/imovel/quinta-do-cabril-1156/"]}]},{"@type":"ImageObject","inLanguage":"en-GB","@id":"https://esferareal.com/imovel/quinta-do-cabril-1156/#primaryimage","url":"https://esferareal.com/wp-content/uploads/2024/12/1-1156-Custom.jpg","contentUrl":"https://esferareal.com/wp-content/uploads/2024/12/1-1156-Custom.jpg","width":750,"height":422},{"@type":"BreadcrumbList","@id":"https://esferareal.com/imovel/quinta-do-cabril-1156/#breadcrumb","itemListElement":[{"@type":"ListItem","position":1,"name":"Início","item":"https://esferareal.com/en/"},{"@type":"ListItem","position":2,"name":"Quinta do Cabril &#8211; 1156"}]},{"@type":"WebSite","@id":"https://esferareal.com/#website","url":"https://esferareal.com/","name":"Esfera Real","description":"Mediação Imobiliária","publisher":{"@id":"https://esferareal.com/#organization"},"potentialAction":[{"@type":"SearchAction","target":{"@type":"EntryPoint","urlTemplate":"https://esferareal.com/?s={search_term_string}"},"query-input":{"@type":"PropertyValueSpecification","valueRequired":true,"valueName":"search_term_string"}}],"inLanguage":"en-GB"},{"@type":"Organization","@id":"https://esferareal.com/#organization","name":"Esfera Real Mediação Imobiliária","url":"https://esferareal.com/","logo":{"@type":"ImageObject","inLanguage":"en-GB","@id":"https://esferareal.com/#/schema/logo/image/","url":"https://esferareal.com/wp-content/uploads/2024/10/logo-esferareal300.png","contentUrl":"https://esferareal.com/wp-content/uploads/2024/10/logo-esferareal300.png","width":300,"height":221,"caption":"Esfera Real Mediação Imobiliária"},"image":{"@id":"https://esferareal.com/#/schema/logo/image/"},"sameAs":["https://www.facebook.com/people/Esfera-Real/100057693960084/","https://www.instagram.com/esferareal/","https://www.youtube.com/channel/UCYb-CPOTpF03PSyHBSoCfbA"]}]}</script>
<!-- / Yoast SEO plugin. -->

Terreno maioritariamente de cultivo, com um poço partilhado, mas também com parte florestal. Possui uma ruína, que foi em tempos uma casa de habitação, mas que não está registada. O terreno, com 6.920 m2, possui dois acessos em estrada de terra batida, mas possível para qualquer carro. No entanto, ambas as estradas de terra batida [&hellip;]

Início

Mediação Imobiliária

Esfera Real Mediação Imobiliária
