 
{"id":3019,"date":"2024-12-09T10:06:27","date_gmt":"2024-12-09T10:06:27","guid":{"rendered":"https:\/\/esferareal.com\/?post_type=imovel&#038;p=3019"},"modified":"2026-02-03T17:17:01","modified_gmt":"2026-02-03T17:17:01","slug":"casa-do-vale-1191","status":"publish","type":"imovel","link":"https:\/\/esferareal.com\/en\/imovel\/casa-do-vale-1191\/","title":{"rendered":"Casa do Vale &#8211; 1191"},"content":{"rendered":"<p>Village house T4 to renovate in Pedr\u00f3g\u00e3o Grande, set in a peaceful location with excellent access!<\/p>\n\n\n\n<p>The property offers a kitchen with fireplace, four bedrooms, a spacious garage with a kitchen in need of rebuilding, and a second floor with potential for a variety of uses.<\/p>\n\n\n\n<p>The plot, with 1,295 m\u00b2, includes several fruit trees, a water well, lovely views of the surrounding landscape and excellent sun exposure \u2013 ideal for those who value outdoor space and contact with nature.<\/p>\n\n\n\n<p>The house was once used as two independent dwellings, which provides the option of restoring and keeping this layout, or converting it into a single, larger home, depending on the needs of the new owner.<\/p>\n\n\n\n<p>Just 3 km from the centre of Pedr\u00f3g\u00e3o Grande, the property enjoys close proximity to all essential services, local shops, caf\u00e9s, restaurants, cinema, swimming pool, gym, and the weekly market, where fresh and regional products can be found.<br>The village is also well known for its natural surroundings, particularly the Cabril Reservoir, with several riverside restaurants offering stunning views over the lake and a unique atmosphere both during the day and at sunset.<\/p>\n\n\n\n<p>In the surrounding area you can discover some of Portugal\u2019s most beautiful river beaches, such as Praia do Mosteiro, located in the heart of the village, the Fragas de S\u00e3o Sim\u00e3o, with its dramatic scenery among giant rock formations, and Praia das Rocas in Castanheira de P\u00eara, considered the largest artificial wave beach in the country. For nature enthusiasts, there are also numerous walking trails, discovery routes and sites of historical interest, making this region an exceptional place to live or to enjoy leisure time.<\/p>\n\n\n\n<p>Its central location in Portugal ensures convenient connections to several cities: Coimbra is only a 45-minute drive away, whilst Lisbon and Porto are about two hours, along with neighbouring towns such as Figueir\u00f3 dos Vinhos, Castanheira de P\u00eara and Sert\u00e3.<\/p>\n\n\n\n<p>This property is a wonderful choice for those looking for quality of life, peace and quiet, fresh air and the charm of a traditional village, with the added advantage of a generous plot and multiple renovation possibilities.<\/p>\n\n\n\n<p><\/p>","protected":false},"author":3,"featured_media":9205,"template":"","meta":{"_acf_changed":false,"footnotes":""},"tipo":[15,13],"class_list":["post-3019","imovel","type-imovel","status-publish","has-post-thumbnail","hentry","tipo-casa-rustica","tipo-moradia"],"acf":[],"yoast_head":"<!-- This site is optimized with the Yoast SEO plugin v24.4 - https:\/\/yoast.com\/wordpress\/plugins\/seo\/ -->\n<title>Casa do Vale - 1191 - Esfera Real<\/title>\n<meta name=\"robots\" content=\"index, follow, max-snippet:-1, max-image-preview:large, max-video-preview:-1\" \/>\n<link rel=\"canonical\" href=\"https:\/\/esferareal.com\/en\/imovel\/casa-do-vale-1191\/\" \/>\n<meta property=\"og:locale\" content=\"en_GB\" \/>\n<meta property=\"og:type\" content=\"article\" \/>\n<meta property=\"og:title\" content=\"Casa do Vale - 1191 - Esfera Real\" \/>\n<meta property=\"og:description\" content=\"Casa de aldeia T4 para renovar em Pedr\u00f3g\u00e3o Grande, inserida numa envolvente tranquila e com excelentes acessos! A propriedade disp\u00f5e de uma cozinha com lareira, quatro quartos, uma ampla garagem com cozinha para reconstruir e um segundo andar com potencial para diferentes utiliza\u00e7\u00f5es. O terreno, com 1.295 m\u00b2, inclui v\u00e1rias \u00e1rvores de fruto, po\u00e7o de [&hellip;]\" \/>\n<meta property=\"og:url\" content=\"https:\/\/esferareal.com\/en\/imovel\/casa-do-vale-1191\/\" \/>\n<meta property=\"og:site_name\" content=\"Esfera Real\" \/>\n<meta property=\"article:publisher\" content=\"https:\/\/www.facebook.com\/people\/Esfera-Real\/100057693960084\/\" \/>\n<meta property=\"article:modified_time\" content=\"2026-02-03T17:17:01+00:00\" \/>\n<meta property=\"og:image\" content=\"https:\/\/esferareal.com\/wp-content\/uploads\/2025\/09\/1-1191-Medium.jpg\" \/>\n\t<meta property=\"og:image:width\" content=\"1024\" \/>\n\t<meta property=\"og:image:height\" content=\"768\" \/>\n\t<meta property=\"og:image:type\" content=\"image\/jpeg\" \/>\n<meta name=\"twitter:card\" content=\"summary_large_image\" \/>\n<meta name=\"twitter:label1\" content=\"Estimated reading time\" \/>\n\t<meta name=\"twitter:data1\" content=\"3 minutes\" \/>\n<script type=\"application\/ld+json\" class=\"yoast-schema-graph\">{\"@context\":\"https:\/\/schema.org\",\"@graph\":[{\"@type\":\"WebPage\",\"@id\":\"https:\/\/esferareal.com\/imovel\/casa-do-vale-1191\/\",\"url\":\"https:\/\/esferareal.com\/imovel\/casa-do-vale-1191\/\",\"name\":\"Casa do Vale - 1191 - Esfera Real\",\"isPartOf\":{\"@id\":\"https:\/\/esferareal.com\/#website\"},\"primaryImageOfPage\":{\"@id\":\"https:\/\/esferareal.com\/imovel\/casa-do-vale-1191\/#primaryimage\"},\"image\":{\"@id\":\"https:\/\/esferareal.com\/imovel\/casa-do-vale-1191\/#primaryimage\"},\"thumbnailUrl\":\"https:\/\/esferareal.com\/wp-content\/uploads\/2025\/09\/1-1191-Medium.jpg\",\"datePublished\":\"2024-12-09T10:06:27+00:00\",\"dateModified\":\"2026-02-03T17:17:01+00:00\",\"breadcrumb\":{\"@id\":\"https:\/\/esferareal.com\/imovel\/casa-do-vale-1191\/#breadcrumb\"},\"inLanguage\":\"en-GB\",\"potentialAction\":[{\"@type\":\"ReadAction\",\"target\":[\"https:\/\/esferareal.com\/imovel\/casa-do-vale-1191\/\"]}]},{\"@type\":\"ImageObject\",\"inLanguage\":\"en-GB\",\"@id\":\"https:\/\/esferareal.com\/imovel\/casa-do-vale-1191\/#primaryimage\",\"url\":\"https:\/\/esferareal.com\/wp-content\/uploads\/2025\/09\/1-1191-Medium.jpg\",\"contentUrl\":\"https:\/\/esferareal.com\/wp-content\/uploads\/2025\/09\/1-1191-Medium.jpg\",\"width\":1024,\"height\":768,\"caption\":\"default\"},{\"@type\":\"BreadcrumbList\",\"@id\":\"https:\/\/esferareal.com\/imovel\/casa-do-vale-1191\/#breadcrumb\",\"itemListElement\":[{\"@type\":\"ListItem\",\"position\":1,\"name\":\"In\u00edcio\",\"item\":\"https:\/\/esferareal.com\/en\/\"},{\"@type\":\"ListItem\",\"position\":2,\"name\":\"Casa do Vale &#8211; 1191\"}]},{\"@type\":\"WebSite\",\"@id\":\"https:\/\/esferareal.com\/#website\",\"url\":\"https:\/\/esferareal.com\/\",\"name\":\"Esfera Real\",\"description\":\"Media\u00e7\u00e3o Imobili\u00e1ria\",\"publisher\":{\"@id\":\"https:\/\/esferareal.com\/#organization\"},\"potentialAction\":[{\"@type\":\"SearchAction\",\"target\":{\"@type\":\"EntryPoint\",\"urlTemplate\":\"https:\/\/esferareal.com\/?s={search_term_string}\"},\"query-input\":{\"@type\":\"PropertyValueSpecification\",\"valueRequired\":true,\"valueName\":\"search_term_string\"}}],\"inLanguage\":\"en-GB\"},{\"@type\":\"Organization\",\"@id\":\"https:\/\/esferareal.com\/#organization\",\"name\":\"Esfera Real Media\u00e7\u00e3o Imobili\u00e1ria\",\"url\":\"https:\/\/esferareal.com\/\",\"logo\":{\"@type\":\"ImageObject\",\"inLanguage\":\"en-GB\",\"@id\":\"https:\/\/esferareal.com\/#\/schema\/logo\/image\/\",\"url\":\"https:\/\/esferareal.com\/wp-content\/uploads\/2024\/10\/logo-esferareal300.png\",\"contentUrl\":\"https:\/\/esferareal.com\/wp-content\/uploads\/2024\/10\/logo-esferareal300.png\",\"width\":300,\"height\":221,\"caption\":\"Esfera Real Media\u00e7\u00e3o Imobili\u00e1ria\"},\"image\":{\"@id\":\"https:\/\/esferareal.com\/#\/schema\/logo\/image\/\"},\"sameAs\":[\"https:\/\/www.facebook.com\/people\/Esfera-Real\/100057693960084\/\",\"https:\/\/www.instagram.com\/esferareal\/\",\"https:\/\/www.youtube.com\/channel\/UCYb-CPOTpF03PSyHBSoCfbA\"]}]}<\/script>\n<!-- \/ Yoast SEO plugin. -->","yoast_head_json":{"title":"Casa do Vale - 1191 - Esfera Real","robots":{"index":"index","follow":"follow","max-snippet":"max-snippet:-1","max-image-preview":"max-image-preview:large","max-video-preview":"max-video-preview:-1"},"canonical":"https:\/\/esferareal.com\/en\/imovel\/casa-do-vale-1191\/","og_locale":"en_GB","og_type":"article","og_title":"Casa do Vale - 1191 - Esfera Real","og_description":"Casa de aldeia T4 para renovar em Pedr\u00f3g\u00e3o Grande, inserida numa envolvente tranquila e com excelentes acessos! A propriedade disp\u00f5e de uma cozinha com lareira, quatro quartos, uma ampla garagem com cozinha para reconstruir e um segundo andar com potencial para diferentes utiliza\u00e7\u00f5es. O terreno, com 1.295 m\u00b2, inclui v\u00e1rias \u00e1rvores de fruto, po\u00e7o de [&hellip;]","og_url":"https:\/\/esferareal.com\/en\/imovel\/casa-do-vale-1191\/","og_site_name":"Esfera Real","article_publisher":"https:\/\/www.facebook.com\/people\/Esfera-Real\/100057693960084\/","article_modified_time":"2026-02-03T17:17:01+00:00","og_image":[{"width":1024,"height":768,"url":"https:\/\/esferareal.com\/wp-content\/uploads\/2025\/09\/1-1191-Medium.jpg","type":"image\/jpeg"}],"twitter_card":"summary_large_image","twitter_misc":{"Estimated reading time":"3 minutes"},"schema":{"@context":"https:\/\/schema.org","@graph":[{"@type":"WebPage","@id":"https:\/\/esferareal.com\/imovel\/casa-do-vale-1191\/","url":"https:\/\/esferareal.com\/imovel\/casa-do-vale-1191\/","name":"Casa do Vale - 1191 - Esfera Real","isPartOf":{"@id":"https:\/\/esferareal.com\/#website"},"primaryImageOfPage":{"@id":"https:\/\/esferareal.com\/imovel\/casa-do-vale-1191\/#primaryimage"},"image":{"@id":"https:\/\/esferareal.com\/imovel\/casa-do-vale-1191\/#primaryimage"},"thumbnailUrl":"https:\/\/esferareal.com\/wp-content\/uploads\/2025\/09\/1-1191-Medium.jpg","datePublished":"2024-12-09T10:06:27+00:00","dateModified":"2026-02-03T17:17:01+00:00","breadcrumb":{"@id":"https:\/\/esferareal.com\/imovel\/casa-do-vale-1191\/#breadcrumb"},"inLanguage":"en-GB","potentialAction":[{"@type":"ReadAction","target":["https:\/\/esferareal.com\/imovel\/casa-do-vale-1191\/"]}]},{"@type":"ImageObject","inLanguage":"en-GB","@id":"https:\/\/esferareal.com\/imovel\/casa-do-vale-1191\/#primaryimage","url":"https:\/\/esferareal.com\/wp-content\/uploads\/2025\/09\/1-1191-Medium.jpg","contentUrl":"https:\/\/esferareal.com\/wp-content\/uploads\/2025\/09\/1-1191-Medium.jpg","width":1024,"height":768,"caption":"default"},{"@type":"BreadcrumbList","@id":"https:\/\/esferareal.com\/imovel\/casa-do-vale-1191\/#breadcrumb","itemListElement":[{"@type":"ListItem","position":1,"name":"In\u00edcio","item":"https:\/\/esferareal.com\/en\/"},{"@type":"ListItem","position":2,"name":"Casa do Vale &#8211; 1191"}]},{"@type":"WebSite","@id":"https:\/\/esferareal.com\/#website","url":"https:\/\/esferareal.com\/","name":"Esfera Real","description":"Media\u00e7\u00e3o Imobili\u00e1ria","publisher":{"@id":"https:\/\/esferareal.com\/#organization"},"potentialAction":[{"@type":"SearchAction","target":{"@type":"EntryPoint","urlTemplate":"https:\/\/esferareal.com\/?s={search_term_string}"},"query-input":{"@type":"PropertyValueSpecification","valueRequired":true,"valueName":"search_term_string"}}],"inLanguage":"en-GB"},{"@type":"Organization","@id":"https:\/\/esferareal.com\/#organization","name":"Esfera Real Media\u00e7\u00e3o Imobili\u00e1ria","url":"https:\/\/esferareal.com\/","logo":{"@type":"ImageObject","inLanguage":"en-GB","@id":"https:\/\/esferareal.com\/#\/schema\/logo\/image\/","url":"https:\/\/esferareal.com\/wp-content\/uploads\/2024\/10\/logo-esferareal300.png","contentUrl":"https:\/\/esferareal.com\/wp-content\/uploads\/2024\/10\/logo-esferareal300.png","width":300,"height":221,"caption":"Esfera Real Media\u00e7\u00e3o Imobili\u00e1ria"},"image":{"@id":"https:\/\/esferareal.com\/#\/schema\/logo\/image\/"},"sameAs":["https:\/\/www.facebook.com\/people\/Esfera-Real\/100057693960084\/","https:\/\/www.instagram.com\/esferareal\/","https:\/\/www.youtube.com\/channel\/UCYb-CPOTpF03PSyHBSoCfbA"]}]}},"_links":{"self":[{"href":"https:\/\/esferareal.com\/en\/wp-json\/wp\/v2\/imovel\/3019","targetHints":{"allow":["GET"]}}],"collection":[{"href":"https:\/\/esferareal.com\/en\/wp-json\/wp\/v2\/imovel"}],"about":[{"href":"https:\/\/esferareal.com\/en\/wp-json\/wp\/v2\/types\/imovel"}],"author":[{"embeddable":true,"href":"https:\/\/esferareal.com\/en\/wp-json\/wp\/v2\/users\/3"}],"version-history":[{"count":4,"href":"https:\/\/esferareal.com\/en\/wp-json\/wp\/v2\/imovel\/3019\/revisions"}],"predecessor-version":[{"id":10427,"href":"https:\/\/esferareal.com\/en\/wp-json\/wp\/v2\/imovel\/3019\/revisions\/10427"}],"wp:featuredmedia":[{"embeddable":true,"href":"https:\/\/esferareal.com\/en\/wp-json\/wp\/v2\/media\/9205"}],"wp:attachment":[{"href":"https:\/\/esferareal.com\/en\/wp-json\/wp\/v2\/media?parent=3019"}],"wp:term":[{"taxonomy":"tipo","embeddable":true,"href":"https:\/\/esferareal.com\/en\/wp-json\/wp\/v2\/tipo?post=3019"}],"curies":[{"name":"wp","href":"https:\/\/api.w.org\/{rel}","templated":true}]}}

<p>Village house T4 to renovate in Pedrógão Grande, set in a peaceful location with excellent access!</p>



<p>The property offers a kitchen with fireplace, four bedrooms, a spacious garage with a kitchen in need of rebuilding, and a second floor with potential for a variety of uses.</p>



<p>The plot, with 1,295 m², includes several fruit trees, a water well, lovely views of the surrounding landscape and excellent sun exposure – ideal for those who value outdoor space and contact with nature.</p>



<p>The house was once used as two independent dwellings, which provides the option of restoring and keeping this layout, or converting it into a single, larger home, depending on the needs of the new owner.</p>



<p>Just 3 km from the centre of Pedrógão Grande, the property enjoys close proximity to all essential services, local shops, cafés, restaurants, cinema, swimming pool, gym, and the weekly market, where fresh and regional products can be found.<br>The village is also well known for its natural surroundings, particularly the Cabril Reservoir, with several riverside restaurants offering stunning views over the lake and a unique atmosphere both during the day and at sunset.</p>



<p>In the surrounding area you can discover some of Portugal’s most beautiful river beaches, such as Praia do Mosteiro, located in the heart of the village, the Fragas de São Simão, with its dramatic scenery among giant rock formations, and Praia das Rocas in Castanheira de Pêra, considered the largest artificial wave beach in the country. For nature enthusiasts, there are also numerous walking trails, discovery routes and sites of historical interest, making this region an exceptional place to live or to enjoy leisure time.</p>



<p>Its central location in Portugal ensures convenient connections to several cities: Coimbra is only a 45-minute drive away, whilst Lisbon and Porto are about two hours, along with neighbouring towns such as Figueiró dos Vinhos, Castanheira de Pêra and Sertã.</p>



<p>This property is a wonderful choice for those looking for quality of life, peace and quiet, fresh air and the charm of a traditional village, with the added advantage of a generous plot and multiple renovation possibilities.</p>



<p></p>

<!-- This site is optimized with the Yoast SEO plugin v24.4 - https://yoast.com/wordpress/plugins/seo/ -->
<title>Casa do Vale - 1191 - Esfera Real</title>
<meta name="robots" content="index, follow, max-snippet:-1, max-image-preview:large, max-video-preview:-1" />
<link rel="canonical" href="https://esferareal.com/en/imovel/casa-do-vale-1191/" />
<meta property="og:locale" content="en_GB" />
<meta property="og:type" content="article" />
<meta property="og:title" content="Casa do Vale - 1191 - Esfera Real" />
<meta property="og:description" content="Casa de aldeia T4 para renovar em Pedrógão Grande, inserida numa envolvente tranquila e com excelentes acessos! A propriedade dispõe de uma cozinha com lareira, quatro quartos, uma ampla garagem com cozinha para reconstruir e um segundo andar com potencial para diferentes utilizações. O terreno, com 1.295 m², inclui várias árvores de fruto, poço de [&hellip;]" />
<meta property="og:url" content="https://esferareal.com/en/imovel/casa-do-vale-1191/" />
<meta property="og:site_name" content="Esfera Real" />
<meta property="article:publisher" content="https://www.facebook.com/people/Esfera-Real/100057693960084/" />
<meta property="article:modified_time" content="2026-02-03T17:17:01+00:00" />
<meta property="og:image" content="https://esferareal.com/wp-content/uploads/2025/09/1-1191-Medium.jpg" />
	<meta property="og:image:width" content="1024" />
	<meta property="og:image:height" content="768" />
	<meta property="og:image:type" content="image/jpeg" />
<meta name="twitter:card" content="summary_large_image" />
<meta name="twitter:label1" content="Estimated reading time" />
	<meta name="twitter:data1" content="3 minutes" />
<script type="application/ld+json" class="yoast-schema-graph">{"@context":"https://schema.org","@graph":[{"@type":"WebPage","@id":"https://esferareal.com/imovel/casa-do-vale-1191/","url":"https://esferareal.com/imovel/casa-do-vale-1191/","name":"Casa do Vale - 1191 - Esfera Real","isPartOf":{"@id":"https://esferareal.com/#website"},"primaryImageOfPage":{"@id":"https://esferareal.com/imovel/casa-do-vale-1191/#primaryimage"},"image":{"@id":"https://esferareal.com/imovel/casa-do-vale-1191/#primaryimage"},"thumbnailUrl":"https://esferareal.com/wp-content/uploads/2025/09/1-1191-Medium.jpg","datePublished":"2024-12-09T10:06:27+00:00","dateModified":"2026-02-03T17:17:01+00:00","breadcrumb":{"@id":"https://esferareal.com/imovel/casa-do-vale-1191/#breadcrumb"},"inLanguage":"en-GB","potentialAction":[{"@type":"ReadAction","target":["https://esferareal.com/imovel/casa-do-vale-1191/"]}]},{"@type":"ImageObject","inLanguage":"en-GB","@id":"https://esferareal.com/imovel/casa-do-vale-1191/#primaryimage","url":"https://esferareal.com/wp-content/uploads/2025/09/1-1191-Medium.jpg","contentUrl":"https://esferareal.com/wp-content/uploads/2025/09/1-1191-Medium.jpg","width":1024,"height":768,"caption":"default"},{"@type":"BreadcrumbList","@id":"https://esferareal.com/imovel/casa-do-vale-1191/#breadcrumb","itemListElement":[{"@type":"ListItem","position":1,"name":"Início","item":"https://esferareal.com/en/"},{"@type":"ListItem","position":2,"name":"Casa do Vale &#8211; 1191"}]},{"@type":"WebSite","@id":"https://esferareal.com/#website","url":"https://esferareal.com/","name":"Esfera Real","description":"Mediação Imobiliária","publisher":{"@id":"https://esferareal.com/#organization"},"potentialAction":[{"@type":"SearchAction","target":{"@type":"EntryPoint","urlTemplate":"https://esferareal.com/?s={search_term_string}"},"query-input":{"@type":"PropertyValueSpecification","valueRequired":true,"valueName":"search_term_string"}}],"inLanguage":"en-GB"},{"@type":"Organization","@id":"https://esferareal.com/#organization","name":"Esfera Real Mediação Imobiliária","url":"https://esferareal.com/","logo":{"@type":"ImageObject","inLanguage":"en-GB","@id":"https://esferareal.com/#/schema/logo/image/","url":"https://esferareal.com/wp-content/uploads/2024/10/logo-esferareal300.png","contentUrl":"https://esferareal.com/wp-content/uploads/2024/10/logo-esferareal300.png","width":300,"height":221,"caption":"Esfera Real Mediação Imobiliária"},"image":{"@id":"https://esferareal.com/#/schema/logo/image/"},"sameAs":["https://www.facebook.com/people/Esfera-Real/100057693960084/","https://www.instagram.com/esferareal/","https://www.youtube.com/channel/UCYb-CPOTpF03PSyHBSoCfbA"]}]}</script>
<!-- / Yoast SEO plugin. -->

Casa de aldeia T4 para renovar em Pedrógão Grande, inserida numa envolvente tranquila e com excelentes acessos! A propriedade dispõe de uma cozinha com lareira, quatro quartos, uma ampla garagem com cozinha para reconstruir e um segundo andar com potencial para diferentes utilizações. O terreno, com 1.295 m², inclui várias árvores de fruto, poço de [&hellip;]

Início

Mediação Imobiliária

Esfera Real Mediação Imobiliária
