 
{"id":3426,"date":"2024-12-10T09:12:18","date_gmt":"2024-12-10T09:12:18","guid":{"rendered":"https:\/\/esferareal.com\/?post_type=imovel&#038;p=3426"},"modified":"2025-05-20T13:25:37","modified_gmt":"2025-05-20T13:25:37","slug":"lote-da-eira-1211","status":"publish","type":"imovel","link":"https:\/\/esferareal.com\/en\/imovel\/lote-da-eira-1211\/","title":{"rendered":"Lote da Eira &#8211; 1211"},"content":{"rendered":"<p>Lot of land with an approved project to build an apartment block with 2 storeys + basement and looking to create 4 flats; the gross construction area would be of 550 sqm.<\/p>\n\n\n\n<p>It\u00b4s located on a very quiet neighbourhood inside the town of Pedr\u00f3g\u00e3o Grande and 5 minutes on foot from the centre where you\u00b4ll find all kinds of open services at your disposal, from bakeries, supermarkets, cafes, clinics, monuments and superb natural sceneries perfect for any outdoors activities!<\/p>\n\n\n\n<p>A great investment possibility within your reach! Come and visit!<\/p>","protected":false},"author":3,"featured_media":7848,"template":"","meta":{"_acf_changed":false,"footnotes":""},"tipo":[12],"class_list":["post-3426","imovel","type-imovel","status-publish","has-post-thumbnail","hentry","tipo-terreno"],"acf":[],"yoast_head":"<!-- This site is optimized with the Yoast SEO plugin v24.4 - https:\/\/yoast.com\/wordpress\/plugins\/seo\/ -->\n<title>Lote da Eira - 1211 - Esfera Real<\/title>\n<meta name=\"robots\" content=\"index, follow, max-snippet:-1, max-image-preview:large, max-video-preview:-1\" \/>\n<link rel=\"canonical\" href=\"https:\/\/esferareal.com\/en\/imovel\/lote-da-eira-1211\/\" \/>\n<meta property=\"og:locale\" content=\"en_GB\" \/>\n<meta property=\"og:type\" content=\"article\" \/>\n<meta property=\"og:title\" content=\"Lote da Eira - 1211 - Esfera Real\" \/>\n<meta property=\"og:description\" content=\"Lote de terreno com projeto aprovado para constru\u00e7\u00e3o de pr\u00e9dio de 2 pisos + cave com vista a criar 4 fogos (apartamentos); a \u00e1rea bruta de constru\u00e7\u00e3o compreenderia 550 m2. Localiza-se num bairro muito sossegado dentro da vila de Pedr\u00f3g\u00e3o Grande e a 5 minutos a p\u00e9 do centro onde encontrar\u00e1 v\u00e1rios neg\u00f3cios abertos \u00e0 [&hellip;]\" \/>\n<meta property=\"og:url\" content=\"https:\/\/esferareal.com\/en\/imovel\/lote-da-eira-1211\/\" \/>\n<meta property=\"og:site_name\" content=\"Esfera Real\" \/>\n<meta property=\"article:publisher\" content=\"https:\/\/www.facebook.com\/people\/Esfera-Real\/100057693960084\/\" \/>\n<meta property=\"article:modified_time\" content=\"2025-05-20T13:25:37+00:00\" \/>\n<meta property=\"og:image\" content=\"https:\/\/esferareal.com\/wp-content\/uploads\/2025\/05\/1-1211-NEW-Custom.jpg\" \/>\n\t<meta property=\"og:image:width\" content=\"667\" \/>\n\t<meta property=\"og:image:height\" content=\"500\" \/>\n\t<meta property=\"og:image:type\" content=\"image\/jpeg\" \/>\n<meta name=\"twitter:card\" content=\"summary_large_image\" \/>\n<meta name=\"twitter:label1\" content=\"Estimated reading time\" \/>\n\t<meta name=\"twitter:data1\" content=\"1 minute\" \/>\n<script type=\"application\/ld+json\" class=\"yoast-schema-graph\">{\"@context\":\"https:\/\/schema.org\",\"@graph\":[{\"@type\":\"WebPage\",\"@id\":\"https:\/\/esferareal.com\/imovel\/lote-da-eira-1211\/\",\"url\":\"https:\/\/esferareal.com\/imovel\/lote-da-eira-1211\/\",\"name\":\"Lote da Eira - 1211 - Esfera Real\",\"isPartOf\":{\"@id\":\"https:\/\/esferareal.com\/#website\"},\"primaryImageOfPage\":{\"@id\":\"https:\/\/esferareal.com\/imovel\/lote-da-eira-1211\/#primaryimage\"},\"image\":{\"@id\":\"https:\/\/esferareal.com\/imovel\/lote-da-eira-1211\/#primaryimage\"},\"thumbnailUrl\":\"https:\/\/esferareal.com\/wp-content\/uploads\/2025\/05\/1-1211-NEW-Custom.jpg\",\"datePublished\":\"2024-12-10T09:12:18+00:00\",\"dateModified\":\"2025-05-20T13:25:37+00:00\",\"breadcrumb\":{\"@id\":\"https:\/\/esferareal.com\/imovel\/lote-da-eira-1211\/#breadcrumb\"},\"inLanguage\":\"en-GB\",\"potentialAction\":[{\"@type\":\"ReadAction\",\"target\":[\"https:\/\/esferareal.com\/imovel\/lote-da-eira-1211\/\"]}]},{\"@type\":\"ImageObject\",\"inLanguage\":\"en-GB\",\"@id\":\"https:\/\/esferareal.com\/imovel\/lote-da-eira-1211\/#primaryimage\",\"url\":\"https:\/\/esferareal.com\/wp-content\/uploads\/2025\/05\/1-1211-NEW-Custom.jpg\",\"contentUrl\":\"https:\/\/esferareal.com\/wp-content\/uploads\/2025\/05\/1-1211-NEW-Custom.jpg\",\"width\":667,\"height\":500},{\"@type\":\"BreadcrumbList\",\"@id\":\"https:\/\/esferareal.com\/imovel\/lote-da-eira-1211\/#breadcrumb\",\"itemListElement\":[{\"@type\":\"ListItem\",\"position\":1,\"name\":\"In\u00edcio\",\"item\":\"https:\/\/esferareal.com\/en\/\"},{\"@type\":\"ListItem\",\"position\":2,\"name\":\"Lote da Eira &#8211; 1211\"}]},{\"@type\":\"WebSite\",\"@id\":\"https:\/\/esferareal.com\/#website\",\"url\":\"https:\/\/esferareal.com\/\",\"name\":\"Esfera Real\",\"description\":\"Media\u00e7\u00e3o Imobili\u00e1ria\",\"publisher\":{\"@id\":\"https:\/\/esferareal.com\/#organization\"},\"potentialAction\":[{\"@type\":\"SearchAction\",\"target\":{\"@type\":\"EntryPoint\",\"urlTemplate\":\"https:\/\/esferareal.com\/?s={search_term_string}\"},\"query-input\":{\"@type\":\"PropertyValueSpecification\",\"valueRequired\":true,\"valueName\":\"search_term_string\"}}],\"inLanguage\":\"en-GB\"},{\"@type\":\"Organization\",\"@id\":\"https:\/\/esferareal.com\/#organization\",\"name\":\"Esfera Real Media\u00e7\u00e3o Imobili\u00e1ria\",\"url\":\"https:\/\/esferareal.com\/\",\"logo\":{\"@type\":\"ImageObject\",\"inLanguage\":\"en-GB\",\"@id\":\"https:\/\/esferareal.com\/#\/schema\/logo\/image\/\",\"url\":\"https:\/\/esferareal.com\/wp-content\/uploads\/2024\/10\/logo-esferareal300.png\",\"contentUrl\":\"https:\/\/esferareal.com\/wp-content\/uploads\/2024\/10\/logo-esferareal300.png\",\"width\":300,\"height\":221,\"caption\":\"Esfera Real Media\u00e7\u00e3o Imobili\u00e1ria\"},\"image\":{\"@id\":\"https:\/\/esferareal.com\/#\/schema\/logo\/image\/\"},\"sameAs\":[\"https:\/\/www.facebook.com\/people\/Esfera-Real\/100057693960084\/\",\"https:\/\/www.instagram.com\/esferareal\/\",\"https:\/\/www.youtube.com\/channel\/UCYb-CPOTpF03PSyHBSoCfbA\"]}]}<\/script>\n<!-- \/ Yoast SEO plugin. -->","yoast_head_json":{"title":"Lote da Eira - 1211 - Esfera Real","robots":{"index":"index","follow":"follow","max-snippet":"max-snippet:-1","max-image-preview":"max-image-preview:large","max-video-preview":"max-video-preview:-1"},"canonical":"https:\/\/esferareal.com\/en\/imovel\/lote-da-eira-1211\/","og_locale":"en_GB","og_type":"article","og_title":"Lote da Eira - 1211 - Esfera Real","og_description":"Lote de terreno com projeto aprovado para constru\u00e7\u00e3o de pr\u00e9dio de 2 pisos + cave com vista a criar 4 fogos (apartamentos); a \u00e1rea bruta de constru\u00e7\u00e3o compreenderia 550 m2. Localiza-se num bairro muito sossegado dentro da vila de Pedr\u00f3g\u00e3o Grande e a 5 minutos a p\u00e9 do centro onde encontrar\u00e1 v\u00e1rios neg\u00f3cios abertos \u00e0 [&hellip;]","og_url":"https:\/\/esferareal.com\/en\/imovel\/lote-da-eira-1211\/","og_site_name":"Esfera Real","article_publisher":"https:\/\/www.facebook.com\/people\/Esfera-Real\/100057693960084\/","article_modified_time":"2025-05-20T13:25:37+00:00","og_image":[{"width":667,"height":500,"url":"https:\/\/esferareal.com\/wp-content\/uploads\/2025\/05\/1-1211-NEW-Custom.jpg","type":"image\/jpeg"}],"twitter_card":"summary_large_image","twitter_misc":{"Estimated reading time":"1 minute"},"schema":{"@context":"https:\/\/schema.org","@graph":[{"@type":"WebPage","@id":"https:\/\/esferareal.com\/imovel\/lote-da-eira-1211\/","url":"https:\/\/esferareal.com\/imovel\/lote-da-eira-1211\/","name":"Lote da Eira - 1211 - Esfera Real","isPartOf":{"@id":"https:\/\/esferareal.com\/#website"},"primaryImageOfPage":{"@id":"https:\/\/esferareal.com\/imovel\/lote-da-eira-1211\/#primaryimage"},"image":{"@id":"https:\/\/esferareal.com\/imovel\/lote-da-eira-1211\/#primaryimage"},"thumbnailUrl":"https:\/\/esferareal.com\/wp-content\/uploads\/2025\/05\/1-1211-NEW-Custom.jpg","datePublished":"2024-12-10T09:12:18+00:00","dateModified":"2025-05-20T13:25:37+00:00","breadcrumb":{"@id":"https:\/\/esferareal.com\/imovel\/lote-da-eira-1211\/#breadcrumb"},"inLanguage":"en-GB","potentialAction":[{"@type":"ReadAction","target":["https:\/\/esferareal.com\/imovel\/lote-da-eira-1211\/"]}]},{"@type":"ImageObject","inLanguage":"en-GB","@id":"https:\/\/esferareal.com\/imovel\/lote-da-eira-1211\/#primaryimage","url":"https:\/\/esferareal.com\/wp-content\/uploads\/2025\/05\/1-1211-NEW-Custom.jpg","contentUrl":"https:\/\/esferareal.com\/wp-content\/uploads\/2025\/05\/1-1211-NEW-Custom.jpg","width":667,"height":500},{"@type":"BreadcrumbList","@id":"https:\/\/esferareal.com\/imovel\/lote-da-eira-1211\/#breadcrumb","itemListElement":[{"@type":"ListItem","position":1,"name":"In\u00edcio","item":"https:\/\/esferareal.com\/en\/"},{"@type":"ListItem","position":2,"name":"Lote da Eira &#8211; 1211"}]},{"@type":"WebSite","@id":"https:\/\/esferareal.com\/#website","url":"https:\/\/esferareal.com\/","name":"Esfera Real","description":"Media\u00e7\u00e3o Imobili\u00e1ria","publisher":{"@id":"https:\/\/esferareal.com\/#organization"},"potentialAction":[{"@type":"SearchAction","target":{"@type":"EntryPoint","urlTemplate":"https:\/\/esferareal.com\/?s={search_term_string}"},"query-input":{"@type":"PropertyValueSpecification","valueRequired":true,"valueName":"search_term_string"}}],"inLanguage":"en-GB"},{"@type":"Organization","@id":"https:\/\/esferareal.com\/#organization","name":"Esfera Real Media\u00e7\u00e3o Imobili\u00e1ria","url":"https:\/\/esferareal.com\/","logo":{"@type":"ImageObject","inLanguage":"en-GB","@id":"https:\/\/esferareal.com\/#\/schema\/logo\/image\/","url":"https:\/\/esferareal.com\/wp-content\/uploads\/2024\/10\/logo-esferareal300.png","contentUrl":"https:\/\/esferareal.com\/wp-content\/uploads\/2024\/10\/logo-esferareal300.png","width":300,"height":221,"caption":"Esfera Real Media\u00e7\u00e3o Imobili\u00e1ria"},"image":{"@id":"https:\/\/esferareal.com\/#\/schema\/logo\/image\/"},"sameAs":["https:\/\/www.facebook.com\/people\/Esfera-Real\/100057693960084\/","https:\/\/www.instagram.com\/esferareal\/","https:\/\/www.youtube.com\/channel\/UCYb-CPOTpF03PSyHBSoCfbA"]}]}},"_links":{"self":[{"href":"https:\/\/esferareal.com\/en\/wp-json\/wp\/v2\/imovel\/3426","targetHints":{"allow":["GET"]}}],"collection":[{"href":"https:\/\/esferareal.com\/en\/wp-json\/wp\/v2\/imovel"}],"about":[{"href":"https:\/\/esferareal.com\/en\/wp-json\/wp\/v2\/types\/imovel"}],"author":[{"embeddable":true,"href":"https:\/\/esferareal.com\/en\/wp-json\/wp\/v2\/users\/3"}],"version-history":[{"count":1,"href":"https:\/\/esferareal.com\/en\/wp-json\/wp\/v2\/imovel\/3426\/revisions"}],"predecessor-version":[{"id":3427,"href":"https:\/\/esferareal.com\/en\/wp-json\/wp\/v2\/imovel\/3426\/revisions\/3427"}],"wp:featuredmedia":[{"embeddable":true,"href":"https:\/\/esferareal.com\/en\/wp-json\/wp\/v2\/media\/7848"}],"wp:attachment":[{"href":"https:\/\/esferareal.com\/en\/wp-json\/wp\/v2\/media?parent=3426"}],"wp:term":[{"taxonomy":"tipo","embeddable":true,"href":"https:\/\/esferareal.com\/en\/wp-json\/wp\/v2\/tipo?post=3426"}],"curies":[{"name":"wp","href":"https:\/\/api.w.org\/{rel}","templated":true}]}}

<p>Lot of land with an approved project to build an apartment block with 2 storeys + basement and looking to create 4 flats; the gross construction area would be of 550 sqm.</p>



<p>It´s located on a very quiet neighbourhood inside the town of Pedrógão Grande and 5 minutes on foot from the centre where you´ll find all kinds of open services at your disposal, from bakeries, supermarkets, cafes, clinics, monuments and superb natural sceneries perfect for any outdoors activities!</p>



<p>A great investment possibility within your reach! Come and visit!</p>

<!-- This site is optimized with the Yoast SEO plugin v24.4 - https://yoast.com/wordpress/plugins/seo/ -->
<title>Lote da Eira - 1211 - Esfera Real</title>
<meta name="robots" content="index, follow, max-snippet:-1, max-image-preview:large, max-video-preview:-1" />
<link rel="canonical" href="https://esferareal.com/en/imovel/lote-da-eira-1211/" />
<meta property="og:locale" content="en_GB" />
<meta property="og:type" content="article" />
<meta property="og:title" content="Lote da Eira - 1211 - Esfera Real" />
<meta property="og:description" content="Lote de terreno com projeto aprovado para construção de prédio de 2 pisos + cave com vista a criar 4 fogos (apartamentos); a área bruta de construção compreenderia 550 m2. Localiza-se num bairro muito sossegado dentro da vila de Pedrógão Grande e a 5 minutos a pé do centro onde encontrará vários negócios abertos à [&hellip;]" />
<meta property="og:url" content="https://esferareal.com/en/imovel/lote-da-eira-1211/" />
<meta property="og:site_name" content="Esfera Real" />
<meta property="article:publisher" content="https://www.facebook.com/people/Esfera-Real/100057693960084/" />
<meta property="article:modified_time" content="2025-05-20T13:25:37+00:00" />
<meta property="og:image" content="https://esferareal.com/wp-content/uploads/2025/05/1-1211-NEW-Custom.jpg" />
	<meta property="og:image:width" content="667" />
	<meta property="og:image:height" content="500" />
	<meta property="og:image:type" content="image/jpeg" />
<meta name="twitter:card" content="summary_large_image" />
<meta name="twitter:label1" content="Estimated reading time" />
	<meta name="twitter:data1" content="1 minute" />
<script type="application/ld+json" class="yoast-schema-graph">{"@context":"https://schema.org","@graph":[{"@type":"WebPage","@id":"https://esferareal.com/imovel/lote-da-eira-1211/","url":"https://esferareal.com/imovel/lote-da-eira-1211/","name":"Lote da Eira - 1211 - Esfera Real","isPartOf":{"@id":"https://esferareal.com/#website"},"primaryImageOfPage":{"@id":"https://esferareal.com/imovel/lote-da-eira-1211/#primaryimage"},"image":{"@id":"https://esferareal.com/imovel/lote-da-eira-1211/#primaryimage"},"thumbnailUrl":"https://esferareal.com/wp-content/uploads/2025/05/1-1211-NEW-Custom.jpg","datePublished":"2024-12-10T09:12:18+00:00","dateModified":"2025-05-20T13:25:37+00:00","breadcrumb":{"@id":"https://esferareal.com/imovel/lote-da-eira-1211/#breadcrumb"},"inLanguage":"en-GB","potentialAction":[{"@type":"ReadAction","target":["https://esferareal.com/imovel/lote-da-eira-1211/"]}]},{"@type":"ImageObject","inLanguage":"en-GB","@id":"https://esferareal.com/imovel/lote-da-eira-1211/#primaryimage","url":"https://esferareal.com/wp-content/uploads/2025/05/1-1211-NEW-Custom.jpg","contentUrl":"https://esferareal.com/wp-content/uploads/2025/05/1-1211-NEW-Custom.jpg","width":667,"height":500},{"@type":"BreadcrumbList","@id":"https://esferareal.com/imovel/lote-da-eira-1211/#breadcrumb","itemListElement":[{"@type":"ListItem","position":1,"name":"Início","item":"https://esferareal.com/en/"},{"@type":"ListItem","position":2,"name":"Lote da Eira &#8211; 1211"}]},{"@type":"WebSite","@id":"https://esferareal.com/#website","url":"https://esferareal.com/","name":"Esfera Real","description":"Mediação Imobiliária","publisher":{"@id":"https://esferareal.com/#organization"},"potentialAction":[{"@type":"SearchAction","target":{"@type":"EntryPoint","urlTemplate":"https://esferareal.com/?s={search_term_string}"},"query-input":{"@type":"PropertyValueSpecification","valueRequired":true,"valueName":"search_term_string"}}],"inLanguage":"en-GB"},{"@type":"Organization","@id":"https://esferareal.com/#organization","name":"Esfera Real Mediação Imobiliária","url":"https://esferareal.com/","logo":{"@type":"ImageObject","inLanguage":"en-GB","@id":"https://esferareal.com/#/schema/logo/image/","url":"https://esferareal.com/wp-content/uploads/2024/10/logo-esferareal300.png","contentUrl":"https://esferareal.com/wp-content/uploads/2024/10/logo-esferareal300.png","width":300,"height":221,"caption":"Esfera Real Mediação Imobiliária"},"image":{"@id":"https://esferareal.com/#/schema/logo/image/"},"sameAs":["https://www.facebook.com/people/Esfera-Real/100057693960084/","https://www.instagram.com/esferareal/","https://www.youtube.com/channel/UCYb-CPOTpF03PSyHBSoCfbA"]}]}</script>
<!-- / Yoast SEO plugin. -->

Lote de terreno com projeto aprovado para construção de prédio de 2 pisos + cave com vista a criar 4 fogos (apartamentos); a área bruta de construção compreenderia 550 m2. Localiza-se num bairro muito sossegado dentro da vila de Pedrógão Grande e a 5 minutos a pé do centro onde encontrará vários negócios abertos à [&hellip;]

Início

Mediação Imobiliária

Esfera Real Mediação Imobiliária
