 
{"id":3746,"date":"2024-12-10T14:09:52","date_gmt":"2024-12-10T14:09:52","guid":{"rendered":"https:\/\/esferareal.com\/?post_type=imovel&#038;p=3746"},"modified":"2025-02-12T10:28:18","modified_gmt":"2025-02-12T10:28:18","slug":"casinha-da-adega-1225","status":"publish","type":"imovel","link":"https:\/\/esferareal.com\/en\/imovel\/casinha-da-adega-1225\/","title":{"rendered":"Casinha da Adega &#8211; 1225"},"content":{"rendered":"<p>Property with 2 urban articles making a total of 158 sqm, being 79 sqm relative to the house and more 79 sqm relative to storage units.<\/p>\n\n\n\n<p>You\u00b4ll find a structure in ruins and complete one still with conditions, being that the latter includes a ground floor with wine cellar, a division for storage and a hall with a staircase accessing the 1st floor where you\u00b4ll find a little kitchen, an ample living room and 2 little bedrooms.<br>The house has mains water and electricity connected and ready to use, just like a new sewage system; there\u00b4s also a new intelligent electrical meter for automatic reading.<\/p>\n\n\n\n<p>Outside there\u00b4s an are facing the main road where you can make a parking and leisure area.<\/p>\n\n\n\n<p>At your disposal there\u00b4s also a small yard with 200 sqm comprising of olive trees, and more storage units, one of which in ruins.<\/p>\n\n\n\n<p>Come check it out!<\/p>","protected":false},"author":6,"featured_media":3719,"template":"","meta":{"_acf_changed":false,"footnotes":""},"tipo":[4,15,16],"class_list":["post-3746","imovel","type-imovel","status-publish","has-post-thumbnail","hentry","tipo-casa-de-pedra","tipo-casa-rustica","tipo-ruina"],"acf":[],"yoast_head":"<!-- This site is optimized with the Yoast SEO plugin v24.4 - https:\/\/yoast.com\/wordpress\/plugins\/seo\/ -->\n<title>Casinha da Adega - 1225 - Esfera Real<\/title>\n<meta name=\"robots\" content=\"index, follow, max-snippet:-1, max-image-preview:large, max-video-preview:-1\" \/>\n<link rel=\"canonical\" href=\"https:\/\/esferareal.com\/en\/imovel\/casinha-da-adega-1225\/\" \/>\n<meta property=\"og:locale\" content=\"en_GB\" \/>\n<meta property=\"og:type\" content=\"article\" \/>\n<meta property=\"og:title\" content=\"Casinha da Adega - 1225 - Esfera Real\" \/>\n<meta property=\"og:description\" content=\"Propriedade com 2 artigos urbanos perfazendo um total de 158 m2 de implanta\u00e7\u00e3o, sendo 79 m2 relativos \u00e0 casa de habita\u00e7\u00e3o e mais 79 m2 relativos a arrecada\u00e7\u00f5es e \u00e1rea arrumo. Encontrar\u00e1 uma estrutura em ru\u00ednas e uma outra completa ainda com condi\u00e7\u00f5es, sendo que esta casa compreende r\u00e9s-do-ch\u00e3o com adega, uma divis\u00e3o para arrumos [&hellip;]\" \/>\n<meta property=\"og:url\" content=\"https:\/\/esferareal.com\/en\/imovel\/casinha-da-adega-1225\/\" \/>\n<meta property=\"og:site_name\" content=\"Esfera Real\" \/>\n<meta property=\"article:publisher\" content=\"https:\/\/www.facebook.com\/people\/Esfera-Real\/100057693960084\/\" \/>\n<meta property=\"article:modified_time\" content=\"2025-02-12T10:28:18+00:00\" \/>\n<meta property=\"og:image\" content=\"https:\/\/esferareal.com\/wp-content\/uploads\/2024\/12\/1-1225-Custom.jpg\" \/>\n\t<meta property=\"og:image:width\" content=\"667\" \/>\n\t<meta property=\"og:image:height\" content=\"500\" \/>\n\t<meta property=\"og:image:type\" content=\"image\/jpeg\" \/>\n<meta name=\"twitter:card\" content=\"summary_large_image\" \/>\n<meta name=\"twitter:label1\" content=\"Estimated reading time\" \/>\n\t<meta name=\"twitter:data1\" content=\"1 minute\" \/>\n<script type=\"application\/ld+json\" class=\"yoast-schema-graph\">{\"@context\":\"https:\/\/schema.org\",\"@graph\":[{\"@type\":\"WebPage\",\"@id\":\"https:\/\/esferareal.com\/imovel\/casinha-da-adega-1225\/\",\"url\":\"https:\/\/esferareal.com\/imovel\/casinha-da-adega-1225\/\",\"name\":\"Casinha da Adega - 1225 - Esfera Real\",\"isPartOf\":{\"@id\":\"https:\/\/esferareal.com\/#website\"},\"primaryImageOfPage\":{\"@id\":\"https:\/\/esferareal.com\/imovel\/casinha-da-adega-1225\/#primaryimage\"},\"image\":{\"@id\":\"https:\/\/esferareal.com\/imovel\/casinha-da-adega-1225\/#primaryimage\"},\"thumbnailUrl\":\"https:\/\/esferareal.com\/wp-content\/uploads\/2024\/12\/1-1225-Custom.jpg\",\"datePublished\":\"2024-12-10T14:09:52+00:00\",\"dateModified\":\"2025-02-12T10:28:18+00:00\",\"breadcrumb\":{\"@id\":\"https:\/\/esferareal.com\/imovel\/casinha-da-adega-1225\/#breadcrumb\"},\"inLanguage\":\"en-GB\",\"potentialAction\":[{\"@type\":\"ReadAction\",\"target\":[\"https:\/\/esferareal.com\/imovel\/casinha-da-adega-1225\/\"]}]},{\"@type\":\"ImageObject\",\"inLanguage\":\"en-GB\",\"@id\":\"https:\/\/esferareal.com\/imovel\/casinha-da-adega-1225\/#primaryimage\",\"url\":\"https:\/\/esferareal.com\/wp-content\/uploads\/2024\/12\/1-1225-Custom.jpg\",\"contentUrl\":\"https:\/\/esferareal.com\/wp-content\/uploads\/2024\/12\/1-1225-Custom.jpg\",\"width\":667,\"height\":500},{\"@type\":\"BreadcrumbList\",\"@id\":\"https:\/\/esferareal.com\/imovel\/casinha-da-adega-1225\/#breadcrumb\",\"itemListElement\":[{\"@type\":\"ListItem\",\"position\":1,\"name\":\"In\u00edcio\",\"item\":\"https:\/\/esferareal.com\/en\/\"},{\"@type\":\"ListItem\",\"position\":2,\"name\":\"Casinha da Adega &#8211; 1225\"}]},{\"@type\":\"WebSite\",\"@id\":\"https:\/\/esferareal.com\/#website\",\"url\":\"https:\/\/esferareal.com\/\",\"name\":\"Esfera Real\",\"description\":\"Media\u00e7\u00e3o Imobili\u00e1ria\",\"publisher\":{\"@id\":\"https:\/\/esferareal.com\/#organization\"},\"potentialAction\":[{\"@type\":\"SearchAction\",\"target\":{\"@type\":\"EntryPoint\",\"urlTemplate\":\"https:\/\/esferareal.com\/?s={search_term_string}\"},\"query-input\":{\"@type\":\"PropertyValueSpecification\",\"valueRequired\":true,\"valueName\":\"search_term_string\"}}],\"inLanguage\":\"en-GB\"},{\"@type\":\"Organization\",\"@id\":\"https:\/\/esferareal.com\/#organization\",\"name\":\"Esfera Real Media\u00e7\u00e3o Imobili\u00e1ria\",\"url\":\"https:\/\/esferareal.com\/\",\"logo\":{\"@type\":\"ImageObject\",\"inLanguage\":\"en-GB\",\"@id\":\"https:\/\/esferareal.com\/#\/schema\/logo\/image\/\",\"url\":\"https:\/\/esferareal.com\/wp-content\/uploads\/2024\/10\/logo-esferareal300.png\",\"contentUrl\":\"https:\/\/esferareal.com\/wp-content\/uploads\/2024\/10\/logo-esferareal300.png\",\"width\":300,\"height\":221,\"caption\":\"Esfera Real Media\u00e7\u00e3o Imobili\u00e1ria\"},\"image\":{\"@id\":\"https:\/\/esferareal.com\/#\/schema\/logo\/image\/\"},\"sameAs\":[\"https:\/\/www.facebook.com\/people\/Esfera-Real\/100057693960084\/\",\"https:\/\/www.instagram.com\/esferareal\/\",\"https:\/\/www.youtube.com\/channel\/UCYb-CPOTpF03PSyHBSoCfbA\"]}]}<\/script>\n<!-- \/ Yoast SEO plugin. -->","yoast_head_json":{"title":"Casinha da Adega - 1225 - Esfera Real","robots":{"index":"index","follow":"follow","max-snippet":"max-snippet:-1","max-image-preview":"max-image-preview:large","max-video-preview":"max-video-preview:-1"},"canonical":"https:\/\/esferareal.com\/en\/imovel\/casinha-da-adega-1225\/","og_locale":"en_GB","og_type":"article","og_title":"Casinha da Adega - 1225 - Esfera Real","og_description":"Propriedade com 2 artigos urbanos perfazendo um total de 158 m2 de implanta\u00e7\u00e3o, sendo 79 m2 relativos \u00e0 casa de habita\u00e7\u00e3o e mais 79 m2 relativos a arrecada\u00e7\u00f5es e \u00e1rea arrumo. Encontrar\u00e1 uma estrutura em ru\u00ednas e uma outra completa ainda com condi\u00e7\u00f5es, sendo que esta casa compreende r\u00e9s-do-ch\u00e3o com adega, uma divis\u00e3o para arrumos [&hellip;]","og_url":"https:\/\/esferareal.com\/en\/imovel\/casinha-da-adega-1225\/","og_site_name":"Esfera Real","article_publisher":"https:\/\/www.facebook.com\/people\/Esfera-Real\/100057693960084\/","article_modified_time":"2025-02-12T10:28:18+00:00","og_image":[{"width":667,"height":500,"url":"https:\/\/esferareal.com\/wp-content\/uploads\/2024\/12\/1-1225-Custom.jpg","type":"image\/jpeg"}],"twitter_card":"summary_large_image","twitter_misc":{"Estimated reading time":"1 minute"},"schema":{"@context":"https:\/\/schema.org","@graph":[{"@type":"WebPage","@id":"https:\/\/esferareal.com\/imovel\/casinha-da-adega-1225\/","url":"https:\/\/esferareal.com\/imovel\/casinha-da-adega-1225\/","name":"Casinha da Adega - 1225 - Esfera Real","isPartOf":{"@id":"https:\/\/esferareal.com\/#website"},"primaryImageOfPage":{"@id":"https:\/\/esferareal.com\/imovel\/casinha-da-adega-1225\/#primaryimage"},"image":{"@id":"https:\/\/esferareal.com\/imovel\/casinha-da-adega-1225\/#primaryimage"},"thumbnailUrl":"https:\/\/esferareal.com\/wp-content\/uploads\/2024\/12\/1-1225-Custom.jpg","datePublished":"2024-12-10T14:09:52+00:00","dateModified":"2025-02-12T10:28:18+00:00","breadcrumb":{"@id":"https:\/\/esferareal.com\/imovel\/casinha-da-adega-1225\/#breadcrumb"},"inLanguage":"en-GB","potentialAction":[{"@type":"ReadAction","target":["https:\/\/esferareal.com\/imovel\/casinha-da-adega-1225\/"]}]},{"@type":"ImageObject","inLanguage":"en-GB","@id":"https:\/\/esferareal.com\/imovel\/casinha-da-adega-1225\/#primaryimage","url":"https:\/\/esferareal.com\/wp-content\/uploads\/2024\/12\/1-1225-Custom.jpg","contentUrl":"https:\/\/esferareal.com\/wp-content\/uploads\/2024\/12\/1-1225-Custom.jpg","width":667,"height":500},{"@type":"BreadcrumbList","@id":"https:\/\/esferareal.com\/imovel\/casinha-da-adega-1225\/#breadcrumb","itemListElement":[{"@type":"ListItem","position":1,"name":"In\u00edcio","item":"https:\/\/esferareal.com\/en\/"},{"@type":"ListItem","position":2,"name":"Casinha da Adega &#8211; 1225"}]},{"@type":"WebSite","@id":"https:\/\/esferareal.com\/#website","url":"https:\/\/esferareal.com\/","name":"Esfera Real","description":"Media\u00e7\u00e3o Imobili\u00e1ria","publisher":{"@id":"https:\/\/esferareal.com\/#organization"},"potentialAction":[{"@type":"SearchAction","target":{"@type":"EntryPoint","urlTemplate":"https:\/\/esferareal.com\/?s={search_term_string}"},"query-input":{"@type":"PropertyValueSpecification","valueRequired":true,"valueName":"search_term_string"}}],"inLanguage":"en-GB"},{"@type":"Organization","@id":"https:\/\/esferareal.com\/#organization","name":"Esfera Real Media\u00e7\u00e3o Imobili\u00e1ria","url":"https:\/\/esferareal.com\/","logo":{"@type":"ImageObject","inLanguage":"en-GB","@id":"https:\/\/esferareal.com\/#\/schema\/logo\/image\/","url":"https:\/\/esferareal.com\/wp-content\/uploads\/2024\/10\/logo-esferareal300.png","contentUrl":"https:\/\/esferareal.com\/wp-content\/uploads\/2024\/10\/logo-esferareal300.png","width":300,"height":221,"caption":"Esfera Real Media\u00e7\u00e3o Imobili\u00e1ria"},"image":{"@id":"https:\/\/esferareal.com\/#\/schema\/logo\/image\/"},"sameAs":["https:\/\/www.facebook.com\/people\/Esfera-Real\/100057693960084\/","https:\/\/www.instagram.com\/esferareal\/","https:\/\/www.youtube.com\/channel\/UCYb-CPOTpF03PSyHBSoCfbA"]}]}},"_links":{"self":[{"href":"https:\/\/esferareal.com\/en\/wp-json\/wp\/v2\/imovel\/3746","targetHints":{"allow":["GET"]}}],"collection":[{"href":"https:\/\/esferareal.com\/en\/wp-json\/wp\/v2\/imovel"}],"about":[{"href":"https:\/\/esferareal.com\/en\/wp-json\/wp\/v2\/types\/imovel"}],"author":[{"embeddable":true,"href":"https:\/\/esferareal.com\/en\/wp-json\/wp\/v2\/users\/6"}],"version-history":[{"count":1,"href":"https:\/\/esferareal.com\/en\/wp-json\/wp\/v2\/imovel\/3746\/revisions"}],"predecessor-version":[{"id":3747,"href":"https:\/\/esferareal.com\/en\/wp-json\/wp\/v2\/imovel\/3746\/revisions\/3747"}],"wp:featuredmedia":[{"embeddable":true,"href":"https:\/\/esferareal.com\/en\/wp-json\/wp\/v2\/media\/3719"}],"wp:attachment":[{"href":"https:\/\/esferareal.com\/en\/wp-json\/wp\/v2\/media?parent=3746"}],"wp:term":[{"taxonomy":"tipo","embeddable":true,"href":"https:\/\/esferareal.com\/en\/wp-json\/wp\/v2\/tipo?post=3746"}],"curies":[{"name":"wp","href":"https:\/\/api.w.org\/{rel}","templated":true}]}}

<!-- This site is optimized with the Yoast SEO plugin v24.4 - https://yoast.com/wordpress/plugins/seo/ -->
<title>Casinha da Adega - 1225 - Esfera Real</title>
<meta name="robots" content="index, follow, max-snippet:-1, max-image-preview:large, max-video-preview:-1" />
<link rel="canonical" href="https://esferareal.com/en/imovel/casinha-da-adega-1225/" />
<meta property="og:locale" content="en_GB" />
<meta property="og:type" content="article" />
<meta property="og:title" content="Casinha da Adega - 1225 - Esfera Real" />
<meta property="og:description" content="Propriedade com 2 artigos urbanos perfazendo um total de 158 m2 de implantação, sendo 79 m2 relativos à casa de habitação e mais 79 m2 relativos a arrecadações e área arrumo. Encontrará uma estrutura em ruínas e uma outra completa ainda com condições, sendo que esta casa compreende rés-do-chão com adega, uma divisão para arrumos [&hellip;]" />
<meta property="og:url" content="https://esferareal.com/en/imovel/casinha-da-adega-1225/" />
<meta property="og:site_name" content="Esfera Real" />
<meta property="article:publisher" content="https://www.facebook.com/people/Esfera-Real/100057693960084/" />
<meta property="article:modified_time" content="2025-02-12T10:28:18+00:00" />
<meta property="og:image" content="https://esferareal.com/wp-content/uploads/2024/12/1-1225-Custom.jpg" />
	<meta property="og:image:width" content="667" />
	<meta property="og:image:height" content="500" />
	<meta property="og:image:type" content="image/jpeg" />
<meta name="twitter:card" content="summary_large_image" />
<meta name="twitter:label1" content="Estimated reading time" />
	<meta name="twitter:data1" content="1 minute" />
<script type="application/ld+json" class="yoast-schema-graph">{"@context":"https://schema.org","@graph":[{"@type":"WebPage","@id":"https://esferareal.com/imovel/casinha-da-adega-1225/","url":"https://esferareal.com/imovel/casinha-da-adega-1225/","name":"Casinha da Adega - 1225 - Esfera Real","isPartOf":{"@id":"https://esferareal.com/#website"},"primaryImageOfPage":{"@id":"https://esferareal.com/imovel/casinha-da-adega-1225/#primaryimage"},"image":{"@id":"https://esferareal.com/imovel/casinha-da-adega-1225/#primaryimage"},"thumbnailUrl":"https://esferareal.com/wp-content/uploads/2024/12/1-1225-Custom.jpg","datePublished":"2024-12-10T14:09:52+00:00","dateModified":"2025-02-12T10:28:18+00:00","breadcrumb":{"@id":"https://esferareal.com/imovel/casinha-da-adega-1225/#breadcrumb"},"inLanguage":"en-GB","potentialAction":[{"@type":"ReadAction","target":["https://esferareal.com/imovel/casinha-da-adega-1225/"]}]},{"@type":"ImageObject","inLanguage":"en-GB","@id":"https://esferareal.com/imovel/casinha-da-adega-1225/#primaryimage","url":"https://esferareal.com/wp-content/uploads/2024/12/1-1225-Custom.jpg","contentUrl":"https://esferareal.com/wp-content/uploads/2024/12/1-1225-Custom.jpg","width":667,"height":500},{"@type":"BreadcrumbList","@id":"https://esferareal.com/imovel/casinha-da-adega-1225/#breadcrumb","itemListElement":[{"@type":"ListItem","position":1,"name":"Início","item":"https://esferareal.com/en/"},{"@type":"ListItem","position":2,"name":"Casinha da Adega &#8211; 1225"}]},{"@type":"WebSite","@id":"https://esferareal.com/#website","url":"https://esferareal.com/","name":"Esfera Real","description":"Mediação Imobiliária","publisher":{"@id":"https://esferareal.com/#organization"},"potentialAction":[{"@type":"SearchAction","target":{"@type":"EntryPoint","urlTemplate":"https://esferareal.com/?s={search_term_string}"},"query-input":{"@type":"PropertyValueSpecification","valueRequired":true,"valueName":"search_term_string"}}],"inLanguage":"en-GB"},{"@type":"Organization","@id":"https://esferareal.com/#organization","name":"Esfera Real Mediação Imobiliária","url":"https://esferareal.com/","logo":{"@type":"ImageObject","inLanguage":"en-GB","@id":"https://esferareal.com/#/schema/logo/image/","url":"https://esferareal.com/wp-content/uploads/2024/10/logo-esferareal300.png","contentUrl":"https://esferareal.com/wp-content/uploads/2024/10/logo-esferareal300.png","width":300,"height":221,"caption":"Esfera Real Mediação Imobiliária"},"image":{"@id":"https://esferareal.com/#/schema/logo/image/"},"sameAs":["https://www.facebook.com/people/Esfera-Real/100057693960084/","https://www.instagram.com/esferareal/","https://www.youtube.com/channel/UCYb-CPOTpF03PSyHBSoCfbA"]}]}</script>
<!-- / Yoast SEO plugin. -->

Propriedade com 2 artigos urbanos perfazendo um total de 158 m2 de implantação, sendo 79 m2 relativos à casa de habitação e mais 79 m2 relativos a arrecadações e área arrumo. Encontrará uma estrutura em ruínas e uma outra completa ainda com condições, sendo que esta casa compreende rés-do-chão com adega, uma divisão para arrumos [&hellip;]

Início

Mediação Imobiliária

Esfera Real Mediação Imobiliária
