 
{"id":4262,"date":"2024-12-10T16:16:56","date_gmt":"2024-12-10T16:16:56","guid":{"rendered":"https:\/\/esferareal.com\/?post_type=imovel&#038;p=4262"},"modified":"2025-02-12T10:54:40","modified_gmt":"2025-02-12T10:54:40","slug":"quintinha-da-galega-1253","status":"publish","type":"imovel","link":"https:\/\/esferareal.com\/en\/imovel\/quintinha-da-galega-1253\/","title":{"rendered":"Quintinha da Galega &#8211; 1253"},"content":{"rendered":"<p>Little farm to rebuild!<\/p>\n\n\n\n<p>Inserted on a plot with 1880 sqm, the little house comprises of an old kitchen with a fireplace and 2 little bedrooms.<\/p>\n\n\n\n<p>The edifice needs to be renovated and new cosmetic works. Nonetheless, its structure, as well as the roof, are still in good condition!<br>Both electricity and water are still available!<\/p>\n\n\n\n<p>The plot, mainly plain and with good areas, is adorned by a variety of fruit trees, such as citruses, apple trees, pear trees, peach trees, loquat tree, olive trees, a vineyard and even more!<br>Also includes a borehole and an annex for storage.<\/p>\n\n\n\n<p>The views are long and ample.<\/p>\n\n\n\n<p>Worth noting the access is through a narrow street, advised only for small vehicles. Because of this, you\u00b4ll be able to enjoy all the peace and tranquillity you desire, since there\u00b4s no regular traffic or bustle!<\/p>\n\n\n\n<p>The property is located on a small very peaceful village 3 Km away from the town of Pedr\u00f3g\u00e3o Pequeno with cafes, restaurants, healthcare centre and other services and amenities. Consequently, you\u00b4ll have the Cabril\u00b4s dam less than 5 minutes away by car, just as the IC8, from where you can reach any corner of Portugal!<\/p>\n\n\n\n<p>Come visit this small little corner in central Portugal!<\/p>","protected":false},"author":3,"featured_media":4237,"template":"","meta":{"_acf_changed":false,"footnotes":""},"tipo":[15,17],"class_list":["post-4262","imovel","type-imovel","status-publish","has-post-thumbnail","hentry","tipo-casa-rustica","tipo-quintinha"],"acf":[],"yoast_head":"<!-- This site is optimized with the Yoast SEO plugin v24.4 - https:\/\/yoast.com\/wordpress\/plugins\/seo\/ -->\n<title>Quintinha da Galega - 1253 - Esfera Real<\/title>\n<meta name=\"robots\" content=\"index, follow, max-snippet:-1, max-image-preview:large, max-video-preview:-1\" \/>\n<link rel=\"canonical\" href=\"https:\/\/esferareal.com\/en\/imovel\/quintinha-da-galega-1253\/\" \/>\n<meta property=\"og:locale\" content=\"en_GB\" \/>\n<meta property=\"og:type\" content=\"article\" \/>\n<meta property=\"og:title\" content=\"Quintinha da Galega - 1253 - Esfera Real\" \/>\n<meta property=\"og:description\" content=\"Quintinha com casa para recuperar! Inserida num terreno com 1880 m2, a casinha inclui uma cozinha antiga com lareira e 2 quartinhos. O im\u00f3vel necessita de ser renovado e de novos trabalhos a n\u00edvel de cosm\u00e9tica. Por\u00e9m a estrutura do edif\u00edcio, bem como o telhado encontram-se em bom estado!Tanto a eletricidade como rede de \u00e1gua [&hellip;]\" \/>\n<meta property=\"og:url\" content=\"https:\/\/esferareal.com\/en\/imovel\/quintinha-da-galega-1253\/\" \/>\n<meta property=\"og:site_name\" content=\"Esfera Real\" \/>\n<meta property=\"article:publisher\" content=\"https:\/\/www.facebook.com\/people\/Esfera-Real\/100057693960084\/\" \/>\n<meta property=\"article:modified_time\" content=\"2025-02-12T10:54:40+00:00\" \/>\n<meta property=\"og:image\" content=\"https:\/\/esferareal.com\/wp-content\/uploads\/2024\/12\/0.5-1253-Custom.jpg\" \/>\n\t<meta property=\"og:image:width\" content=\"667\" \/>\n\t<meta property=\"og:image:height\" content=\"500\" \/>\n\t<meta property=\"og:image:type\" content=\"image\/jpeg\" \/>\n<meta name=\"twitter:card\" content=\"summary_large_image\" \/>\n<meta name=\"twitter:label1\" content=\"Estimated reading time\" \/>\n\t<meta name=\"twitter:data1\" content=\"1 minute\" \/>\n<script type=\"application\/ld+json\" class=\"yoast-schema-graph\">{\"@context\":\"https:\/\/schema.org\",\"@graph\":[{\"@type\":\"WebPage\",\"@id\":\"https:\/\/esferareal.com\/imovel\/quintinha-da-galega-1253\/\",\"url\":\"https:\/\/esferareal.com\/imovel\/quintinha-da-galega-1253\/\",\"name\":\"Quintinha da Galega - 1253 - Esfera Real\",\"isPartOf\":{\"@id\":\"https:\/\/esferareal.com\/#website\"},\"primaryImageOfPage\":{\"@id\":\"https:\/\/esferareal.com\/imovel\/quintinha-da-galega-1253\/#primaryimage\"},\"image\":{\"@id\":\"https:\/\/esferareal.com\/imovel\/quintinha-da-galega-1253\/#primaryimage\"},\"thumbnailUrl\":\"https:\/\/esferareal.com\/wp-content\/uploads\/2024\/12\/0.5-1253-Custom.jpg\",\"datePublished\":\"2024-12-10T16:16:56+00:00\",\"dateModified\":\"2025-02-12T10:54:40+00:00\",\"breadcrumb\":{\"@id\":\"https:\/\/esferareal.com\/imovel\/quintinha-da-galega-1253\/#breadcrumb\"},\"inLanguage\":\"en-GB\",\"potentialAction\":[{\"@type\":\"ReadAction\",\"target\":[\"https:\/\/esferareal.com\/imovel\/quintinha-da-galega-1253\/\"]}]},{\"@type\":\"ImageObject\",\"inLanguage\":\"en-GB\",\"@id\":\"https:\/\/esferareal.com\/imovel\/quintinha-da-galega-1253\/#primaryimage\",\"url\":\"https:\/\/esferareal.com\/wp-content\/uploads\/2024\/12\/0.5-1253-Custom.jpg\",\"contentUrl\":\"https:\/\/esferareal.com\/wp-content\/uploads\/2024\/12\/0.5-1253-Custom.jpg\",\"width\":667,\"height\":500,\"caption\":\"default\"},{\"@type\":\"BreadcrumbList\",\"@id\":\"https:\/\/esferareal.com\/imovel\/quintinha-da-galega-1253\/#breadcrumb\",\"itemListElement\":[{\"@type\":\"ListItem\",\"position\":1,\"name\":\"In\u00edcio\",\"item\":\"https:\/\/esferareal.com\/en\/\"},{\"@type\":\"ListItem\",\"position\":2,\"name\":\"Quintinha da Galega &#8211; 1253\"}]},{\"@type\":\"WebSite\",\"@id\":\"https:\/\/esferareal.com\/#website\",\"url\":\"https:\/\/esferareal.com\/\",\"name\":\"Esfera Real\",\"description\":\"Media\u00e7\u00e3o Imobili\u00e1ria\",\"publisher\":{\"@id\":\"https:\/\/esferareal.com\/#organization\"},\"potentialAction\":[{\"@type\":\"SearchAction\",\"target\":{\"@type\":\"EntryPoint\",\"urlTemplate\":\"https:\/\/esferareal.com\/?s={search_term_string}\"},\"query-input\":{\"@type\":\"PropertyValueSpecification\",\"valueRequired\":true,\"valueName\":\"search_term_string\"}}],\"inLanguage\":\"en-GB\"},{\"@type\":\"Organization\",\"@id\":\"https:\/\/esferareal.com\/#organization\",\"name\":\"Esfera Real Media\u00e7\u00e3o Imobili\u00e1ria\",\"url\":\"https:\/\/esferareal.com\/\",\"logo\":{\"@type\":\"ImageObject\",\"inLanguage\":\"en-GB\",\"@id\":\"https:\/\/esferareal.com\/#\/schema\/logo\/image\/\",\"url\":\"https:\/\/esferareal.com\/wp-content\/uploads\/2024\/10\/logo-esferareal300.png\",\"contentUrl\":\"https:\/\/esferareal.com\/wp-content\/uploads\/2024\/10\/logo-esferareal300.png\",\"width\":300,\"height\":221,\"caption\":\"Esfera Real Media\u00e7\u00e3o Imobili\u00e1ria\"},\"image\":{\"@id\":\"https:\/\/esferareal.com\/#\/schema\/logo\/image\/\"},\"sameAs\":[\"https:\/\/www.facebook.com\/people\/Esfera-Real\/100057693960084\/\",\"https:\/\/www.instagram.com\/esferareal\/\",\"https:\/\/www.youtube.com\/channel\/UCYb-CPOTpF03PSyHBSoCfbA\"]}]}<\/script>\n<!-- \/ Yoast SEO plugin. -->","yoast_head_json":{"title":"Quintinha da Galega - 1253 - Esfera Real","robots":{"index":"index","follow":"follow","max-snippet":"max-snippet:-1","max-image-preview":"max-image-preview:large","max-video-preview":"max-video-preview:-1"},"canonical":"https:\/\/esferareal.com\/en\/imovel\/quintinha-da-galega-1253\/","og_locale":"en_GB","og_type":"article","og_title":"Quintinha da Galega - 1253 - Esfera Real","og_description":"Quintinha com casa para recuperar! Inserida num terreno com 1880 m2, a casinha inclui uma cozinha antiga com lareira e 2 quartinhos. O im\u00f3vel necessita de ser renovado e de novos trabalhos a n\u00edvel de cosm\u00e9tica. Por\u00e9m a estrutura do edif\u00edcio, bem como o telhado encontram-se em bom estado!Tanto a eletricidade como rede de \u00e1gua [&hellip;]","og_url":"https:\/\/esferareal.com\/en\/imovel\/quintinha-da-galega-1253\/","og_site_name":"Esfera Real","article_publisher":"https:\/\/www.facebook.com\/people\/Esfera-Real\/100057693960084\/","article_modified_time":"2025-02-12T10:54:40+00:00","og_image":[{"width":667,"height":500,"url":"https:\/\/esferareal.com\/wp-content\/uploads\/2024\/12\/0.5-1253-Custom.jpg","type":"image\/jpeg"}],"twitter_card":"summary_large_image","twitter_misc":{"Estimated reading time":"1 minute"},"schema":{"@context":"https:\/\/schema.org","@graph":[{"@type":"WebPage","@id":"https:\/\/esferareal.com\/imovel\/quintinha-da-galega-1253\/","url":"https:\/\/esferareal.com\/imovel\/quintinha-da-galega-1253\/","name":"Quintinha da Galega - 1253 - Esfera Real","isPartOf":{"@id":"https:\/\/esferareal.com\/#website"},"primaryImageOfPage":{"@id":"https:\/\/esferareal.com\/imovel\/quintinha-da-galega-1253\/#primaryimage"},"image":{"@id":"https:\/\/esferareal.com\/imovel\/quintinha-da-galega-1253\/#primaryimage"},"thumbnailUrl":"https:\/\/esferareal.com\/wp-content\/uploads\/2024\/12\/0.5-1253-Custom.jpg","datePublished":"2024-12-10T16:16:56+00:00","dateModified":"2025-02-12T10:54:40+00:00","breadcrumb":{"@id":"https:\/\/esferareal.com\/imovel\/quintinha-da-galega-1253\/#breadcrumb"},"inLanguage":"en-GB","potentialAction":[{"@type":"ReadAction","target":["https:\/\/esferareal.com\/imovel\/quintinha-da-galega-1253\/"]}]},{"@type":"ImageObject","inLanguage":"en-GB","@id":"https:\/\/esferareal.com\/imovel\/quintinha-da-galega-1253\/#primaryimage","url":"https:\/\/esferareal.com\/wp-content\/uploads\/2024\/12\/0.5-1253-Custom.jpg","contentUrl":"https:\/\/esferareal.com\/wp-content\/uploads\/2024\/12\/0.5-1253-Custom.jpg","width":667,"height":500,"caption":"default"},{"@type":"BreadcrumbList","@id":"https:\/\/esferareal.com\/imovel\/quintinha-da-galega-1253\/#breadcrumb","itemListElement":[{"@type":"ListItem","position":1,"name":"In\u00edcio","item":"https:\/\/esferareal.com\/en\/"},{"@type":"ListItem","position":2,"name":"Quintinha da Galega &#8211; 1253"}]},{"@type":"WebSite","@id":"https:\/\/esferareal.com\/#website","url":"https:\/\/esferareal.com\/","name":"Esfera Real","description":"Media\u00e7\u00e3o Imobili\u00e1ria","publisher":{"@id":"https:\/\/esferareal.com\/#organization"},"potentialAction":[{"@type":"SearchAction","target":{"@type":"EntryPoint","urlTemplate":"https:\/\/esferareal.com\/?s={search_term_string}"},"query-input":{"@type":"PropertyValueSpecification","valueRequired":true,"valueName":"search_term_string"}}],"inLanguage":"en-GB"},{"@type":"Organization","@id":"https:\/\/esferareal.com\/#organization","name":"Esfera Real Media\u00e7\u00e3o Imobili\u00e1ria","url":"https:\/\/esferareal.com\/","logo":{"@type":"ImageObject","inLanguage":"en-GB","@id":"https:\/\/esferareal.com\/#\/schema\/logo\/image\/","url":"https:\/\/esferareal.com\/wp-content\/uploads\/2024\/10\/logo-esferareal300.png","contentUrl":"https:\/\/esferareal.com\/wp-content\/uploads\/2024\/10\/logo-esferareal300.png","width":300,"height":221,"caption":"Esfera Real Media\u00e7\u00e3o Imobili\u00e1ria"},"image":{"@id":"https:\/\/esferareal.com\/#\/schema\/logo\/image\/"},"sameAs":["https:\/\/www.facebook.com\/people\/Esfera-Real\/100057693960084\/","https:\/\/www.instagram.com\/esferareal\/","https:\/\/www.youtube.com\/channel\/UCYb-CPOTpF03PSyHBSoCfbA"]}]}},"_links":{"self":[{"href":"https:\/\/esferareal.com\/en\/wp-json\/wp\/v2\/imovel\/4262","targetHints":{"allow":["GET"]}}],"collection":[{"href":"https:\/\/esferareal.com\/en\/wp-json\/wp\/v2\/imovel"}],"about":[{"href":"https:\/\/esferareal.com\/en\/wp-json\/wp\/v2\/types\/imovel"}],"author":[{"embeddable":true,"href":"https:\/\/esferareal.com\/en\/wp-json\/wp\/v2\/users\/3"}],"version-history":[{"count":1,"href":"https:\/\/esferareal.com\/en\/wp-json\/wp\/v2\/imovel\/4262\/revisions"}],"predecessor-version":[{"id":4263,"href":"https:\/\/esferareal.com\/en\/wp-json\/wp\/v2\/imovel\/4262\/revisions\/4263"}],"wp:featuredmedia":[{"embeddable":true,"href":"https:\/\/esferareal.com\/en\/wp-json\/wp\/v2\/media\/4237"}],"wp:attachment":[{"href":"https:\/\/esferareal.com\/en\/wp-json\/wp\/v2\/media?parent=4262"}],"wp:term":[{"taxonomy":"tipo","embeddable":true,"href":"https:\/\/esferareal.com\/en\/wp-json\/wp\/v2\/tipo?post=4262"}],"curies":[{"name":"wp","href":"https:\/\/api.w.org\/{rel}","templated":true}]}}

<p>Little farm to rebuild!</p>



<p>Inserted on a plot with 1880 sqm, the little house comprises of an old kitchen with a fireplace and 2 little bedrooms.</p>



<p>The edifice needs to be renovated and new cosmetic works. Nonetheless, its structure, as well as the roof, are still in good condition!<br>Both electricity and water are still available!</p>



<p>The plot, mainly plain and with good areas, is adorned by a variety of fruit trees, such as citruses, apple trees, pear trees, peach trees, loquat tree, olive trees, a vineyard and even more!<br>Also includes a borehole and an annex for storage.</p>



<p>The views are long and ample.</p>



<p>Worth noting the access is through a narrow street, advised only for small vehicles. Because of this, you´ll be able to enjoy all the peace and tranquillity you desire, since there´s no regular traffic or bustle!</p>



<p>The property is located on a small very peaceful village 3 Km away from the town of Pedrógão Pequeno with cafes, restaurants, healthcare centre and other services and amenities. Consequently, you´ll have the Cabril´s dam less than 5 minutes away by car, just as the IC8, from where you can reach any corner of Portugal!</p>



<p>Come visit this small little corner in central Portugal!</p>

<!-- This site is optimized with the Yoast SEO plugin v24.4 - https://yoast.com/wordpress/plugins/seo/ -->
<title>Quintinha da Galega - 1253 - Esfera Real</title>
<meta name="robots" content="index, follow, max-snippet:-1, max-image-preview:large, max-video-preview:-1" />
<link rel="canonical" href="https://esferareal.com/en/imovel/quintinha-da-galega-1253/" />
<meta property="og:locale" content="en_GB" />
<meta property="og:type" content="article" />
<meta property="og:title" content="Quintinha da Galega - 1253 - Esfera Real" />
<meta property="og:description" content="Quintinha com casa para recuperar! Inserida num terreno com 1880 m2, a casinha inclui uma cozinha antiga com lareira e 2 quartinhos. O imóvel necessita de ser renovado e de novos trabalhos a nível de cosmética. Porém a estrutura do edifício, bem como o telhado encontram-se em bom estado!Tanto a eletricidade como rede de água [&hellip;]" />
<meta property="og:url" content="https://esferareal.com/en/imovel/quintinha-da-galega-1253/" />
<meta property="og:site_name" content="Esfera Real" />
<meta property="article:publisher" content="https://www.facebook.com/people/Esfera-Real/100057693960084/" />
<meta property="article:modified_time" content="2025-02-12T10:54:40+00:00" />
<meta property="og:image" content="https://esferareal.com/wp-content/uploads/2024/12/0.5-1253-Custom.jpg" />
	<meta property="og:image:width" content="667" />
	<meta property="og:image:height" content="500" />
	<meta property="og:image:type" content="image/jpeg" />
<meta name="twitter:card" content="summary_large_image" />
<meta name="twitter:label1" content="Estimated reading time" />
	<meta name="twitter:data1" content="1 minute" />
<script type="application/ld+json" class="yoast-schema-graph">{"@context":"https://schema.org","@graph":[{"@type":"WebPage","@id":"https://esferareal.com/imovel/quintinha-da-galega-1253/","url":"https://esferareal.com/imovel/quintinha-da-galega-1253/","name":"Quintinha da Galega - 1253 - Esfera Real","isPartOf":{"@id":"https://esferareal.com/#website"},"primaryImageOfPage":{"@id":"https://esferareal.com/imovel/quintinha-da-galega-1253/#primaryimage"},"image":{"@id":"https://esferareal.com/imovel/quintinha-da-galega-1253/#primaryimage"},"thumbnailUrl":"https://esferareal.com/wp-content/uploads/2024/12/0.5-1253-Custom.jpg","datePublished":"2024-12-10T16:16:56+00:00","dateModified":"2025-02-12T10:54:40+00:00","breadcrumb":{"@id":"https://esferareal.com/imovel/quintinha-da-galega-1253/#breadcrumb"},"inLanguage":"en-GB","potentialAction":[{"@type":"ReadAction","target":["https://esferareal.com/imovel/quintinha-da-galega-1253/"]}]},{"@type":"ImageObject","inLanguage":"en-GB","@id":"https://esferareal.com/imovel/quintinha-da-galega-1253/#primaryimage","url":"https://esferareal.com/wp-content/uploads/2024/12/0.5-1253-Custom.jpg","contentUrl":"https://esferareal.com/wp-content/uploads/2024/12/0.5-1253-Custom.jpg","width":667,"height":500,"caption":"default"},{"@type":"BreadcrumbList","@id":"https://esferareal.com/imovel/quintinha-da-galega-1253/#breadcrumb","itemListElement":[{"@type":"ListItem","position":1,"name":"Início","item":"https://esferareal.com/en/"},{"@type":"ListItem","position":2,"name":"Quintinha da Galega &#8211; 1253"}]},{"@type":"WebSite","@id":"https://esferareal.com/#website","url":"https://esferareal.com/","name":"Esfera Real","description":"Mediação Imobiliária","publisher":{"@id":"https://esferareal.com/#organization"},"potentialAction":[{"@type":"SearchAction","target":{"@type":"EntryPoint","urlTemplate":"https://esferareal.com/?s={search_term_string}"},"query-input":{"@type":"PropertyValueSpecification","valueRequired":true,"valueName":"search_term_string"}}],"inLanguage":"en-GB"},{"@type":"Organization","@id":"https://esferareal.com/#organization","name":"Esfera Real Mediação Imobiliária","url":"https://esferareal.com/","logo":{"@type":"ImageObject","inLanguage":"en-GB","@id":"https://esferareal.com/#/schema/logo/image/","url":"https://esferareal.com/wp-content/uploads/2024/10/logo-esferareal300.png","contentUrl":"https://esferareal.com/wp-content/uploads/2024/10/logo-esferareal300.png","width":300,"height":221,"caption":"Esfera Real Mediação Imobiliária"},"image":{"@id":"https://esferareal.com/#/schema/logo/image/"},"sameAs":["https://www.facebook.com/people/Esfera-Real/100057693960084/","https://www.instagram.com/esferareal/","https://www.youtube.com/channel/UCYb-CPOTpF03PSyHBSoCfbA"]}]}</script>
<!-- / Yoast SEO plugin. -->

Quintinha com casa para recuperar! Inserida num terreno com 1880 m2, a casinha inclui uma cozinha antiga com lareira e 2 quartinhos. O imóvel necessita de ser renovado e de novos trabalhos a nível de cosmética. Porém a estrutura do edifício, bem como o telhado encontram-se em bom estado!Tanto a eletricidade como rede de água [&hellip;]

Início

Mediação Imobiliária

Esfera Real Mediação Imobiliária
