 
{"id":4538,"date":"2024-12-13T09:51:57","date_gmt":"2024-12-13T09:51:57","guid":{"rendered":"https:\/\/esferareal.com\/?post_type=imovel&#038;p=4538"},"modified":"2025-02-12T10:58:16","modified_gmt":"2025-02-12T10:58:16","slug":"casinha-do-terraco-1260","status":"publish","type":"imovel","link":"https:\/\/esferareal.com\/en\/imovel\/casinha-do-terraco-1260\/","title":{"rendered":"Casinha do Terra\u00e7o &#8211; 1260"},"content":{"rendered":"<p>Little village house for total remodelling.<\/p>\n\n\n\n<p>Located on the centre of a village of central Portugal, on a narrow street, it\u00b4s divided by 3 storeys: the ground floor used to be a wine cellar which was also a small shop; the 1st floor, corresponding to the dwelling area, with a kitchen, sitting room and 2 small bedrooms, but with potential to create a 3rd one; finally the top floor, (which was the spacious attic), and with access to a terrace at roof level, with views all around over the greenery of the surrounding hills!<\/p>\n\n\n\n<p>As mentioned, the house needs total restoration, but has all potential to become a comfortable little house, keeping all tradition associated to the property!<\/p>\n\n\n\n<p>Nearby you\u00b4ll find the two remarkable rivers of the region: the Z\u00eazere and the Unhais, which you\u00b4ll be able to enjoy as you find more convenient, either to go for a swim, for fishing or even for sailing!<\/p>\n\n\n\n<p>Come check it out!<\/p>","protected":false},"author":3,"featured_media":4524,"template":"","meta":{"_acf_changed":false,"footnotes":""},"tipo":[15,13],"class_list":["post-4538","imovel","type-imovel","status-publish","has-post-thumbnail","hentry","tipo-casa-rustica","tipo-moradia"],"acf":[],"yoast_head":"<!-- This site is optimized with the Yoast SEO plugin v24.4 - https:\/\/yoast.com\/wordpress\/plugins\/seo\/ -->\n<title>Casinha do Terra\u00e7o - 1260 - Esfera Real<\/title>\n<meta name=\"robots\" content=\"index, follow, max-snippet:-1, max-image-preview:large, max-video-preview:-1\" \/>\n<link rel=\"canonical\" href=\"https:\/\/esferareal.com\/en\/imovel\/casinha-do-terraco-1260\/\" \/>\n<meta property=\"og:locale\" content=\"en_GB\" \/>\n<meta property=\"og:type\" content=\"article\" \/>\n<meta property=\"og:title\" content=\"Casinha do Terra\u00e7o - 1260 - Esfera Real\" \/>\n<meta property=\"og:description\" content=\"Casinha de aldeia para remodela\u00e7\u00e3o total. Localizada no centro de uma aldeia do centro de Portugal, numa rua estreita, divide-se em 3 andares: o r\u00e9s-do-ch\u00e3o que consistia numa adega e funcionava como pequeno com\u00e9rcio; o 1\u00ba andar, correspondente \u00e0 zona habitacional, com cozinha, sala de estar e 2 quartinhos, mas com potencial para criar um [&hellip;]\" \/>\n<meta property=\"og:url\" content=\"https:\/\/esferareal.com\/en\/imovel\/casinha-do-terraco-1260\/\" \/>\n<meta property=\"og:site_name\" content=\"Esfera Real\" \/>\n<meta property=\"article:publisher\" content=\"https:\/\/www.facebook.com\/people\/Esfera-Real\/100057693960084\/\" \/>\n<meta property=\"article:modified_time\" content=\"2025-02-12T10:58:16+00:00\" \/>\n<meta property=\"og:image\" content=\"https:\/\/esferareal.com\/wp-content\/uploads\/2024\/12\/1-1260-Custom.jpg\" \/>\n\t<meta property=\"og:image:width\" content=\"667\" \/>\n\t<meta property=\"og:image:height\" content=\"500\" \/>\n\t<meta property=\"og:image:type\" content=\"image\/jpeg\" \/>\n<meta name=\"twitter:card\" content=\"summary_large_image\" \/>\n<meta name=\"twitter:label1\" content=\"Estimated reading time\" \/>\n\t<meta name=\"twitter:data1\" content=\"1 minute\" \/>\n<script type=\"application\/ld+json\" class=\"yoast-schema-graph\">{\"@context\":\"https:\/\/schema.org\",\"@graph\":[{\"@type\":\"WebPage\",\"@id\":\"https:\/\/esferareal.com\/imovel\/casinha-do-terraco-1260\/\",\"url\":\"https:\/\/esferareal.com\/imovel\/casinha-do-terraco-1260\/\",\"name\":\"Casinha do Terra\u00e7o - 1260 - Esfera Real\",\"isPartOf\":{\"@id\":\"https:\/\/esferareal.com\/#website\"},\"primaryImageOfPage\":{\"@id\":\"https:\/\/esferareal.com\/imovel\/casinha-do-terraco-1260\/#primaryimage\"},\"image\":{\"@id\":\"https:\/\/esferareal.com\/imovel\/casinha-do-terraco-1260\/#primaryimage\"},\"thumbnailUrl\":\"https:\/\/esferareal.com\/wp-content\/uploads\/2024\/12\/1-1260-Custom.jpg\",\"datePublished\":\"2024-12-13T09:51:57+00:00\",\"dateModified\":\"2025-02-12T10:58:16+00:00\",\"breadcrumb\":{\"@id\":\"https:\/\/esferareal.com\/imovel\/casinha-do-terraco-1260\/#breadcrumb\"},\"inLanguage\":\"en-GB\",\"potentialAction\":[{\"@type\":\"ReadAction\",\"target\":[\"https:\/\/esferareal.com\/imovel\/casinha-do-terraco-1260\/\"]}]},{\"@type\":\"ImageObject\",\"inLanguage\":\"en-GB\",\"@id\":\"https:\/\/esferareal.com\/imovel\/casinha-do-terraco-1260\/#primaryimage\",\"url\":\"https:\/\/esferareal.com\/wp-content\/uploads\/2024\/12\/1-1260-Custom.jpg\",\"contentUrl\":\"https:\/\/esferareal.com\/wp-content\/uploads\/2024\/12\/1-1260-Custom.jpg\",\"width\":667,\"height\":500},{\"@type\":\"BreadcrumbList\",\"@id\":\"https:\/\/esferareal.com\/imovel\/casinha-do-terraco-1260\/#breadcrumb\",\"itemListElement\":[{\"@type\":\"ListItem\",\"position\":1,\"name\":\"In\u00edcio\",\"item\":\"https:\/\/esferareal.com\/en\/\"},{\"@type\":\"ListItem\",\"position\":2,\"name\":\"Casinha do Terra\u00e7o &#8211; 1260\"}]},{\"@type\":\"WebSite\",\"@id\":\"https:\/\/esferareal.com\/#website\",\"url\":\"https:\/\/esferareal.com\/\",\"name\":\"Esfera Real\",\"description\":\"Media\u00e7\u00e3o Imobili\u00e1ria\",\"publisher\":{\"@id\":\"https:\/\/esferareal.com\/#organization\"},\"potentialAction\":[{\"@type\":\"SearchAction\",\"target\":{\"@type\":\"EntryPoint\",\"urlTemplate\":\"https:\/\/esferareal.com\/?s={search_term_string}\"},\"query-input\":{\"@type\":\"PropertyValueSpecification\",\"valueRequired\":true,\"valueName\":\"search_term_string\"}}],\"inLanguage\":\"en-GB\"},{\"@type\":\"Organization\",\"@id\":\"https:\/\/esferareal.com\/#organization\",\"name\":\"Esfera Real Media\u00e7\u00e3o Imobili\u00e1ria\",\"url\":\"https:\/\/esferareal.com\/\",\"logo\":{\"@type\":\"ImageObject\",\"inLanguage\":\"en-GB\",\"@id\":\"https:\/\/esferareal.com\/#\/schema\/logo\/image\/\",\"url\":\"https:\/\/esferareal.com\/wp-content\/uploads\/2024\/10\/logo-esferareal300.png\",\"contentUrl\":\"https:\/\/esferareal.com\/wp-content\/uploads\/2024\/10\/logo-esferareal300.png\",\"width\":300,\"height\":221,\"caption\":\"Esfera Real Media\u00e7\u00e3o Imobili\u00e1ria\"},\"image\":{\"@id\":\"https:\/\/esferareal.com\/#\/schema\/logo\/image\/\"},\"sameAs\":[\"https:\/\/www.facebook.com\/people\/Esfera-Real\/100057693960084\/\",\"https:\/\/www.instagram.com\/esferareal\/\",\"https:\/\/www.youtube.com\/channel\/UCYb-CPOTpF03PSyHBSoCfbA\"]}]}<\/script>\n<!-- \/ Yoast SEO plugin. -->","yoast_head_json":{"title":"Casinha do Terra\u00e7o - 1260 - Esfera Real","robots":{"index":"index","follow":"follow","max-snippet":"max-snippet:-1","max-image-preview":"max-image-preview:large","max-video-preview":"max-video-preview:-1"},"canonical":"https:\/\/esferareal.com\/en\/imovel\/casinha-do-terraco-1260\/","og_locale":"en_GB","og_type":"article","og_title":"Casinha do Terra\u00e7o - 1260 - Esfera Real","og_description":"Casinha de aldeia para remodela\u00e7\u00e3o total. Localizada no centro de uma aldeia do centro de Portugal, numa rua estreita, divide-se em 3 andares: o r\u00e9s-do-ch\u00e3o que consistia numa adega e funcionava como pequeno com\u00e9rcio; o 1\u00ba andar, correspondente \u00e0 zona habitacional, com cozinha, sala de estar e 2 quartinhos, mas com potencial para criar um [&hellip;]","og_url":"https:\/\/esferareal.com\/en\/imovel\/casinha-do-terraco-1260\/","og_site_name":"Esfera Real","article_publisher":"https:\/\/www.facebook.com\/people\/Esfera-Real\/100057693960084\/","article_modified_time":"2025-02-12T10:58:16+00:00","og_image":[{"width":667,"height":500,"url":"https:\/\/esferareal.com\/wp-content\/uploads\/2024\/12\/1-1260-Custom.jpg","type":"image\/jpeg"}],"twitter_card":"summary_large_image","twitter_misc":{"Estimated reading time":"1 minute"},"schema":{"@context":"https:\/\/schema.org","@graph":[{"@type":"WebPage","@id":"https:\/\/esferareal.com\/imovel\/casinha-do-terraco-1260\/","url":"https:\/\/esferareal.com\/imovel\/casinha-do-terraco-1260\/","name":"Casinha do Terra\u00e7o - 1260 - Esfera Real","isPartOf":{"@id":"https:\/\/esferareal.com\/#website"},"primaryImageOfPage":{"@id":"https:\/\/esferareal.com\/imovel\/casinha-do-terraco-1260\/#primaryimage"},"image":{"@id":"https:\/\/esferareal.com\/imovel\/casinha-do-terraco-1260\/#primaryimage"},"thumbnailUrl":"https:\/\/esferareal.com\/wp-content\/uploads\/2024\/12\/1-1260-Custom.jpg","datePublished":"2024-12-13T09:51:57+00:00","dateModified":"2025-02-12T10:58:16+00:00","breadcrumb":{"@id":"https:\/\/esferareal.com\/imovel\/casinha-do-terraco-1260\/#breadcrumb"},"inLanguage":"en-GB","potentialAction":[{"@type":"ReadAction","target":["https:\/\/esferareal.com\/imovel\/casinha-do-terraco-1260\/"]}]},{"@type":"ImageObject","inLanguage":"en-GB","@id":"https:\/\/esferareal.com\/imovel\/casinha-do-terraco-1260\/#primaryimage","url":"https:\/\/esferareal.com\/wp-content\/uploads\/2024\/12\/1-1260-Custom.jpg","contentUrl":"https:\/\/esferareal.com\/wp-content\/uploads\/2024\/12\/1-1260-Custom.jpg","width":667,"height":500},{"@type":"BreadcrumbList","@id":"https:\/\/esferareal.com\/imovel\/casinha-do-terraco-1260\/#breadcrumb","itemListElement":[{"@type":"ListItem","position":1,"name":"In\u00edcio","item":"https:\/\/esferareal.com\/en\/"},{"@type":"ListItem","position":2,"name":"Casinha do Terra\u00e7o &#8211; 1260"}]},{"@type":"WebSite","@id":"https:\/\/esferareal.com\/#website","url":"https:\/\/esferareal.com\/","name":"Esfera Real","description":"Media\u00e7\u00e3o Imobili\u00e1ria","publisher":{"@id":"https:\/\/esferareal.com\/#organization"},"potentialAction":[{"@type":"SearchAction","target":{"@type":"EntryPoint","urlTemplate":"https:\/\/esferareal.com\/?s={search_term_string}"},"query-input":{"@type":"PropertyValueSpecification","valueRequired":true,"valueName":"search_term_string"}}],"inLanguage":"en-GB"},{"@type":"Organization","@id":"https:\/\/esferareal.com\/#organization","name":"Esfera Real Media\u00e7\u00e3o Imobili\u00e1ria","url":"https:\/\/esferareal.com\/","logo":{"@type":"ImageObject","inLanguage":"en-GB","@id":"https:\/\/esferareal.com\/#\/schema\/logo\/image\/","url":"https:\/\/esferareal.com\/wp-content\/uploads\/2024\/10\/logo-esferareal300.png","contentUrl":"https:\/\/esferareal.com\/wp-content\/uploads\/2024\/10\/logo-esferareal300.png","width":300,"height":221,"caption":"Esfera Real Media\u00e7\u00e3o Imobili\u00e1ria"},"image":{"@id":"https:\/\/esferareal.com\/#\/schema\/logo\/image\/"},"sameAs":["https:\/\/www.facebook.com\/people\/Esfera-Real\/100057693960084\/","https:\/\/www.instagram.com\/esferareal\/","https:\/\/www.youtube.com\/channel\/UCYb-CPOTpF03PSyHBSoCfbA"]}]}},"_links":{"self":[{"href":"https:\/\/esferareal.com\/en\/wp-json\/wp\/v2\/imovel\/4538","targetHints":{"allow":["GET"]}}],"collection":[{"href":"https:\/\/esferareal.com\/en\/wp-json\/wp\/v2\/imovel"}],"about":[{"href":"https:\/\/esferareal.com\/en\/wp-json\/wp\/v2\/types\/imovel"}],"author":[{"embeddable":true,"href":"https:\/\/esferareal.com\/en\/wp-json\/wp\/v2\/users\/3"}],"version-history":[{"count":1,"href":"https:\/\/esferareal.com\/en\/wp-json\/wp\/v2\/imovel\/4538\/revisions"}],"predecessor-version":[{"id":4540,"href":"https:\/\/esferareal.com\/en\/wp-json\/wp\/v2\/imovel\/4538\/revisions\/4540"}],"wp:featuredmedia":[{"embeddable":true,"href":"https:\/\/esferareal.com\/en\/wp-json\/wp\/v2\/media\/4524"}],"wp:attachment":[{"href":"https:\/\/esferareal.com\/en\/wp-json\/wp\/v2\/media?parent=4538"}],"wp:term":[{"taxonomy":"tipo","embeddable":true,"href":"https:\/\/esferareal.com\/en\/wp-json\/wp\/v2\/tipo?post=4538"}],"curies":[{"name":"wp","href":"https:\/\/api.w.org\/{rel}","templated":true}]}}

Casinha do Terraço &#8211; 1260

<p>Little village house for total remodelling.</p>



<p>Located on the centre of a village of central Portugal, on a narrow street, it´s divided by 3 storeys: the ground floor used to be a wine cellar which was also a small shop; the 1st floor, corresponding to the dwelling area, with a kitchen, sitting room and 2 small bedrooms, but with potential to create a 3rd one; finally the top floor, (which was the spacious attic), and with access to a terrace at roof level, with views all around over the greenery of the surrounding hills!</p>



<p>As mentioned, the house needs total restoration, but has all potential to become a comfortable little house, keeping all tradition associated to the property!</p>



<p>Nearby you´ll find the two remarkable rivers of the region: the Zêzere and the Unhais, which you´ll be able to enjoy as you find more convenient, either to go for a swim, for fishing or even for sailing!</p>



<p>Come check it out!</p>

<!-- This site is optimized with the Yoast SEO plugin v24.4 - https://yoast.com/wordpress/plugins/seo/ -->
<title>Casinha do Terraço - 1260 - Esfera Real</title>
<meta name="robots" content="index, follow, max-snippet:-1, max-image-preview:large, max-video-preview:-1" />
<link rel="canonical" href="https://esferareal.com/en/imovel/casinha-do-terraco-1260/" />
<meta property="og:locale" content="en_GB" />
<meta property="og:type" content="article" />
<meta property="og:title" content="Casinha do Terraço - 1260 - Esfera Real" />
<meta property="og:description" content="Casinha de aldeia para remodelação total. Localizada no centro de uma aldeia do centro de Portugal, numa rua estreita, divide-se em 3 andares: o rés-do-chão que consistia numa adega e funcionava como pequeno comércio; o 1º andar, correspondente à zona habitacional, com cozinha, sala de estar e 2 quartinhos, mas com potencial para criar um [&hellip;]" />
<meta property="og:url" content="https://esferareal.com/en/imovel/casinha-do-terraco-1260/" />
<meta property="og:site_name" content="Esfera Real" />
<meta property="article:publisher" content="https://www.facebook.com/people/Esfera-Real/100057693960084/" />
<meta property="article:modified_time" content="2025-02-12T10:58:16+00:00" />
<meta property="og:image" content="https://esferareal.com/wp-content/uploads/2024/12/1-1260-Custom.jpg" />
	<meta property="og:image:width" content="667" />
	<meta property="og:image:height" content="500" />
	<meta property="og:image:type" content="image/jpeg" />
<meta name="twitter:card" content="summary_large_image" />
<meta name="twitter:label1" content="Estimated reading time" />
	<meta name="twitter:data1" content="1 minute" />
<script type="application/ld+json" class="yoast-schema-graph">{"@context":"https://schema.org","@graph":[{"@type":"WebPage","@id":"https://esferareal.com/imovel/casinha-do-terraco-1260/","url":"https://esferareal.com/imovel/casinha-do-terraco-1260/","name":"Casinha do Terraço - 1260 - Esfera Real","isPartOf":{"@id":"https://esferareal.com/#website"},"primaryImageOfPage":{"@id":"https://esferareal.com/imovel/casinha-do-terraco-1260/#primaryimage"},"image":{"@id":"https://esferareal.com/imovel/casinha-do-terraco-1260/#primaryimage"},"thumbnailUrl":"https://esferareal.com/wp-content/uploads/2024/12/1-1260-Custom.jpg","datePublished":"2024-12-13T09:51:57+00:00","dateModified":"2025-02-12T10:58:16+00:00","breadcrumb":{"@id":"https://esferareal.com/imovel/casinha-do-terraco-1260/#breadcrumb"},"inLanguage":"en-GB","potentialAction":[{"@type":"ReadAction","target":["https://esferareal.com/imovel/casinha-do-terraco-1260/"]}]},{"@type":"ImageObject","inLanguage":"en-GB","@id":"https://esferareal.com/imovel/casinha-do-terraco-1260/#primaryimage","url":"https://esferareal.com/wp-content/uploads/2024/12/1-1260-Custom.jpg","contentUrl":"https://esferareal.com/wp-content/uploads/2024/12/1-1260-Custom.jpg","width":667,"height":500},{"@type":"BreadcrumbList","@id":"https://esferareal.com/imovel/casinha-do-terraco-1260/#breadcrumb","itemListElement":[{"@type":"ListItem","position":1,"name":"Início","item":"https://esferareal.com/en/"},{"@type":"ListItem","position":2,"name":"Casinha do Terraço &#8211; 1260"}]},{"@type":"WebSite","@id":"https://esferareal.com/#website","url":"https://esferareal.com/","name":"Esfera Real","description":"Mediação Imobiliária","publisher":{"@id":"https://esferareal.com/#organization"},"potentialAction":[{"@type":"SearchAction","target":{"@type":"EntryPoint","urlTemplate":"https://esferareal.com/?s={search_term_string}"},"query-input":{"@type":"PropertyValueSpecification","valueRequired":true,"valueName":"search_term_string"}}],"inLanguage":"en-GB"},{"@type":"Organization","@id":"https://esferareal.com/#organization","name":"Esfera Real Mediação Imobiliária","url":"https://esferareal.com/","logo":{"@type":"ImageObject","inLanguage":"en-GB","@id":"https://esferareal.com/#/schema/logo/image/","url":"https://esferareal.com/wp-content/uploads/2024/10/logo-esferareal300.png","contentUrl":"https://esferareal.com/wp-content/uploads/2024/10/logo-esferareal300.png","width":300,"height":221,"caption":"Esfera Real Mediação Imobiliária"},"image":{"@id":"https://esferareal.com/#/schema/logo/image/"},"sameAs":["https://www.facebook.com/people/Esfera-Real/100057693960084/","https://www.instagram.com/esferareal/","https://www.youtube.com/channel/UCYb-CPOTpF03PSyHBSoCfbA"]}]}</script>
<!-- / Yoast SEO plugin. -->

Casinha do Terraço - 1260 - Esfera Real

Casinha de aldeia para remodelação total. Localizada no centro de uma aldeia do centro de Portugal, numa rua estreita, divide-se em 3 andares: o rés-do-chão que consistia numa adega e funcionava como pequeno comércio; o 1º andar, correspondente à zona habitacional, com cozinha, sala de estar e 2 quartinhos, mas com potencial para criar um [&hellip;]

Início

Mediação Imobiliária

Esfera Real Mediação Imobiliária
