 
{"id":4986,"date":"2024-12-13T18:04:23","date_gmt":"2024-12-13T18:04:23","guid":{"rendered":"https:\/\/esferareal.com\/?post_type=imovel&#038;p=4986"},"modified":"2026-01-26T09:12:10","modified_gmt":"2026-01-26T09:12:10","slug":"auto-garagem-1273","status":"publish","type":"imovel","link":"https:\/\/esferareal.com\/en\/imovel\/auto-garagem-1273\/","title":{"rendered":"Auto Garagem &#8211; 1273"},"content":{"rendered":"<p>Plot located at the entrance of the town of Figueir\u00f3 dos Vinhos, previously used as a car dealership!<br>Thanks to its features and existing infrastructure, this space is particularly well suited for a business within the automotive sector, whether as a car sales showroom, workshop, tyre service or related activities. However, its versatility also makes it suitable for a wide range of other businesses or services!<\/p>\n\n\n\n<p>The main workshop is equipped with a car lift, includes a dedicated pavilion for tyres, and a glazed reception area with an internal office. The property also offers two bathrooms, a canteen and two storage rooms. Outside, there is a covered area with a shed and a front canopy providing sheltered parking. All facilities are fully operational and ready to be used.<\/p>\n\n\n\n<p>The plot is spacious, enjoys excellent visibility and benefits from direct access from the main road, making it highly attractive for commercial purposes. In addition to being for sale, this property is also available for rent at 650 euros per month, with guarantor and security deposit required.<\/p>\n\n\n\n<p>Book your visit today and discover how this property can become the ideal base for your business in Figueir\u00f3 dos Vinhos!<\/p>\n\n\n\n<p><\/p>","protected":false},"author":3,"featured_media":4965,"template":"","meta":{"_acf_changed":false,"footnotes":""},"tipo":[18],"class_list":["post-4986","imovel","type-imovel","status-publish","has-post-thumbnail","hentry","tipo-espacos-comerciais"],"acf":[],"yoast_head":"<!-- This site is optimized with the Yoast SEO plugin v24.4 - https:\/\/yoast.com\/wordpress\/plugins\/seo\/ -->\n<title>Auto Garagem - 1273 - Esfera Real<\/title>\n<meta name=\"robots\" content=\"index, follow, max-snippet:-1, max-image-preview:large, max-video-preview:-1\" \/>\n<link rel=\"canonical\" href=\"https:\/\/esferareal.com\/en\/imovel\/auto-garagem-1273\/\" \/>\n<meta property=\"og:locale\" content=\"en_GB\" \/>\n<meta property=\"og:type\" content=\"article\" \/>\n<meta property=\"og:title\" content=\"Auto Garagem - 1273 - Esfera Real\" \/>\n<meta property=\"og:description\" content=\"Lote localizado \u00e0 entrada da vila de Figueir\u00f3 dos Vinhos, anteriormente utilizado como stand autom\u00f3vel!Gra\u00e7as \u00e0s suas caracter\u00edsticas e infraestruturas existentes, este espa\u00e7o \u00e9 ideal para um neg\u00f3cio ligado ao setor autom\u00f3vel, seja para funcionar como stand de viaturas, oficina, casa de pneus ou servi\u00e7os relacionados. No entanto, a versatilidade do im\u00f3vel permite tamb\u00e9m a [&hellip;]\" \/>\n<meta property=\"og:url\" content=\"https:\/\/esferareal.com\/en\/imovel\/auto-garagem-1273\/\" \/>\n<meta property=\"og:site_name\" content=\"Esfera Real\" \/>\n<meta property=\"article:publisher\" content=\"https:\/\/www.facebook.com\/people\/Esfera-Real\/100057693960084\/\" \/>\n<meta property=\"article:modified_time\" content=\"2026-01-26T09:12:10+00:00\" \/>\n<meta property=\"og:image\" content=\"https:\/\/esferareal.com\/wp-content\/uploads\/2024\/12\/1-1273-Custom.jpg\" \/>\n\t<meta property=\"og:image:width\" content=\"667\" \/>\n\t<meta property=\"og:image:height\" content=\"500\" \/>\n\t<meta property=\"og:image:type\" content=\"image\/jpeg\" \/>\n<meta name=\"twitter:card\" content=\"summary_large_image\" \/>\n<meta name=\"twitter:label1\" content=\"Estimated reading time\" \/>\n\t<meta name=\"twitter:data1\" content=\"2 minutes\" \/>\n<script type=\"application\/ld+json\" class=\"yoast-schema-graph\">{\"@context\":\"https:\/\/schema.org\",\"@graph\":[{\"@type\":\"WebPage\",\"@id\":\"https:\/\/esferareal.com\/imovel\/auto-garagem-1273\/\",\"url\":\"https:\/\/esferareal.com\/imovel\/auto-garagem-1273\/\",\"name\":\"Auto Garagem - 1273 - Esfera Real\",\"isPartOf\":{\"@id\":\"https:\/\/esferareal.com\/#website\"},\"primaryImageOfPage\":{\"@id\":\"https:\/\/esferareal.com\/imovel\/auto-garagem-1273\/#primaryimage\"},\"image\":{\"@id\":\"https:\/\/esferareal.com\/imovel\/auto-garagem-1273\/#primaryimage\"},\"thumbnailUrl\":\"https:\/\/esferareal.com\/wp-content\/uploads\/2024\/12\/1-1273-Custom.jpg\",\"datePublished\":\"2024-12-13T18:04:23+00:00\",\"dateModified\":\"2026-01-26T09:12:10+00:00\",\"breadcrumb\":{\"@id\":\"https:\/\/esferareal.com\/imovel\/auto-garagem-1273\/#breadcrumb\"},\"inLanguage\":\"en-GB\",\"potentialAction\":[{\"@type\":\"ReadAction\",\"target\":[\"https:\/\/esferareal.com\/imovel\/auto-garagem-1273\/\"]}]},{\"@type\":\"ImageObject\",\"inLanguage\":\"en-GB\",\"@id\":\"https:\/\/esferareal.com\/imovel\/auto-garagem-1273\/#primaryimage\",\"url\":\"https:\/\/esferareal.com\/wp-content\/uploads\/2024\/12\/1-1273-Custom.jpg\",\"contentUrl\":\"https:\/\/esferareal.com\/wp-content\/uploads\/2024\/12\/1-1273-Custom.jpg\",\"width\":667,\"height\":500},{\"@type\":\"BreadcrumbList\",\"@id\":\"https:\/\/esferareal.com\/imovel\/auto-garagem-1273\/#breadcrumb\",\"itemListElement\":[{\"@type\":\"ListItem\",\"position\":1,\"name\":\"In\u00edcio\",\"item\":\"https:\/\/esferareal.com\/en\/\"},{\"@type\":\"ListItem\",\"position\":2,\"name\":\"Auto Garagem &#8211; 1273\"}]},{\"@type\":\"WebSite\",\"@id\":\"https:\/\/esferareal.com\/#website\",\"url\":\"https:\/\/esferareal.com\/\",\"name\":\"Esfera Real\",\"description\":\"Media\u00e7\u00e3o Imobili\u00e1ria\",\"publisher\":{\"@id\":\"https:\/\/esferareal.com\/#organization\"},\"potentialAction\":[{\"@type\":\"SearchAction\",\"target\":{\"@type\":\"EntryPoint\",\"urlTemplate\":\"https:\/\/esferareal.com\/?s={search_term_string}\"},\"query-input\":{\"@type\":\"PropertyValueSpecification\",\"valueRequired\":true,\"valueName\":\"search_term_string\"}}],\"inLanguage\":\"en-GB\"},{\"@type\":\"Organization\",\"@id\":\"https:\/\/esferareal.com\/#organization\",\"name\":\"Esfera Real Media\u00e7\u00e3o Imobili\u00e1ria\",\"url\":\"https:\/\/esferareal.com\/\",\"logo\":{\"@type\":\"ImageObject\",\"inLanguage\":\"en-GB\",\"@id\":\"https:\/\/esferareal.com\/#\/schema\/logo\/image\/\",\"url\":\"https:\/\/esferareal.com\/wp-content\/uploads\/2024\/10\/logo-esferareal300.png\",\"contentUrl\":\"https:\/\/esferareal.com\/wp-content\/uploads\/2024\/10\/logo-esferareal300.png\",\"width\":300,\"height\":221,\"caption\":\"Esfera Real Media\u00e7\u00e3o Imobili\u00e1ria\"},\"image\":{\"@id\":\"https:\/\/esferareal.com\/#\/schema\/logo\/image\/\"},\"sameAs\":[\"https:\/\/www.facebook.com\/people\/Esfera-Real\/100057693960084\/\",\"https:\/\/www.instagram.com\/esferareal\/\",\"https:\/\/www.youtube.com\/channel\/UCYb-CPOTpF03PSyHBSoCfbA\"]}]}<\/script>\n<!-- \/ Yoast SEO plugin. -->","yoast_head_json":{"title":"Auto Garagem - 1273 - Esfera Real","robots":{"index":"index","follow":"follow","max-snippet":"max-snippet:-1","max-image-preview":"max-image-preview:large","max-video-preview":"max-video-preview:-1"},"canonical":"https:\/\/esferareal.com\/en\/imovel\/auto-garagem-1273\/","og_locale":"en_GB","og_type":"article","og_title":"Auto Garagem - 1273 - Esfera Real","og_description":"Lote localizado \u00e0 entrada da vila de Figueir\u00f3 dos Vinhos, anteriormente utilizado como stand autom\u00f3vel!Gra\u00e7as \u00e0s suas caracter\u00edsticas e infraestruturas existentes, este espa\u00e7o \u00e9 ideal para um neg\u00f3cio ligado ao setor autom\u00f3vel, seja para funcionar como stand de viaturas, oficina, casa de pneus ou servi\u00e7os relacionados. No entanto, a versatilidade do im\u00f3vel permite tamb\u00e9m a [&hellip;]","og_url":"https:\/\/esferareal.com\/en\/imovel\/auto-garagem-1273\/","og_site_name":"Esfera Real","article_publisher":"https:\/\/www.facebook.com\/people\/Esfera-Real\/100057693960084\/","article_modified_time":"2026-01-26T09:12:10+00:00","og_image":[{"width":667,"height":500,"url":"https:\/\/esferareal.com\/wp-content\/uploads\/2024\/12\/1-1273-Custom.jpg","type":"image\/jpeg"}],"twitter_card":"summary_large_image","twitter_misc":{"Estimated reading time":"2 minutes"},"schema":{"@context":"https:\/\/schema.org","@graph":[{"@type":"WebPage","@id":"https:\/\/esferareal.com\/imovel\/auto-garagem-1273\/","url":"https:\/\/esferareal.com\/imovel\/auto-garagem-1273\/","name":"Auto Garagem - 1273 - Esfera Real","isPartOf":{"@id":"https:\/\/esferareal.com\/#website"},"primaryImageOfPage":{"@id":"https:\/\/esferareal.com\/imovel\/auto-garagem-1273\/#primaryimage"},"image":{"@id":"https:\/\/esferareal.com\/imovel\/auto-garagem-1273\/#primaryimage"},"thumbnailUrl":"https:\/\/esferareal.com\/wp-content\/uploads\/2024\/12\/1-1273-Custom.jpg","datePublished":"2024-12-13T18:04:23+00:00","dateModified":"2026-01-26T09:12:10+00:00","breadcrumb":{"@id":"https:\/\/esferareal.com\/imovel\/auto-garagem-1273\/#breadcrumb"},"inLanguage":"en-GB","potentialAction":[{"@type":"ReadAction","target":["https:\/\/esferareal.com\/imovel\/auto-garagem-1273\/"]}]},{"@type":"ImageObject","inLanguage":"en-GB","@id":"https:\/\/esferareal.com\/imovel\/auto-garagem-1273\/#primaryimage","url":"https:\/\/esferareal.com\/wp-content\/uploads\/2024\/12\/1-1273-Custom.jpg","contentUrl":"https:\/\/esferareal.com\/wp-content\/uploads\/2024\/12\/1-1273-Custom.jpg","width":667,"height":500},{"@type":"BreadcrumbList","@id":"https:\/\/esferareal.com\/imovel\/auto-garagem-1273\/#breadcrumb","itemListElement":[{"@type":"ListItem","position":1,"name":"In\u00edcio","item":"https:\/\/esferareal.com\/en\/"},{"@type":"ListItem","position":2,"name":"Auto Garagem &#8211; 1273"}]},{"@type":"WebSite","@id":"https:\/\/esferareal.com\/#website","url":"https:\/\/esferareal.com\/","name":"Esfera Real","description":"Media\u00e7\u00e3o Imobili\u00e1ria","publisher":{"@id":"https:\/\/esferareal.com\/#organization"},"potentialAction":[{"@type":"SearchAction","target":{"@type":"EntryPoint","urlTemplate":"https:\/\/esferareal.com\/?s={search_term_string}"},"query-input":{"@type":"PropertyValueSpecification","valueRequired":true,"valueName":"search_term_string"}}],"inLanguage":"en-GB"},{"@type":"Organization","@id":"https:\/\/esferareal.com\/#organization","name":"Esfera Real Media\u00e7\u00e3o Imobili\u00e1ria","url":"https:\/\/esferareal.com\/","logo":{"@type":"ImageObject","inLanguage":"en-GB","@id":"https:\/\/esferareal.com\/#\/schema\/logo\/image\/","url":"https:\/\/esferareal.com\/wp-content\/uploads\/2024\/10\/logo-esferareal300.png","contentUrl":"https:\/\/esferareal.com\/wp-content\/uploads\/2024\/10\/logo-esferareal300.png","width":300,"height":221,"caption":"Esfera Real Media\u00e7\u00e3o Imobili\u00e1ria"},"image":{"@id":"https:\/\/esferareal.com\/#\/schema\/logo\/image\/"},"sameAs":["https:\/\/www.facebook.com\/people\/Esfera-Real\/100057693960084\/","https:\/\/www.instagram.com\/esferareal\/","https:\/\/www.youtube.com\/channel\/UCYb-CPOTpF03PSyHBSoCfbA"]}]}},"_links":{"self":[{"href":"https:\/\/esferareal.com\/en\/wp-json\/wp\/v2\/imovel\/4986","targetHints":{"allow":["GET"]}}],"collection":[{"href":"https:\/\/esferareal.com\/en\/wp-json\/wp\/v2\/imovel"}],"about":[{"href":"https:\/\/esferareal.com\/en\/wp-json\/wp\/v2\/types\/imovel"}],"author":[{"embeddable":true,"href":"https:\/\/esferareal.com\/en\/wp-json\/wp\/v2\/users\/3"}],"version-history":[{"count":9,"href":"https:\/\/esferareal.com\/en\/wp-json\/wp\/v2\/imovel\/4986\/revisions"}],"predecessor-version":[{"id":10424,"href":"https:\/\/esferareal.com\/en\/wp-json\/wp\/v2\/imovel\/4986\/revisions\/10424"}],"wp:featuredmedia":[{"embeddable":true,"href":"https:\/\/esferareal.com\/en\/wp-json\/wp\/v2\/media\/4965"}],"wp:attachment":[{"href":"https:\/\/esferareal.com\/en\/wp-json\/wp\/v2\/media?parent=4986"}],"wp:term":[{"taxonomy":"tipo","embeddable":true,"href":"https:\/\/esferareal.com\/en\/wp-json\/wp\/v2\/tipo?post=4986"}],"curies":[{"name":"wp","href":"https:\/\/api.w.org\/{rel}","templated":true}]}}

<p>Plot located at the entrance of the town of Figueiró dos Vinhos, previously used as a car dealership!<br>Thanks to its features and existing infrastructure, this space is particularly well suited for a business within the automotive sector, whether as a car sales showroom, workshop, tyre service or related activities. However, its versatility also makes it suitable for a wide range of other businesses or services!</p>



<p>The main workshop is equipped with a car lift, includes a dedicated pavilion for tyres, and a glazed reception area with an internal office. The property also offers two bathrooms, a canteen and two storage rooms. Outside, there is a covered area with a shed and a front canopy providing sheltered parking. All facilities are fully operational and ready to be used.</p>



<p>The plot is spacious, enjoys excellent visibility and benefits from direct access from the main road, making it highly attractive for commercial purposes. In addition to being for sale, this property is also available for rent at 650 euros per month, with guarantor and security deposit required.</p>



<p>Book your visit today and discover how this property can become the ideal base for your business in Figueiró dos Vinhos!</p>



<p></p>

<!-- This site is optimized with the Yoast SEO plugin v24.4 - https://yoast.com/wordpress/plugins/seo/ -->
<title>Auto Garagem - 1273 - Esfera Real</title>
<meta name="robots" content="index, follow, max-snippet:-1, max-image-preview:large, max-video-preview:-1" />
<link rel="canonical" href="https://esferareal.com/en/imovel/auto-garagem-1273/" />
<meta property="og:locale" content="en_GB" />
<meta property="og:type" content="article" />
<meta property="og:title" content="Auto Garagem - 1273 - Esfera Real" />
<meta property="og:description" content="Lote localizado à entrada da vila de Figueiró dos Vinhos, anteriormente utilizado como stand automóvel!Graças às suas características e infraestruturas existentes, este espaço é ideal para um negócio ligado ao setor automóvel, seja para funcionar como stand de viaturas, oficina, casa de pneus ou serviços relacionados. No entanto, a versatilidade do imóvel permite também a [&hellip;]" />
<meta property="og:url" content="https://esferareal.com/en/imovel/auto-garagem-1273/" />
<meta property="og:site_name" content="Esfera Real" />
<meta property="article:publisher" content="https://www.facebook.com/people/Esfera-Real/100057693960084/" />
<meta property="article:modified_time" content="2026-01-26T09:12:10+00:00" />
<meta property="og:image" content="https://esferareal.com/wp-content/uploads/2024/12/1-1273-Custom.jpg" />
	<meta property="og:image:width" content="667" />
	<meta property="og:image:height" content="500" />
	<meta property="og:image:type" content="image/jpeg" />
<meta name="twitter:card" content="summary_large_image" />
<meta name="twitter:label1" content="Estimated reading time" />
	<meta name="twitter:data1" content="2 minutes" />
<script type="application/ld+json" class="yoast-schema-graph">{"@context":"https://schema.org","@graph":[{"@type":"WebPage","@id":"https://esferareal.com/imovel/auto-garagem-1273/","url":"https://esferareal.com/imovel/auto-garagem-1273/","name":"Auto Garagem - 1273 - Esfera Real","isPartOf":{"@id":"https://esferareal.com/#website"},"primaryImageOfPage":{"@id":"https://esferareal.com/imovel/auto-garagem-1273/#primaryimage"},"image":{"@id":"https://esferareal.com/imovel/auto-garagem-1273/#primaryimage"},"thumbnailUrl":"https://esferareal.com/wp-content/uploads/2024/12/1-1273-Custom.jpg","datePublished":"2024-12-13T18:04:23+00:00","dateModified":"2026-01-26T09:12:10+00:00","breadcrumb":{"@id":"https://esferareal.com/imovel/auto-garagem-1273/#breadcrumb"},"inLanguage":"en-GB","potentialAction":[{"@type":"ReadAction","target":["https://esferareal.com/imovel/auto-garagem-1273/"]}]},{"@type":"ImageObject","inLanguage":"en-GB","@id":"https://esferareal.com/imovel/auto-garagem-1273/#primaryimage","url":"https://esferareal.com/wp-content/uploads/2024/12/1-1273-Custom.jpg","contentUrl":"https://esferareal.com/wp-content/uploads/2024/12/1-1273-Custom.jpg","width":667,"height":500},{"@type":"BreadcrumbList","@id":"https://esferareal.com/imovel/auto-garagem-1273/#breadcrumb","itemListElement":[{"@type":"ListItem","position":1,"name":"Início","item":"https://esferareal.com/en/"},{"@type":"ListItem","position":2,"name":"Auto Garagem &#8211; 1273"}]},{"@type":"WebSite","@id":"https://esferareal.com/#website","url":"https://esferareal.com/","name":"Esfera Real","description":"Mediação Imobiliária","publisher":{"@id":"https://esferareal.com/#organization"},"potentialAction":[{"@type":"SearchAction","target":{"@type":"EntryPoint","urlTemplate":"https://esferareal.com/?s={search_term_string}"},"query-input":{"@type":"PropertyValueSpecification","valueRequired":true,"valueName":"search_term_string"}}],"inLanguage":"en-GB"},{"@type":"Organization","@id":"https://esferareal.com/#organization","name":"Esfera Real Mediação Imobiliária","url":"https://esferareal.com/","logo":{"@type":"ImageObject","inLanguage":"en-GB","@id":"https://esferareal.com/#/schema/logo/image/","url":"https://esferareal.com/wp-content/uploads/2024/10/logo-esferareal300.png","contentUrl":"https://esferareal.com/wp-content/uploads/2024/10/logo-esferareal300.png","width":300,"height":221,"caption":"Esfera Real Mediação Imobiliária"},"image":{"@id":"https://esferareal.com/#/schema/logo/image/"},"sameAs":["https://www.facebook.com/people/Esfera-Real/100057693960084/","https://www.instagram.com/esferareal/","https://www.youtube.com/channel/UCYb-CPOTpF03PSyHBSoCfbA"]}]}</script>
<!-- / Yoast SEO plugin. -->

Lote localizado à entrada da vila de Figueiró dos Vinhos, anteriormente utilizado como stand automóvel!Graças às suas características e infraestruturas existentes, este espaço é ideal para um negócio ligado ao setor automóvel, seja para funcionar como stand de viaturas, oficina, casa de pneus ou serviços relacionados. No entanto, a versatilidade do imóvel permite também a [&hellip;]

Início

Mediação Imobiliária

Esfera Real Mediação Imobiliária
