 
{"id":5142,"date":"2024-12-13T18:16:35","date_gmt":"2024-12-13T18:16:35","guid":{"rendered":"https:\/\/esferareal.com\/?post_type=imovel&#038;p=5142"},"modified":"2026-03-03T10:40:28","modified_gmt":"2026-03-03T10:40:28","slug":"armazem-e-negocio-1275","status":"publish","type":"imovel","link":"https:\/\/esferareal.com\/en\/imovel\/armazem-e-negocio-1275\/","title":{"rendered":"Armaz\u00e9m e Neg\u00f3cio &#8211; 1275"},"content":{"rendered":"<p>Investment Opportunity in Pedr\u00f3g\u00e3o Grande \u2013 Business for Sale with Warehouse and Stock Included!<\/p>\n\n\n\n<p>A fully operational business is available for sale in the town of Pedr\u00f3g\u00e3o Grande, currently trading as a builders\u2019 merchants supplying construction materials, hardware and a wide range of tools and equipment. This represents an excellent opportunity for those seeking a secure investment in central Portugal, with an established activity and a solid customer base.<\/p>\n\n\n\n<p>The sale includes the warehouse building and the transfer of the business, ready to operate immediately. The current stock is included, as well as all materials and equipment necessary for the day-to-day running of the business, namely IT equipment, machinery \u2014 including a forklift truck, cutting machines, paint mixing machines and a lift\/elevator \u2014 together with all furniture and operational equipment.<\/p>\n\n\n\n<p>The warehouse has a total area of 1,670 m\u00b2, comprising large storage areas, an office section with 3 separate rooms and sanitary facilities, offering excellent logistical and functional conditions for continuity and potential expansion.<\/p>\n\n\n\n<p>It is worth highlighting that this is the only business of its kind in the locality, operating successfully with a consistent customer base, reinforcing its viability and profitability. An ideal solution for entrepreneurs wishing to invest in an area with stable demand and growth potential.<\/p>\n\n\n\n<p>Take advantage of this opportunity to develop your business project in the town of Pedr\u00f3g\u00e3o Grande.<\/p>\n\n\n\n<p>Arrange your viewing!<\/p>\n\n\n\n<p><\/p>","protected":false},"author":3,"featured_media":5134,"template":"","meta":{"_acf_changed":false,"footnotes":""},"tipo":[20,18],"class_list":["post-5142","imovel","type-imovel","status-publish","has-post-thumbnail","hentry","tipo-armazem","tipo-espacos-comerciais"],"acf":[],"yoast_head":"<!-- This site is optimized with the Yoast SEO plugin v24.4 - https:\/\/yoast.com\/wordpress\/plugins\/seo\/ -->\n<title>Armaz\u00e9m e Neg\u00f3cio - 1275 - Esfera Real<\/title>\n<meta name=\"robots\" content=\"index, follow, max-snippet:-1, max-image-preview:large, max-video-preview:-1\" \/>\n<link rel=\"canonical\" href=\"https:\/\/esferareal.com\/en\/imovel\/armazem-e-negocio-1275\/\" \/>\n<meta property=\"og:locale\" content=\"en_GB\" \/>\n<meta property=\"og:type\" content=\"article\" \/>\n<meta property=\"og:title\" content=\"Armaz\u00e9m e Neg\u00f3cio - 1275 - Esfera Real\" \/>\n<meta property=\"og:description\" content=\"Oportunidade de investimento em Pedr\u00f3g\u00e3o Grande \u2013 Venda de neg\u00f3cio com pavilh\u00e3o e stock inclu\u00eddo! Apresenta-se para venda neg\u00f3cio em pleno funcionamento na vila de Pedr\u00f3g\u00e3o Grande, atualmente a operar como loja de materiais de constru\u00e7\u00e3o, ferragens e diversos utens\u00edlios. Uma excelente oportunidade para quem procura um investimento seguro no centro de Portugal, com atividade [&hellip;]\" \/>\n<meta property=\"og:url\" content=\"https:\/\/esferareal.com\/en\/imovel\/armazem-e-negocio-1275\/\" \/>\n<meta property=\"og:site_name\" content=\"Esfera Real\" \/>\n<meta property=\"article:publisher\" content=\"https:\/\/www.facebook.com\/people\/Esfera-Real\/100057693960084\/\" \/>\n<meta property=\"article:modified_time\" content=\"2026-03-03T10:40:28+00:00\" \/>\n<meta property=\"og:image\" content=\"https:\/\/esferareal.com\/wp-content\/uploads\/2024\/12\/1-1275-Custom.jpg\" \/>\n\t<meta property=\"og:image:width\" content=\"667\" \/>\n\t<meta property=\"og:image:height\" content=\"500\" \/>\n\t<meta property=\"og:image:type\" content=\"image\/jpeg\" \/>\n<meta name=\"twitter:card\" content=\"summary_large_image\" \/>\n<meta name=\"twitter:label1\" content=\"Estimated reading time\" \/>\n\t<meta name=\"twitter:data1\" content=\"2 minutes\" \/>\n<script type=\"application\/ld+json\" class=\"yoast-schema-graph\">{\"@context\":\"https:\/\/schema.org\",\"@graph\":[{\"@type\":\"WebPage\",\"@id\":\"https:\/\/esferareal.com\/imovel\/armazem-e-negocio-1275\/\",\"url\":\"https:\/\/esferareal.com\/imovel\/armazem-e-negocio-1275\/\",\"name\":\"Armaz\u00e9m e Neg\u00f3cio - 1275 - Esfera Real\",\"isPartOf\":{\"@id\":\"https:\/\/esferareal.com\/#website\"},\"primaryImageOfPage\":{\"@id\":\"https:\/\/esferareal.com\/imovel\/armazem-e-negocio-1275\/#primaryimage\"},\"image\":{\"@id\":\"https:\/\/esferareal.com\/imovel\/armazem-e-negocio-1275\/#primaryimage\"},\"thumbnailUrl\":\"https:\/\/esferareal.com\/wp-content\/uploads\/2024\/12\/1-1275-Custom.jpg\",\"datePublished\":\"2024-12-13T18:16:35+00:00\",\"dateModified\":\"2026-03-03T10:40:28+00:00\",\"breadcrumb\":{\"@id\":\"https:\/\/esferareal.com\/imovel\/armazem-e-negocio-1275\/#breadcrumb\"},\"inLanguage\":\"en-GB\",\"potentialAction\":[{\"@type\":\"ReadAction\",\"target\":[\"https:\/\/esferareal.com\/imovel\/armazem-e-negocio-1275\/\"]}]},{\"@type\":\"ImageObject\",\"inLanguage\":\"en-GB\",\"@id\":\"https:\/\/esferareal.com\/imovel\/armazem-e-negocio-1275\/#primaryimage\",\"url\":\"https:\/\/esferareal.com\/wp-content\/uploads\/2024\/12\/1-1275-Custom.jpg\",\"contentUrl\":\"https:\/\/esferareal.com\/wp-content\/uploads\/2024\/12\/1-1275-Custom.jpg\",\"width\":667,\"height\":500},{\"@type\":\"BreadcrumbList\",\"@id\":\"https:\/\/esferareal.com\/imovel\/armazem-e-negocio-1275\/#breadcrumb\",\"itemListElement\":[{\"@type\":\"ListItem\",\"position\":1,\"name\":\"In\u00edcio\",\"item\":\"https:\/\/esferareal.com\/en\/\"},{\"@type\":\"ListItem\",\"position\":2,\"name\":\"Armaz\u00e9m e Neg\u00f3cio &#8211; 1275\"}]},{\"@type\":\"WebSite\",\"@id\":\"https:\/\/esferareal.com\/#website\",\"url\":\"https:\/\/esferareal.com\/\",\"name\":\"Esfera Real\",\"description\":\"Media\u00e7\u00e3o Imobili\u00e1ria\",\"publisher\":{\"@id\":\"https:\/\/esferareal.com\/#organization\"},\"potentialAction\":[{\"@type\":\"SearchAction\",\"target\":{\"@type\":\"EntryPoint\",\"urlTemplate\":\"https:\/\/esferareal.com\/?s={search_term_string}\"},\"query-input\":{\"@type\":\"PropertyValueSpecification\",\"valueRequired\":true,\"valueName\":\"search_term_string\"}}],\"inLanguage\":\"en-GB\"},{\"@type\":\"Organization\",\"@id\":\"https:\/\/esferareal.com\/#organization\",\"name\":\"Esfera Real Media\u00e7\u00e3o Imobili\u00e1ria\",\"url\":\"https:\/\/esferareal.com\/\",\"logo\":{\"@type\":\"ImageObject\",\"inLanguage\":\"en-GB\",\"@id\":\"https:\/\/esferareal.com\/#\/schema\/logo\/image\/\",\"url\":\"https:\/\/esferareal.com\/wp-content\/uploads\/2024\/10\/logo-esferareal300.png\",\"contentUrl\":\"https:\/\/esferareal.com\/wp-content\/uploads\/2024\/10\/logo-esferareal300.png\",\"width\":300,\"height\":221,\"caption\":\"Esfera Real Media\u00e7\u00e3o Imobili\u00e1ria\"},\"image\":{\"@id\":\"https:\/\/esferareal.com\/#\/schema\/logo\/image\/\"},\"sameAs\":[\"https:\/\/www.facebook.com\/people\/Esfera-Real\/100057693960084\/\",\"https:\/\/www.instagram.com\/esferareal\/\",\"https:\/\/www.youtube.com\/channel\/UCYb-CPOTpF03PSyHBSoCfbA\"]}]}<\/script>\n<!-- \/ Yoast SEO plugin. -->","yoast_head_json":{"title":"Armaz\u00e9m e Neg\u00f3cio - 1275 - Esfera Real","robots":{"index":"index","follow":"follow","max-snippet":"max-snippet:-1","max-image-preview":"max-image-preview:large","max-video-preview":"max-video-preview:-1"},"canonical":"https:\/\/esferareal.com\/en\/imovel\/armazem-e-negocio-1275\/","og_locale":"en_GB","og_type":"article","og_title":"Armaz\u00e9m e Neg\u00f3cio - 1275 - Esfera Real","og_description":"Oportunidade de investimento em Pedr\u00f3g\u00e3o Grande \u2013 Venda de neg\u00f3cio com pavilh\u00e3o e stock inclu\u00eddo! Apresenta-se para venda neg\u00f3cio em pleno funcionamento na vila de Pedr\u00f3g\u00e3o Grande, atualmente a operar como loja de materiais de constru\u00e7\u00e3o, ferragens e diversos utens\u00edlios. Uma excelente oportunidade para quem procura um investimento seguro no centro de Portugal, com atividade [&hellip;]","og_url":"https:\/\/esferareal.com\/en\/imovel\/armazem-e-negocio-1275\/","og_site_name":"Esfera Real","article_publisher":"https:\/\/www.facebook.com\/people\/Esfera-Real\/100057693960084\/","article_modified_time":"2026-03-03T10:40:28+00:00","og_image":[{"width":667,"height":500,"url":"https:\/\/esferareal.com\/wp-content\/uploads\/2024\/12\/1-1275-Custom.jpg","type":"image\/jpeg"}],"twitter_card":"summary_large_image","twitter_misc":{"Estimated reading time":"2 minutes"},"schema":{"@context":"https:\/\/schema.org","@graph":[{"@type":"WebPage","@id":"https:\/\/esferareal.com\/imovel\/armazem-e-negocio-1275\/","url":"https:\/\/esferareal.com\/imovel\/armazem-e-negocio-1275\/","name":"Armaz\u00e9m e Neg\u00f3cio - 1275 - Esfera Real","isPartOf":{"@id":"https:\/\/esferareal.com\/#website"},"primaryImageOfPage":{"@id":"https:\/\/esferareal.com\/imovel\/armazem-e-negocio-1275\/#primaryimage"},"image":{"@id":"https:\/\/esferareal.com\/imovel\/armazem-e-negocio-1275\/#primaryimage"},"thumbnailUrl":"https:\/\/esferareal.com\/wp-content\/uploads\/2024\/12\/1-1275-Custom.jpg","datePublished":"2024-12-13T18:16:35+00:00","dateModified":"2026-03-03T10:40:28+00:00","breadcrumb":{"@id":"https:\/\/esferareal.com\/imovel\/armazem-e-negocio-1275\/#breadcrumb"},"inLanguage":"en-GB","potentialAction":[{"@type":"ReadAction","target":["https:\/\/esferareal.com\/imovel\/armazem-e-negocio-1275\/"]}]},{"@type":"ImageObject","inLanguage":"en-GB","@id":"https:\/\/esferareal.com\/imovel\/armazem-e-negocio-1275\/#primaryimage","url":"https:\/\/esferareal.com\/wp-content\/uploads\/2024\/12\/1-1275-Custom.jpg","contentUrl":"https:\/\/esferareal.com\/wp-content\/uploads\/2024\/12\/1-1275-Custom.jpg","width":667,"height":500},{"@type":"BreadcrumbList","@id":"https:\/\/esferareal.com\/imovel\/armazem-e-negocio-1275\/#breadcrumb","itemListElement":[{"@type":"ListItem","position":1,"name":"In\u00edcio","item":"https:\/\/esferareal.com\/en\/"},{"@type":"ListItem","position":2,"name":"Armaz\u00e9m e Neg\u00f3cio &#8211; 1275"}]},{"@type":"WebSite","@id":"https:\/\/esferareal.com\/#website","url":"https:\/\/esferareal.com\/","name":"Esfera Real","description":"Media\u00e7\u00e3o Imobili\u00e1ria","publisher":{"@id":"https:\/\/esferareal.com\/#organization"},"potentialAction":[{"@type":"SearchAction","target":{"@type":"EntryPoint","urlTemplate":"https:\/\/esferareal.com\/?s={search_term_string}"},"query-input":{"@type":"PropertyValueSpecification","valueRequired":true,"valueName":"search_term_string"}}],"inLanguage":"en-GB"},{"@type":"Organization","@id":"https:\/\/esferareal.com\/#organization","name":"Esfera Real Media\u00e7\u00e3o Imobili\u00e1ria","url":"https:\/\/esferareal.com\/","logo":{"@type":"ImageObject","inLanguage":"en-GB","@id":"https:\/\/esferareal.com\/#\/schema\/logo\/image\/","url":"https:\/\/esferareal.com\/wp-content\/uploads\/2024\/10\/logo-esferareal300.png","contentUrl":"https:\/\/esferareal.com\/wp-content\/uploads\/2024\/10\/logo-esferareal300.png","width":300,"height":221,"caption":"Esfera Real Media\u00e7\u00e3o Imobili\u00e1ria"},"image":{"@id":"https:\/\/esferareal.com\/#\/schema\/logo\/image\/"},"sameAs":["https:\/\/www.facebook.com\/people\/Esfera-Real\/100057693960084\/","https:\/\/www.instagram.com\/esferareal\/","https:\/\/www.youtube.com\/channel\/UCYb-CPOTpF03PSyHBSoCfbA"]}]}},"_links":{"self":[{"href":"https:\/\/esferareal.com\/en\/wp-json\/wp\/v2\/imovel\/5142","targetHints":{"allow":["GET"]}}],"collection":[{"href":"https:\/\/esferareal.com\/en\/wp-json\/wp\/v2\/imovel"}],"about":[{"href":"https:\/\/esferareal.com\/en\/wp-json\/wp\/v2\/types\/imovel"}],"author":[{"embeddable":true,"href":"https:\/\/esferareal.com\/en\/wp-json\/wp\/v2\/users\/3"}],"version-history":[{"count":5,"href":"https:\/\/esferareal.com\/en\/wp-json\/wp\/v2\/imovel\/5142\/revisions"}],"predecessor-version":[{"id":10568,"href":"https:\/\/esferareal.com\/en\/wp-json\/wp\/v2\/imovel\/5142\/revisions\/10568"}],"wp:featuredmedia":[{"embeddable":true,"href":"https:\/\/esferareal.com\/en\/wp-json\/wp\/v2\/media\/5134"}],"wp:attachment":[{"href":"https:\/\/esferareal.com\/en\/wp-json\/wp\/v2\/media?parent=5142"}],"wp:term":[{"taxonomy":"tipo","embeddable":true,"href":"https:\/\/esferareal.com\/en\/wp-json\/wp\/v2\/tipo?post=5142"}],"curies":[{"name":"wp","href":"https:\/\/api.w.org\/{rel}","templated":true}]}}

Armazém e Negócio &#8211; 1275

<p>Investment Opportunity in Pedrógão Grande – Business for Sale with Warehouse and Stock Included!</p>



<p>A fully operational business is available for sale in the town of Pedrógão Grande, currently trading as a builders’ merchants supplying construction materials, hardware and a wide range of tools and equipment. This represents an excellent opportunity for those seeking a secure investment in central Portugal, with an established activity and a solid customer base.</p>



<p>The sale includes the warehouse building and the transfer of the business, ready to operate immediately. The current stock is included, as well as all materials and equipment necessary for the day-to-day running of the business, namely IT equipment, machinery — including a forklift truck, cutting machines, paint mixing machines and a lift/elevator — together with all furniture and operational equipment.</p>



<p>The warehouse has a total area of 1,670 m², comprising large storage areas, an office section with 3 separate rooms and sanitary facilities, offering excellent logistical and functional conditions for continuity and potential expansion.</p>



<p>It is worth highlighting that this is the only business of its kind in the locality, operating successfully with a consistent customer base, reinforcing its viability and profitability. An ideal solution for entrepreneurs wishing to invest in an area with stable demand and growth potential.</p>



<p>Take advantage of this opportunity to develop your business project in the town of Pedrógão Grande.</p>



<p>Arrange your viewing!</p>



<p></p>

<!-- This site is optimized with the Yoast SEO plugin v24.4 - https://yoast.com/wordpress/plugins/seo/ -->
<title>Armazém e Negócio - 1275 - Esfera Real</title>
<meta name="robots" content="index, follow, max-snippet:-1, max-image-preview:large, max-video-preview:-1" />
<link rel="canonical" href="https://esferareal.com/en/imovel/armazem-e-negocio-1275/" />
<meta property="og:locale" content="en_GB" />
<meta property="og:type" content="article" />
<meta property="og:title" content="Armazém e Negócio - 1275 - Esfera Real" />
<meta property="og:description" content="Oportunidade de investimento em Pedrógão Grande – Venda de negócio com pavilhão e stock incluído! Apresenta-se para venda negócio em pleno funcionamento na vila de Pedrógão Grande, atualmente a operar como loja de materiais de construção, ferragens e diversos utensílios. Uma excelente oportunidade para quem procura um investimento seguro no centro de Portugal, com atividade [&hellip;]" />
<meta property="og:url" content="https://esferareal.com/en/imovel/armazem-e-negocio-1275/" />
<meta property="og:site_name" content="Esfera Real" />
<meta property="article:publisher" content="https://www.facebook.com/people/Esfera-Real/100057693960084/" />
<meta property="article:modified_time" content="2026-03-03T10:40:28+00:00" />
<meta property="og:image" content="https://esferareal.com/wp-content/uploads/2024/12/1-1275-Custom.jpg" />
	<meta property="og:image:width" content="667" />
	<meta property="og:image:height" content="500" />
	<meta property="og:image:type" content="image/jpeg" />
<meta name="twitter:card" content="summary_large_image" />
<meta name="twitter:label1" content="Estimated reading time" />
	<meta name="twitter:data1" content="2 minutes" />
<script type="application/ld+json" class="yoast-schema-graph">{"@context":"https://schema.org","@graph":[{"@type":"WebPage","@id":"https://esferareal.com/imovel/armazem-e-negocio-1275/","url":"https://esferareal.com/imovel/armazem-e-negocio-1275/","name":"Armazém e Negócio - 1275 - Esfera Real","isPartOf":{"@id":"https://esferareal.com/#website"},"primaryImageOfPage":{"@id":"https://esferareal.com/imovel/armazem-e-negocio-1275/#primaryimage"},"image":{"@id":"https://esferareal.com/imovel/armazem-e-negocio-1275/#primaryimage"},"thumbnailUrl":"https://esferareal.com/wp-content/uploads/2024/12/1-1275-Custom.jpg","datePublished":"2024-12-13T18:16:35+00:00","dateModified":"2026-03-03T10:40:28+00:00","breadcrumb":{"@id":"https://esferareal.com/imovel/armazem-e-negocio-1275/#breadcrumb"},"inLanguage":"en-GB","potentialAction":[{"@type":"ReadAction","target":["https://esferareal.com/imovel/armazem-e-negocio-1275/"]}]},{"@type":"ImageObject","inLanguage":"en-GB","@id":"https://esferareal.com/imovel/armazem-e-negocio-1275/#primaryimage","url":"https://esferareal.com/wp-content/uploads/2024/12/1-1275-Custom.jpg","contentUrl":"https://esferareal.com/wp-content/uploads/2024/12/1-1275-Custom.jpg","width":667,"height":500},{"@type":"BreadcrumbList","@id":"https://esferareal.com/imovel/armazem-e-negocio-1275/#breadcrumb","itemListElement":[{"@type":"ListItem","position":1,"name":"Início","item":"https://esferareal.com/en/"},{"@type":"ListItem","position":2,"name":"Armazém e Negócio &#8211; 1275"}]},{"@type":"WebSite","@id":"https://esferareal.com/#website","url":"https://esferareal.com/","name":"Esfera Real","description":"Mediação Imobiliária","publisher":{"@id":"https://esferareal.com/#organization"},"potentialAction":[{"@type":"SearchAction","target":{"@type":"EntryPoint","urlTemplate":"https://esferareal.com/?s={search_term_string}"},"query-input":{"@type":"PropertyValueSpecification","valueRequired":true,"valueName":"search_term_string"}}],"inLanguage":"en-GB"},{"@type":"Organization","@id":"https://esferareal.com/#organization","name":"Esfera Real Mediação Imobiliária","url":"https://esferareal.com/","logo":{"@type":"ImageObject","inLanguage":"en-GB","@id":"https://esferareal.com/#/schema/logo/image/","url":"https://esferareal.com/wp-content/uploads/2024/10/logo-esferareal300.png","contentUrl":"https://esferareal.com/wp-content/uploads/2024/10/logo-esferareal300.png","width":300,"height":221,"caption":"Esfera Real Mediação Imobiliária"},"image":{"@id":"https://esferareal.com/#/schema/logo/image/"},"sameAs":["https://www.facebook.com/people/Esfera-Real/100057693960084/","https://www.instagram.com/esferareal/","https://www.youtube.com/channel/UCYb-CPOTpF03PSyHBSoCfbA"]}]}</script>
<!-- / Yoast SEO plugin. -->

Armazém e Negócio - 1275 - Esfera Real

Oportunidade de investimento em Pedrógão Grande – Venda de negócio com pavilhão e stock incluído! Apresenta-se para venda negócio em pleno funcionamento na vila de Pedrógão Grande, atualmente a operar como loja de materiais de construção, ferragens e diversos utensílios. Uma excelente oportunidade para quem procura um investimento seguro no centro de Portugal, com atividade [&hellip;]

Início

Mediação Imobiliária

Esfera Real Mediação Imobiliária
