 
{"id":5764,"date":"2025-01-27T16:29:01","date_gmt":"2025-01-27T16:29:01","guid":{"rendered":"https:\/\/esferareal.com\/?post_type=imovel&#038;p=5764"},"modified":"2025-02-12T11:11:26","modified_gmt":"2025-02-12T11:11:26","slug":"projeto-da-valada-1287","status":"publish","type":"imovel","link":"https:\/\/esferareal.com\/en\/imovel\/projeto-da-valada-1287\/","title":{"rendered":"Projeto da Valada &#8211; 1287"},"content":{"rendered":"<p>Land with possibility for construction and very well located, between 2 towns of central Portugal!<\/p>\n\n\n\n<p>With an area of 600 sqm of flat land, you\u00b4ll be able to build a 2-storey house plus basement, with a total area of 240 sqm.<\/p>\n\n\n\n<p>Comfortably, both electricity and mains water infrastructures can be found in proximity.<\/p>\n\n\n\n<p>This property is very well served when it comes to access, since it\u2019s located near the IC8, between the towns of Pedr\u00f3g\u00e3o Grande and Figueir\u00f3 dos Vinhos, as well as between the parishes of Gra\u00e7a and Vila Facaia, which may also prove interesting to open a business that needs great visibility!<\/p>\n\n\n\n<p>At a cheap price, this may be the project you\u00b4re looking for to build your future house or business!<br>Come check it out!<\/p>","protected":false},"author":3,"featured_media":5755,"template":"","meta":{"_acf_changed":false,"footnotes":""},"tipo":[12],"class_list":["post-5764","imovel","type-imovel","status-publish","has-post-thumbnail","hentry","tipo-terreno"],"acf":[],"yoast_head":"<!-- This site is optimized with the Yoast SEO plugin v24.4 - https:\/\/yoast.com\/wordpress\/plugins\/seo\/ -->\n<title>Projeto da Valada - 1287 - Esfera Real<\/title>\n<meta name=\"robots\" content=\"index, follow, max-snippet:-1, max-image-preview:large, max-video-preview:-1\" \/>\n<link rel=\"canonical\" href=\"https:\/\/esferareal.com\/en\/imovel\/projeto-da-valada-1287\/\" \/>\n<meta property=\"og:locale\" content=\"en_GB\" \/>\n<meta property=\"og:type\" content=\"article\" \/>\n<meta property=\"og:title\" content=\"Projeto da Valada - 1287 - Esfera Real\" \/>\n<meta property=\"og:description\" content=\"Terreno com possibilidade de constru\u00e7\u00e3o e muito bem localizado, entre 2 vilas do centro de Portugal! Com uma \u00e1rea de 600 m2 de terreno plano, poder\u00e1 construir uma moradia de 2 pisos e cave com uma \u00e1rea total de 240 m2. Comodamente, as infraestruturas de eletricidade e \u00e1gua da rede encontram-se nas proximidades. Esta propriedade [&hellip;]\" \/>\n<meta property=\"og:url\" content=\"https:\/\/esferareal.com\/en\/imovel\/projeto-da-valada-1287\/\" \/>\n<meta property=\"og:site_name\" content=\"Esfera Real\" \/>\n<meta property=\"article:publisher\" content=\"https:\/\/www.facebook.com\/people\/Esfera-Real\/100057693960084\/\" \/>\n<meta property=\"article:modified_time\" content=\"2025-02-12T11:11:26+00:00\" \/>\n<meta property=\"og:image\" content=\"https:\/\/esferareal.com\/wp-content\/uploads\/2025\/01\/1-1287-Custom.jpg\" \/>\n\t<meta property=\"og:image:width\" content=\"667\" \/>\n\t<meta property=\"og:image:height\" content=\"500\" \/>\n\t<meta property=\"og:image:type\" content=\"image\/jpeg\" \/>\n<meta name=\"twitter:card\" content=\"summary_large_image\" \/>\n<meta name=\"twitter:label1\" content=\"Estimated reading time\" \/>\n\t<meta name=\"twitter:data1\" content=\"1 minute\" \/>\n<script type=\"application\/ld+json\" class=\"yoast-schema-graph\">{\"@context\":\"https:\/\/schema.org\",\"@graph\":[{\"@type\":\"WebPage\",\"@id\":\"https:\/\/esferareal.com\/imovel\/projeto-da-valada-1287\/\",\"url\":\"https:\/\/esferareal.com\/imovel\/projeto-da-valada-1287\/\",\"name\":\"Projeto da Valada - 1287 - Esfera Real\",\"isPartOf\":{\"@id\":\"https:\/\/esferareal.com\/#website\"},\"primaryImageOfPage\":{\"@id\":\"https:\/\/esferareal.com\/imovel\/projeto-da-valada-1287\/#primaryimage\"},\"image\":{\"@id\":\"https:\/\/esferareal.com\/imovel\/projeto-da-valada-1287\/#primaryimage\"},\"thumbnailUrl\":\"https:\/\/esferareal.com\/wp-content\/uploads\/2025\/01\/1-1287-Custom.jpg\",\"datePublished\":\"2025-01-27T16:29:01+00:00\",\"dateModified\":\"2025-02-12T11:11:26+00:00\",\"breadcrumb\":{\"@id\":\"https:\/\/esferareal.com\/imovel\/projeto-da-valada-1287\/#breadcrumb\"},\"inLanguage\":\"en-GB\",\"potentialAction\":[{\"@type\":\"ReadAction\",\"target\":[\"https:\/\/esferareal.com\/imovel\/projeto-da-valada-1287\/\"]}]},{\"@type\":\"ImageObject\",\"inLanguage\":\"en-GB\",\"@id\":\"https:\/\/esferareal.com\/imovel\/projeto-da-valada-1287\/#primaryimage\",\"url\":\"https:\/\/esferareal.com\/wp-content\/uploads\/2025\/01\/1-1287-Custom.jpg\",\"contentUrl\":\"https:\/\/esferareal.com\/wp-content\/uploads\/2025\/01\/1-1287-Custom.jpg\",\"width\":667,\"height\":500},{\"@type\":\"BreadcrumbList\",\"@id\":\"https:\/\/esferareal.com\/imovel\/projeto-da-valada-1287\/#breadcrumb\",\"itemListElement\":[{\"@type\":\"ListItem\",\"position\":1,\"name\":\"In\u00edcio\",\"item\":\"https:\/\/esferareal.com\/en\/\"},{\"@type\":\"ListItem\",\"position\":2,\"name\":\"Projeto da Valada &#8211; 1287\"}]},{\"@type\":\"WebSite\",\"@id\":\"https:\/\/esferareal.com\/#website\",\"url\":\"https:\/\/esferareal.com\/\",\"name\":\"Esfera Real\",\"description\":\"Media\u00e7\u00e3o Imobili\u00e1ria\",\"publisher\":{\"@id\":\"https:\/\/esferareal.com\/#organization\"},\"potentialAction\":[{\"@type\":\"SearchAction\",\"target\":{\"@type\":\"EntryPoint\",\"urlTemplate\":\"https:\/\/esferareal.com\/?s={search_term_string}\"},\"query-input\":{\"@type\":\"PropertyValueSpecification\",\"valueRequired\":true,\"valueName\":\"search_term_string\"}}],\"inLanguage\":\"en-GB\"},{\"@type\":\"Organization\",\"@id\":\"https:\/\/esferareal.com\/#organization\",\"name\":\"Esfera Real Media\u00e7\u00e3o Imobili\u00e1ria\",\"url\":\"https:\/\/esferareal.com\/\",\"logo\":{\"@type\":\"ImageObject\",\"inLanguage\":\"en-GB\",\"@id\":\"https:\/\/esferareal.com\/#\/schema\/logo\/image\/\",\"url\":\"https:\/\/esferareal.com\/wp-content\/uploads\/2024\/10\/logo-esferareal300.png\",\"contentUrl\":\"https:\/\/esferareal.com\/wp-content\/uploads\/2024\/10\/logo-esferareal300.png\",\"width\":300,\"height\":221,\"caption\":\"Esfera Real Media\u00e7\u00e3o Imobili\u00e1ria\"},\"image\":{\"@id\":\"https:\/\/esferareal.com\/#\/schema\/logo\/image\/\"},\"sameAs\":[\"https:\/\/www.facebook.com\/people\/Esfera-Real\/100057693960084\/\",\"https:\/\/www.instagram.com\/esferareal\/\",\"https:\/\/www.youtube.com\/channel\/UCYb-CPOTpF03PSyHBSoCfbA\"]}]}<\/script>\n<!-- \/ Yoast SEO plugin. -->","yoast_head_json":{"title":"Projeto da Valada - 1287 - Esfera Real","robots":{"index":"index","follow":"follow","max-snippet":"max-snippet:-1","max-image-preview":"max-image-preview:large","max-video-preview":"max-video-preview:-1"},"canonical":"https:\/\/esferareal.com\/en\/imovel\/projeto-da-valada-1287\/","og_locale":"en_GB","og_type":"article","og_title":"Projeto da Valada - 1287 - Esfera Real","og_description":"Terreno com possibilidade de constru\u00e7\u00e3o e muito bem localizado, entre 2 vilas do centro de Portugal! Com uma \u00e1rea de 600 m2 de terreno plano, poder\u00e1 construir uma moradia de 2 pisos e cave com uma \u00e1rea total de 240 m2. Comodamente, as infraestruturas de eletricidade e \u00e1gua da rede encontram-se nas proximidades. Esta propriedade [&hellip;]","og_url":"https:\/\/esferareal.com\/en\/imovel\/projeto-da-valada-1287\/","og_site_name":"Esfera Real","article_publisher":"https:\/\/www.facebook.com\/people\/Esfera-Real\/100057693960084\/","article_modified_time":"2025-02-12T11:11:26+00:00","og_image":[{"width":667,"height":500,"url":"https:\/\/esferareal.com\/wp-content\/uploads\/2025\/01\/1-1287-Custom.jpg","type":"image\/jpeg"}],"twitter_card":"summary_large_image","twitter_misc":{"Estimated reading time":"1 minute"},"schema":{"@context":"https:\/\/schema.org","@graph":[{"@type":"WebPage","@id":"https:\/\/esferareal.com\/imovel\/projeto-da-valada-1287\/","url":"https:\/\/esferareal.com\/imovel\/projeto-da-valada-1287\/","name":"Projeto da Valada - 1287 - Esfera Real","isPartOf":{"@id":"https:\/\/esferareal.com\/#website"},"primaryImageOfPage":{"@id":"https:\/\/esferareal.com\/imovel\/projeto-da-valada-1287\/#primaryimage"},"image":{"@id":"https:\/\/esferareal.com\/imovel\/projeto-da-valada-1287\/#primaryimage"},"thumbnailUrl":"https:\/\/esferareal.com\/wp-content\/uploads\/2025\/01\/1-1287-Custom.jpg","datePublished":"2025-01-27T16:29:01+00:00","dateModified":"2025-02-12T11:11:26+00:00","breadcrumb":{"@id":"https:\/\/esferareal.com\/imovel\/projeto-da-valada-1287\/#breadcrumb"},"inLanguage":"en-GB","potentialAction":[{"@type":"ReadAction","target":["https:\/\/esferareal.com\/imovel\/projeto-da-valada-1287\/"]}]},{"@type":"ImageObject","inLanguage":"en-GB","@id":"https:\/\/esferareal.com\/imovel\/projeto-da-valada-1287\/#primaryimage","url":"https:\/\/esferareal.com\/wp-content\/uploads\/2025\/01\/1-1287-Custom.jpg","contentUrl":"https:\/\/esferareal.com\/wp-content\/uploads\/2025\/01\/1-1287-Custom.jpg","width":667,"height":500},{"@type":"BreadcrumbList","@id":"https:\/\/esferareal.com\/imovel\/projeto-da-valada-1287\/#breadcrumb","itemListElement":[{"@type":"ListItem","position":1,"name":"In\u00edcio","item":"https:\/\/esferareal.com\/en\/"},{"@type":"ListItem","position":2,"name":"Projeto da Valada &#8211; 1287"}]},{"@type":"WebSite","@id":"https:\/\/esferareal.com\/#website","url":"https:\/\/esferareal.com\/","name":"Esfera Real","description":"Media\u00e7\u00e3o Imobili\u00e1ria","publisher":{"@id":"https:\/\/esferareal.com\/#organization"},"potentialAction":[{"@type":"SearchAction","target":{"@type":"EntryPoint","urlTemplate":"https:\/\/esferareal.com\/?s={search_term_string}"},"query-input":{"@type":"PropertyValueSpecification","valueRequired":true,"valueName":"search_term_string"}}],"inLanguage":"en-GB"},{"@type":"Organization","@id":"https:\/\/esferareal.com\/#organization","name":"Esfera Real Media\u00e7\u00e3o Imobili\u00e1ria","url":"https:\/\/esferareal.com\/","logo":{"@type":"ImageObject","inLanguage":"en-GB","@id":"https:\/\/esferareal.com\/#\/schema\/logo\/image\/","url":"https:\/\/esferareal.com\/wp-content\/uploads\/2024\/10\/logo-esferareal300.png","contentUrl":"https:\/\/esferareal.com\/wp-content\/uploads\/2024\/10\/logo-esferareal300.png","width":300,"height":221,"caption":"Esfera Real Media\u00e7\u00e3o Imobili\u00e1ria"},"image":{"@id":"https:\/\/esferareal.com\/#\/schema\/logo\/image\/"},"sameAs":["https:\/\/www.facebook.com\/people\/Esfera-Real\/100057693960084\/","https:\/\/www.instagram.com\/esferareal\/","https:\/\/www.youtube.com\/channel\/UCYb-CPOTpF03PSyHBSoCfbA"]}]}},"_links":{"self":[{"href":"https:\/\/esferareal.com\/en\/wp-json\/wp\/v2\/imovel\/5764","targetHints":{"allow":["GET"]}}],"collection":[{"href":"https:\/\/esferareal.com\/en\/wp-json\/wp\/v2\/imovel"}],"about":[{"href":"https:\/\/esferareal.com\/en\/wp-json\/wp\/v2\/types\/imovel"}],"author":[{"embeddable":true,"href":"https:\/\/esferareal.com\/en\/wp-json\/wp\/v2\/users\/3"}],"version-history":[{"count":1,"href":"https:\/\/esferareal.com\/en\/wp-json\/wp\/v2\/imovel\/5764\/revisions"}],"predecessor-version":[{"id":5765,"href":"https:\/\/esferareal.com\/en\/wp-json\/wp\/v2\/imovel\/5764\/revisions\/5765"}],"wp:featuredmedia":[{"embeddable":true,"href":"https:\/\/esferareal.com\/en\/wp-json\/wp\/v2\/media\/5755"}],"wp:attachment":[{"href":"https:\/\/esferareal.com\/en\/wp-json\/wp\/v2\/media?parent=5764"}],"wp:term":[{"taxonomy":"tipo","embeddable":true,"href":"https:\/\/esferareal.com\/en\/wp-json\/wp\/v2\/tipo?post=5764"}],"curies":[{"name":"wp","href":"https:\/\/api.w.org\/{rel}","templated":true}]}}

<p>Land with possibility for construction and very well located, between 2 towns of central Portugal!</p>



<p>With an area of 600 sqm of flat land, you´ll be able to build a 2-storey house plus basement, with a total area of 240 sqm.</p>



<p>Comfortably, both electricity and mains water infrastructures can be found in proximity.</p>



<p>This property is very well served when it comes to access, since it’s located near the IC8, between the towns of Pedrógão Grande and Figueiró dos Vinhos, as well as between the parishes of Graça and Vila Facaia, which may also prove interesting to open a business that needs great visibility!</p>



<p>At a cheap price, this may be the project you´re looking for to build your future house or business!<br>Come check it out!</p>

<!-- This site is optimized with the Yoast SEO plugin v24.4 - https://yoast.com/wordpress/plugins/seo/ -->
<title>Projeto da Valada - 1287 - Esfera Real</title>
<meta name="robots" content="index, follow, max-snippet:-1, max-image-preview:large, max-video-preview:-1" />
<link rel="canonical" href="https://esferareal.com/en/imovel/projeto-da-valada-1287/" />
<meta property="og:locale" content="en_GB" />
<meta property="og:type" content="article" />
<meta property="og:title" content="Projeto da Valada - 1287 - Esfera Real" />
<meta property="og:description" content="Terreno com possibilidade de construção e muito bem localizado, entre 2 vilas do centro de Portugal! Com uma área de 600 m2 de terreno plano, poderá construir uma moradia de 2 pisos e cave com uma área total de 240 m2. Comodamente, as infraestruturas de eletricidade e água da rede encontram-se nas proximidades. Esta propriedade [&hellip;]" />
<meta property="og:url" content="https://esferareal.com/en/imovel/projeto-da-valada-1287/" />
<meta property="og:site_name" content="Esfera Real" />
<meta property="article:publisher" content="https://www.facebook.com/people/Esfera-Real/100057693960084/" />
<meta property="article:modified_time" content="2025-02-12T11:11:26+00:00" />
<meta property="og:image" content="https://esferareal.com/wp-content/uploads/2025/01/1-1287-Custom.jpg" />
	<meta property="og:image:width" content="667" />
	<meta property="og:image:height" content="500" />
	<meta property="og:image:type" content="image/jpeg" />
<meta name="twitter:card" content="summary_large_image" />
<meta name="twitter:label1" content="Estimated reading time" />
	<meta name="twitter:data1" content="1 minute" />
<script type="application/ld+json" class="yoast-schema-graph">{"@context":"https://schema.org","@graph":[{"@type":"WebPage","@id":"https://esferareal.com/imovel/projeto-da-valada-1287/","url":"https://esferareal.com/imovel/projeto-da-valada-1287/","name":"Projeto da Valada - 1287 - Esfera Real","isPartOf":{"@id":"https://esferareal.com/#website"},"primaryImageOfPage":{"@id":"https://esferareal.com/imovel/projeto-da-valada-1287/#primaryimage"},"image":{"@id":"https://esferareal.com/imovel/projeto-da-valada-1287/#primaryimage"},"thumbnailUrl":"https://esferareal.com/wp-content/uploads/2025/01/1-1287-Custom.jpg","datePublished":"2025-01-27T16:29:01+00:00","dateModified":"2025-02-12T11:11:26+00:00","breadcrumb":{"@id":"https://esferareal.com/imovel/projeto-da-valada-1287/#breadcrumb"},"inLanguage":"en-GB","potentialAction":[{"@type":"ReadAction","target":["https://esferareal.com/imovel/projeto-da-valada-1287/"]}]},{"@type":"ImageObject","inLanguage":"en-GB","@id":"https://esferareal.com/imovel/projeto-da-valada-1287/#primaryimage","url":"https://esferareal.com/wp-content/uploads/2025/01/1-1287-Custom.jpg","contentUrl":"https://esferareal.com/wp-content/uploads/2025/01/1-1287-Custom.jpg","width":667,"height":500},{"@type":"BreadcrumbList","@id":"https://esferareal.com/imovel/projeto-da-valada-1287/#breadcrumb","itemListElement":[{"@type":"ListItem","position":1,"name":"Início","item":"https://esferareal.com/en/"},{"@type":"ListItem","position":2,"name":"Projeto da Valada &#8211; 1287"}]},{"@type":"WebSite","@id":"https://esferareal.com/#website","url":"https://esferareal.com/","name":"Esfera Real","description":"Mediação Imobiliária","publisher":{"@id":"https://esferareal.com/#organization"},"potentialAction":[{"@type":"SearchAction","target":{"@type":"EntryPoint","urlTemplate":"https://esferareal.com/?s={search_term_string}"},"query-input":{"@type":"PropertyValueSpecification","valueRequired":true,"valueName":"search_term_string"}}],"inLanguage":"en-GB"},{"@type":"Organization","@id":"https://esferareal.com/#organization","name":"Esfera Real Mediação Imobiliária","url":"https://esferareal.com/","logo":{"@type":"ImageObject","inLanguage":"en-GB","@id":"https://esferareal.com/#/schema/logo/image/","url":"https://esferareal.com/wp-content/uploads/2024/10/logo-esferareal300.png","contentUrl":"https://esferareal.com/wp-content/uploads/2024/10/logo-esferareal300.png","width":300,"height":221,"caption":"Esfera Real Mediação Imobiliária"},"image":{"@id":"https://esferareal.com/#/schema/logo/image/"},"sameAs":["https://www.facebook.com/people/Esfera-Real/100057693960084/","https://www.instagram.com/esferareal/","https://www.youtube.com/channel/UCYb-CPOTpF03PSyHBSoCfbA"]}]}</script>
<!-- / Yoast SEO plugin. -->

Terreno com possibilidade de construção e muito bem localizado, entre 2 vilas do centro de Portugal! Com uma área de 600 m2 de terreno plano, poderá construir uma moradia de 2 pisos e cave com uma área total de 240 m2. Comodamente, as infraestruturas de eletricidade e água da rede encontram-se nas proximidades. Esta propriedade [&hellip;]

Início

Mediação Imobiliária

Esfera Real Mediação Imobiliária
