 
{"id":6877,"date":"2025-03-27T10:14:55","date_gmt":"2025-03-27T10:14:55","guid":{"rendered":"https:\/\/esferareal.com\/?post_type=imovel&#038;p=6877"},"modified":"2025-03-27T10:14:58","modified_gmt":"2025-03-27T10:14:58","slug":"pavilhao-zona-industrial-das-cortes-1305","status":"publish","type":"imovel","link":"https:\/\/esferareal.com\/en\/imovel\/pavilhao-zona-industrial-das-cortes-1305\/","title":{"rendered":"Pavilh\u00e3o Zona Industrial das Cortes &#8211; 1305"},"content":{"rendered":"<p>Shop &amp; Storage unit for industrial activity with two floors and excellent outside space, located on lot n.\u00ba 5 of  Cortes de Alvares\u00b4s Industrial Zone.<\/p>\n\n\n\n<p>The total area of the plot is 6,142.50 sqm; Implantation Area 945 sqm; Gross construction area 1,890 sqm.<\/p>\n\n\n\n<p>There is an excellent external space for loading and unloading articulated trucks.<\/p>\n\n\n\n<p>At this time, there is still a business operating, selling all types of construction materials and interior finishes.<\/p>\n\n\n\n<p>The advertised price of 420,000 euros is for the sale of the existing building Shop \/ storage and plot.<\/p>\n\n\n\n<p>The Storage is composed by a generous office, two bathrooms, space to install a kitchen and dining room, a showroom\/ exhibition section, and a warehouse section on both the ground and first floors.<\/p>\n\n\n\n<p>All current stock and inventory of materials, equipment, forklift, cargo van and trailer, including the internal elevator installed in the storage for accessing materials to the 1st floor, will be optionally sold separately for the value of 320,000 euros. This inventory can be traded in lots and separately.<\/p>\n\n\n\n<p>There is room for negotiation both in the price of the plot &amp; Storage, as well as in the value of all the contents and existence.<\/p>\n\n\n\n<p>Pay a visit!<\/p>","protected":false},"author":6,"featured_media":6843,"template":"","meta":{"_acf_changed":false,"footnotes":""},"tipo":[20,18],"class_list":["post-6877","imovel","type-imovel","status-publish","has-post-thumbnail","hentry","tipo-armazem","tipo-espacos-comerciais"],"acf":[],"yoast_head":"<!-- This site is optimized with the Yoast SEO plugin v24.4 - https:\/\/yoast.com\/wordpress\/plugins\/seo\/ -->\n<title>Pavilh\u00e3o Zona Industrial das Cortes - 1305 - Esfera Real<\/title>\n<meta name=\"robots\" content=\"index, follow, max-snippet:-1, max-image-preview:large, max-video-preview:-1\" \/>\n<link rel=\"canonical\" href=\"https:\/\/esferareal.com\/en\/imovel\/pavilhao-zona-industrial-das-cortes-1305\/\" \/>\n<meta property=\"og:locale\" content=\"en_GB\" \/>\n<meta property=\"og:type\" content=\"article\" \/>\n<meta property=\"og:title\" content=\"Pavilh\u00e3o Zona Industrial das Cortes - 1305 - Esfera Real\" \/>\n<meta property=\"og:description\" content=\"Loja e Pavilh\u00e3o para atividade industrial com dois pisos e logradouro, localizado no lote n.\u00ba 5 da Zona Industrial das Cortes de Alvares. A \u00e1rea total do lote \u00e9 de 6.142,50 m2; \u00c1rea de Implanta\u00e7\u00e3o 945 m2; \u00c1rea bruta de Constru\u00e7\u00e3o 1.890 m2. Existe excelente espa\u00e7o exterior para cargas e descargas de cami\u00f5es articulados. Neste [&hellip;]\" \/>\n<meta property=\"og:url\" content=\"https:\/\/esferareal.com\/en\/imovel\/pavilhao-zona-industrial-das-cortes-1305\/\" \/>\n<meta property=\"og:site_name\" content=\"Esfera Real\" \/>\n<meta property=\"article:publisher\" content=\"https:\/\/www.facebook.com\/people\/Esfera-Real\/100057693960084\/\" \/>\n<meta property=\"article:modified_time\" content=\"2025-03-27T10:14:58+00:00\" \/>\n<meta property=\"og:image\" content=\"https:\/\/esferareal.com\/wp-content\/uploads\/2025\/03\/1-1305-Custom.jpg\" \/>\n\t<meta property=\"og:image:width\" content=\"667\" \/>\n\t<meta property=\"og:image:height\" content=\"500\" \/>\n\t<meta property=\"og:image:type\" content=\"image\/jpeg\" \/>\n<meta name=\"twitter:card\" content=\"summary_large_image\" \/>\n<meta name=\"twitter:label1\" content=\"Estimated reading time\" \/>\n\t<meta name=\"twitter:data1\" content=\"2 minutes\" \/>\n<script type=\"application\/ld+json\" class=\"yoast-schema-graph\">{\"@context\":\"https:\/\/schema.org\",\"@graph\":[{\"@type\":\"WebPage\",\"@id\":\"https:\/\/esferareal.com\/imovel\/pavilhao-zona-industrial-das-cortes-1305\/\",\"url\":\"https:\/\/esferareal.com\/imovel\/pavilhao-zona-industrial-das-cortes-1305\/\",\"name\":\"Pavilh\u00e3o Zona Industrial das Cortes - 1305 - Esfera Real\",\"isPartOf\":{\"@id\":\"https:\/\/esferareal.com\/#website\"},\"primaryImageOfPage\":{\"@id\":\"https:\/\/esferareal.com\/imovel\/pavilhao-zona-industrial-das-cortes-1305\/#primaryimage\"},\"image\":{\"@id\":\"https:\/\/esferareal.com\/imovel\/pavilhao-zona-industrial-das-cortes-1305\/#primaryimage\"},\"thumbnailUrl\":\"https:\/\/esferareal.com\/wp-content\/uploads\/2025\/03\/1-1305-Custom.jpg\",\"datePublished\":\"2025-03-27T10:14:55+00:00\",\"dateModified\":\"2025-03-27T10:14:58+00:00\",\"breadcrumb\":{\"@id\":\"https:\/\/esferareal.com\/imovel\/pavilhao-zona-industrial-das-cortes-1305\/#breadcrumb\"},\"inLanguage\":\"en-GB\",\"potentialAction\":[{\"@type\":\"ReadAction\",\"target\":[\"https:\/\/esferareal.com\/imovel\/pavilhao-zona-industrial-das-cortes-1305\/\"]}]},{\"@type\":\"ImageObject\",\"inLanguage\":\"en-GB\",\"@id\":\"https:\/\/esferareal.com\/imovel\/pavilhao-zona-industrial-das-cortes-1305\/#primaryimage\",\"url\":\"https:\/\/esferareal.com\/wp-content\/uploads\/2025\/03\/1-1305-Custom.jpg\",\"contentUrl\":\"https:\/\/esferareal.com\/wp-content\/uploads\/2025\/03\/1-1305-Custom.jpg\",\"width\":667,\"height\":500},{\"@type\":\"BreadcrumbList\",\"@id\":\"https:\/\/esferareal.com\/imovel\/pavilhao-zona-industrial-das-cortes-1305\/#breadcrumb\",\"itemListElement\":[{\"@type\":\"ListItem\",\"position\":1,\"name\":\"In\u00edcio\",\"item\":\"https:\/\/esferareal.com\/en\/\"},{\"@type\":\"ListItem\",\"position\":2,\"name\":\"Pavilh\u00e3o Zona Industrial das Cortes &#8211; 1305\"}]},{\"@type\":\"WebSite\",\"@id\":\"https:\/\/esferareal.com\/#website\",\"url\":\"https:\/\/esferareal.com\/\",\"name\":\"Esfera Real\",\"description\":\"Media\u00e7\u00e3o Imobili\u00e1ria\",\"publisher\":{\"@id\":\"https:\/\/esferareal.com\/#organization\"},\"potentialAction\":[{\"@type\":\"SearchAction\",\"target\":{\"@type\":\"EntryPoint\",\"urlTemplate\":\"https:\/\/esferareal.com\/?s={search_term_string}\"},\"query-input\":{\"@type\":\"PropertyValueSpecification\",\"valueRequired\":true,\"valueName\":\"search_term_string\"}}],\"inLanguage\":\"en-GB\"},{\"@type\":\"Organization\",\"@id\":\"https:\/\/esferareal.com\/#organization\",\"name\":\"Esfera Real Media\u00e7\u00e3o Imobili\u00e1ria\",\"url\":\"https:\/\/esferareal.com\/\",\"logo\":{\"@type\":\"ImageObject\",\"inLanguage\":\"en-GB\",\"@id\":\"https:\/\/esferareal.com\/#\/schema\/logo\/image\/\",\"url\":\"https:\/\/esferareal.com\/wp-content\/uploads\/2024\/10\/logo-esferareal300.png\",\"contentUrl\":\"https:\/\/esferareal.com\/wp-content\/uploads\/2024\/10\/logo-esferareal300.png\",\"width\":300,\"height\":221,\"caption\":\"Esfera Real Media\u00e7\u00e3o Imobili\u00e1ria\"},\"image\":{\"@id\":\"https:\/\/esferareal.com\/#\/schema\/logo\/image\/\"},\"sameAs\":[\"https:\/\/www.facebook.com\/people\/Esfera-Real\/100057693960084\/\",\"https:\/\/www.instagram.com\/esferareal\/\",\"https:\/\/www.youtube.com\/channel\/UCYb-CPOTpF03PSyHBSoCfbA\"]}]}<\/script>\n<!-- \/ Yoast SEO plugin. -->","yoast_head_json":{"title":"Pavilh\u00e3o Zona Industrial das Cortes - 1305 - Esfera Real","robots":{"index":"index","follow":"follow","max-snippet":"max-snippet:-1","max-image-preview":"max-image-preview:large","max-video-preview":"max-video-preview:-1"},"canonical":"https:\/\/esferareal.com\/en\/imovel\/pavilhao-zona-industrial-das-cortes-1305\/","og_locale":"en_GB","og_type":"article","og_title":"Pavilh\u00e3o Zona Industrial das Cortes - 1305 - Esfera Real","og_description":"Loja e Pavilh\u00e3o para atividade industrial com dois pisos e logradouro, localizado no lote n.\u00ba 5 da Zona Industrial das Cortes de Alvares. A \u00e1rea total do lote \u00e9 de 6.142,50 m2; \u00c1rea de Implanta\u00e7\u00e3o 945 m2; \u00c1rea bruta de Constru\u00e7\u00e3o 1.890 m2. Existe excelente espa\u00e7o exterior para cargas e descargas de cami\u00f5es articulados. Neste [&hellip;]","og_url":"https:\/\/esferareal.com\/en\/imovel\/pavilhao-zona-industrial-das-cortes-1305\/","og_site_name":"Esfera Real","article_publisher":"https:\/\/www.facebook.com\/people\/Esfera-Real\/100057693960084\/","article_modified_time":"2025-03-27T10:14:58+00:00","og_image":[{"width":667,"height":500,"url":"https:\/\/esferareal.com\/wp-content\/uploads\/2025\/03\/1-1305-Custom.jpg","type":"image\/jpeg"}],"twitter_card":"summary_large_image","twitter_misc":{"Estimated reading time":"2 minutes"},"schema":{"@context":"https:\/\/schema.org","@graph":[{"@type":"WebPage","@id":"https:\/\/esferareal.com\/imovel\/pavilhao-zona-industrial-das-cortes-1305\/","url":"https:\/\/esferareal.com\/imovel\/pavilhao-zona-industrial-das-cortes-1305\/","name":"Pavilh\u00e3o Zona Industrial das Cortes - 1305 - Esfera Real","isPartOf":{"@id":"https:\/\/esferareal.com\/#website"},"primaryImageOfPage":{"@id":"https:\/\/esferareal.com\/imovel\/pavilhao-zona-industrial-das-cortes-1305\/#primaryimage"},"image":{"@id":"https:\/\/esferareal.com\/imovel\/pavilhao-zona-industrial-das-cortes-1305\/#primaryimage"},"thumbnailUrl":"https:\/\/esferareal.com\/wp-content\/uploads\/2025\/03\/1-1305-Custom.jpg","datePublished":"2025-03-27T10:14:55+00:00","dateModified":"2025-03-27T10:14:58+00:00","breadcrumb":{"@id":"https:\/\/esferareal.com\/imovel\/pavilhao-zona-industrial-das-cortes-1305\/#breadcrumb"},"inLanguage":"en-GB","potentialAction":[{"@type":"ReadAction","target":["https:\/\/esferareal.com\/imovel\/pavilhao-zona-industrial-das-cortes-1305\/"]}]},{"@type":"ImageObject","inLanguage":"en-GB","@id":"https:\/\/esferareal.com\/imovel\/pavilhao-zona-industrial-das-cortes-1305\/#primaryimage","url":"https:\/\/esferareal.com\/wp-content\/uploads\/2025\/03\/1-1305-Custom.jpg","contentUrl":"https:\/\/esferareal.com\/wp-content\/uploads\/2025\/03\/1-1305-Custom.jpg","width":667,"height":500},{"@type":"BreadcrumbList","@id":"https:\/\/esferareal.com\/imovel\/pavilhao-zona-industrial-das-cortes-1305\/#breadcrumb","itemListElement":[{"@type":"ListItem","position":1,"name":"In\u00edcio","item":"https:\/\/esferareal.com\/en\/"},{"@type":"ListItem","position":2,"name":"Pavilh\u00e3o Zona Industrial das Cortes &#8211; 1305"}]},{"@type":"WebSite","@id":"https:\/\/esferareal.com\/#website","url":"https:\/\/esferareal.com\/","name":"Esfera Real","description":"Media\u00e7\u00e3o Imobili\u00e1ria","publisher":{"@id":"https:\/\/esferareal.com\/#organization"},"potentialAction":[{"@type":"SearchAction","target":{"@type":"EntryPoint","urlTemplate":"https:\/\/esferareal.com\/?s={search_term_string}"},"query-input":{"@type":"PropertyValueSpecification","valueRequired":true,"valueName":"search_term_string"}}],"inLanguage":"en-GB"},{"@type":"Organization","@id":"https:\/\/esferareal.com\/#organization","name":"Esfera Real Media\u00e7\u00e3o Imobili\u00e1ria","url":"https:\/\/esferareal.com\/","logo":{"@type":"ImageObject","inLanguage":"en-GB","@id":"https:\/\/esferareal.com\/#\/schema\/logo\/image\/","url":"https:\/\/esferareal.com\/wp-content\/uploads\/2024\/10\/logo-esferareal300.png","contentUrl":"https:\/\/esferareal.com\/wp-content\/uploads\/2024\/10\/logo-esferareal300.png","width":300,"height":221,"caption":"Esfera Real Media\u00e7\u00e3o Imobili\u00e1ria"},"image":{"@id":"https:\/\/esferareal.com\/#\/schema\/logo\/image\/"},"sameAs":["https:\/\/www.facebook.com\/people\/Esfera-Real\/100057693960084\/","https:\/\/www.instagram.com\/esferareal\/","https:\/\/www.youtube.com\/channel\/UCYb-CPOTpF03PSyHBSoCfbA"]}]}},"_links":{"self":[{"href":"https:\/\/esferareal.com\/en\/wp-json\/wp\/v2\/imovel\/6877","targetHints":{"allow":["GET"]}}],"collection":[{"href":"https:\/\/esferareal.com\/en\/wp-json\/wp\/v2\/imovel"}],"about":[{"href":"https:\/\/esferareal.com\/en\/wp-json\/wp\/v2\/types\/imovel"}],"author":[{"embeddable":true,"href":"https:\/\/esferareal.com\/en\/wp-json\/wp\/v2\/users\/6"}],"version-history":[{"count":1,"href":"https:\/\/esferareal.com\/en\/wp-json\/wp\/v2\/imovel\/6877\/revisions"}],"predecessor-version":[{"id":6878,"href":"https:\/\/esferareal.com\/en\/wp-json\/wp\/v2\/imovel\/6877\/revisions\/6878"}],"wp:featuredmedia":[{"embeddable":true,"href":"https:\/\/esferareal.com\/en\/wp-json\/wp\/v2\/media\/6843"}],"wp:attachment":[{"href":"https:\/\/esferareal.com\/en\/wp-json\/wp\/v2\/media?parent=6877"}],"wp:term":[{"taxonomy":"tipo","embeddable":true,"href":"https:\/\/esferareal.com\/en\/wp-json\/wp\/v2\/tipo?post=6877"}],"curies":[{"name":"wp","href":"https:\/\/api.w.org\/{rel}","templated":true}]}}

Pavilhão Zona Industrial das Cortes &#8211; 1305

<p>Shop &amp; Storage unit for industrial activity with two floors and excellent outside space, located on lot n.º 5 of  Cortes de Alvares´s Industrial Zone.</p>



<p>The total area of the plot is 6,142.50 sqm; Implantation Area 945 sqm; Gross construction area 1,890 sqm.</p>



<p>There is an excellent external space for loading and unloading articulated trucks.</p>



<p>At this time, there is still a business operating, selling all types of construction materials and interior finishes.</p>



<p>The advertised price of 420,000 euros is for the sale of the existing building Shop / storage and plot.</p>



<p>The Storage is composed by a generous office, two bathrooms, space to install a kitchen and dining room, a showroom/ exhibition section, and a warehouse section on both the ground and first floors.</p>



<p>All current stock and inventory of materials, equipment, forklift, cargo van and trailer, including the internal elevator installed in the storage for accessing materials to the 1st floor, will be optionally sold separately for the value of 320,000 euros. This inventory can be traded in lots and separately.</p>



<p>There is room for negotiation both in the price of the plot &amp; Storage, as well as in the value of all the contents and existence.</p>



<p>Pay a visit!</p>

<!-- This site is optimized with the Yoast SEO plugin v24.4 - https://yoast.com/wordpress/plugins/seo/ -->
<title>Pavilhão Zona Industrial das Cortes - 1305 - Esfera Real</title>
<meta name="robots" content="index, follow, max-snippet:-1, max-image-preview:large, max-video-preview:-1" />
<link rel="canonical" href="https://esferareal.com/en/imovel/pavilhao-zona-industrial-das-cortes-1305/" />
<meta property="og:locale" content="en_GB" />
<meta property="og:type" content="article" />
<meta property="og:title" content="Pavilhão Zona Industrial das Cortes - 1305 - Esfera Real" />
<meta property="og:description" content="Loja e Pavilhão para atividade industrial com dois pisos e logradouro, localizado no lote n.º 5 da Zona Industrial das Cortes de Alvares. A área total do lote é de 6.142,50 m2; Área de Implantação 945 m2; Área bruta de Construção 1.890 m2. Existe excelente espaço exterior para cargas e descargas de camiões articulados. Neste [&hellip;]" />
<meta property="og:url" content="https://esferareal.com/en/imovel/pavilhao-zona-industrial-das-cortes-1305/" />
<meta property="og:site_name" content="Esfera Real" />
<meta property="article:publisher" content="https://www.facebook.com/people/Esfera-Real/100057693960084/" />
<meta property="article:modified_time" content="2025-03-27T10:14:58+00:00" />
<meta property="og:image" content="https://esferareal.com/wp-content/uploads/2025/03/1-1305-Custom.jpg" />
	<meta property="og:image:width" content="667" />
	<meta property="og:image:height" content="500" />
	<meta property="og:image:type" content="image/jpeg" />
<meta name="twitter:card" content="summary_large_image" />
<meta name="twitter:label1" content="Estimated reading time" />
	<meta name="twitter:data1" content="2 minutes" />
<script type="application/ld+json" class="yoast-schema-graph">{"@context":"https://schema.org","@graph":[{"@type":"WebPage","@id":"https://esferareal.com/imovel/pavilhao-zona-industrial-das-cortes-1305/","url":"https://esferareal.com/imovel/pavilhao-zona-industrial-das-cortes-1305/","name":"Pavilhão Zona Industrial das Cortes - 1305 - Esfera Real","isPartOf":{"@id":"https://esferareal.com/#website"},"primaryImageOfPage":{"@id":"https://esferareal.com/imovel/pavilhao-zona-industrial-das-cortes-1305/#primaryimage"},"image":{"@id":"https://esferareal.com/imovel/pavilhao-zona-industrial-das-cortes-1305/#primaryimage"},"thumbnailUrl":"https://esferareal.com/wp-content/uploads/2025/03/1-1305-Custom.jpg","datePublished":"2025-03-27T10:14:55+00:00","dateModified":"2025-03-27T10:14:58+00:00","breadcrumb":{"@id":"https://esferareal.com/imovel/pavilhao-zona-industrial-das-cortes-1305/#breadcrumb"},"inLanguage":"en-GB","potentialAction":[{"@type":"ReadAction","target":["https://esferareal.com/imovel/pavilhao-zona-industrial-das-cortes-1305/"]}]},{"@type":"ImageObject","inLanguage":"en-GB","@id":"https://esferareal.com/imovel/pavilhao-zona-industrial-das-cortes-1305/#primaryimage","url":"https://esferareal.com/wp-content/uploads/2025/03/1-1305-Custom.jpg","contentUrl":"https://esferareal.com/wp-content/uploads/2025/03/1-1305-Custom.jpg","width":667,"height":500},{"@type":"BreadcrumbList","@id":"https://esferareal.com/imovel/pavilhao-zona-industrial-das-cortes-1305/#breadcrumb","itemListElement":[{"@type":"ListItem","position":1,"name":"Início","item":"https://esferareal.com/en/"},{"@type":"ListItem","position":2,"name":"Pavilhão Zona Industrial das Cortes &#8211; 1305"}]},{"@type":"WebSite","@id":"https://esferareal.com/#website","url":"https://esferareal.com/","name":"Esfera Real","description":"Mediação Imobiliária","publisher":{"@id":"https://esferareal.com/#organization"},"potentialAction":[{"@type":"SearchAction","target":{"@type":"EntryPoint","urlTemplate":"https://esferareal.com/?s={search_term_string}"},"query-input":{"@type":"PropertyValueSpecification","valueRequired":true,"valueName":"search_term_string"}}],"inLanguage":"en-GB"},{"@type":"Organization","@id":"https://esferareal.com/#organization","name":"Esfera Real Mediação Imobiliária","url":"https://esferareal.com/","logo":{"@type":"ImageObject","inLanguage":"en-GB","@id":"https://esferareal.com/#/schema/logo/image/","url":"https://esferareal.com/wp-content/uploads/2024/10/logo-esferareal300.png","contentUrl":"https://esferareal.com/wp-content/uploads/2024/10/logo-esferareal300.png","width":300,"height":221,"caption":"Esfera Real Mediação Imobiliária"},"image":{"@id":"https://esferareal.com/#/schema/logo/image/"},"sameAs":["https://www.facebook.com/people/Esfera-Real/100057693960084/","https://www.instagram.com/esferareal/","https://www.youtube.com/channel/UCYb-CPOTpF03PSyHBSoCfbA"]}]}</script>
<!-- / Yoast SEO plugin. -->

Pavilhão Zona Industrial das Cortes - 1305 - Esfera Real

Loja e Pavilhão para atividade industrial com dois pisos e logradouro, localizado no lote n.º 5 da Zona Industrial das Cortes de Alvares. A área total do lote é de 6.142,50 m2; Área de Implantação 945 m2; Área bruta de Construção 1.890 m2. Existe excelente espaço exterior para cargas e descargas de camiões articulados. Neste [&hellip;]

Início

Mediação Imobiliária

Esfera Real Mediação Imobiliária
