 
{"id":7054,"date":"2025-04-01T15:02:33","date_gmt":"2025-04-01T15:02:33","guid":{"rendered":"https:\/\/esferareal.com\/?post_type=imovel&#038;p=7054"},"modified":"2025-04-01T15:02:37","modified_gmt":"2025-04-01T15:02:37","slug":"moradia-vista-longa-1308","status":"publish","type":"imovel","link":"https:\/\/esferareal.com\/en\/imovel\/moradia-vista-longa-1308\/","title":{"rendered":"Moradia Vista Longa &#8211; 1308"},"content":{"rendered":"<p>3-bedroom village house, comfortable and perfect for a peaceful life!<\/p>\n\n\n\n<p>Comprising of 2 floors, the 1st one has a living room with fireplace and a kitchen in open space, duly equipped. Following down a corridor, there are 3 bedrooms, a more private sitting room, the bathroom at the end of the hall and a little division fit for a pantry or storage. In this same floor you can access the spacious attic.<\/p>\n\n\n\n<p>Going outside, you can enjoy the good solar exposure on an elevated terrace with views over the mountainous horizon, over the village and over the plot that extends for 6067,48 sqm.<\/p>\n\n\n\n<p>Going down, you\u00b4ll reach a large patio, with enough space to park 1 or 2 cars. Immediately to the right of the staircase there\u00b4s a division with a rustic bread oven, used for storage.\nCrossing the patio there are 3 more spaces: the one in right has enough space to convert into 1 more bedrooms, for example, having outside access; the one in the middle is the wine cellar and the one on the left is another storage division. Finally, there\u00b4s also a WC in this area.<\/p>\n\n\n\n<p>Following to the big plot, it includes various fruit trees, like citruses and olive trees. Aside the wall where the terrace is, you find the well and tank with abundant water.<\/p>\n\n\n\n<p>Ready to move in, this property is located on a small and peaceful village at approximately 5 minutes away from Pedr\u00f3g\u00e3o Grande and the Cabril\u00b4s lake!<\/p>\n\n\n\n<p>Come visit this piece of peace and quiet!<\/p>","protected":false},"author":4,"featured_media":6999,"template":"","meta":{"_acf_changed":false,"footnotes":""},"tipo":[13],"class_list":["post-7054","imovel","type-imovel","status-publish","has-post-thumbnail","hentry","tipo-moradia"],"acf":[],"yoast_head":"<!-- This site is optimized with the Yoast SEO plugin v24.4 - https:\/\/yoast.com\/wordpress\/plugins\/seo\/ -->\n<title>Moradia Vista Longa - 1308 - Esfera Real<\/title>\n<meta name=\"robots\" content=\"index, follow, max-snippet:-1, max-image-preview:large, max-video-preview:-1\" \/>\n<link rel=\"canonical\" href=\"https:\/\/esferareal.com\/en\/imovel\/moradia-vista-longa-1308\/\" \/>\n<meta property=\"og:locale\" content=\"en_GB\" \/>\n<meta property=\"og:type\" content=\"article\" \/>\n<meta property=\"og:title\" content=\"Moradia Vista Longa - 1308 - Esfera Real\" \/>\n<meta property=\"og:description\" content=\"Moradia de aldeia T3, confort\u00e1vel e perfeita para uma vida tranquila! Composta por 2 andares, o 1\u00ba andar compreende uma sala de estar com lareira e cozinha em espa\u00e7o aberto devidamente equipada. Seguindo por um corredor tem os 3 quartos, uma salinha mais privada, a casa de banho ao fundo e uma pequena divis\u00e3o para [&hellip;]\" \/>\n<meta property=\"og:url\" content=\"https:\/\/esferareal.com\/en\/imovel\/moradia-vista-longa-1308\/\" \/>\n<meta property=\"og:site_name\" content=\"Esfera Real\" \/>\n<meta property=\"article:publisher\" content=\"https:\/\/www.facebook.com\/people\/Esfera-Real\/100057693960084\/\" \/>\n<meta property=\"article:modified_time\" content=\"2025-04-01T15:02:37+00:00\" \/>\n<meta property=\"og:image\" content=\"https:\/\/esferareal.com\/wp-content\/uploads\/2025\/04\/1-1308-Custom.png\" \/>\n\t<meta property=\"og:image:width\" content=\"667\" \/>\n\t<meta property=\"og:image:height\" content=\"500\" \/>\n\t<meta property=\"og:image:type\" content=\"image\/png\" \/>\n<meta name=\"twitter:card\" content=\"summary_large_image\" \/>\n<meta name=\"twitter:label1\" content=\"Estimated reading time\" \/>\n\t<meta name=\"twitter:data1\" content=\"2 minutes\" \/>\n<script type=\"application\/ld+json\" class=\"yoast-schema-graph\">{\"@context\":\"https:\/\/schema.org\",\"@graph\":[{\"@type\":\"WebPage\",\"@id\":\"https:\/\/esferareal.com\/imovel\/moradia-vista-longa-1308\/\",\"url\":\"https:\/\/esferareal.com\/imovel\/moradia-vista-longa-1308\/\",\"name\":\"Moradia Vista Longa - 1308 - Esfera Real\",\"isPartOf\":{\"@id\":\"https:\/\/esferareal.com\/#website\"},\"primaryImageOfPage\":{\"@id\":\"https:\/\/esferareal.com\/imovel\/moradia-vista-longa-1308\/#primaryimage\"},\"image\":{\"@id\":\"https:\/\/esferareal.com\/imovel\/moradia-vista-longa-1308\/#primaryimage\"},\"thumbnailUrl\":\"https:\/\/esferareal.com\/wp-content\/uploads\/2025\/04\/1-1308-Custom.png\",\"datePublished\":\"2025-04-01T15:02:33+00:00\",\"dateModified\":\"2025-04-01T15:02:37+00:00\",\"breadcrumb\":{\"@id\":\"https:\/\/esferareal.com\/imovel\/moradia-vista-longa-1308\/#breadcrumb\"},\"inLanguage\":\"en-GB\",\"potentialAction\":[{\"@type\":\"ReadAction\",\"target\":[\"https:\/\/esferareal.com\/imovel\/moradia-vista-longa-1308\/\"]}]},{\"@type\":\"ImageObject\",\"inLanguage\":\"en-GB\",\"@id\":\"https:\/\/esferareal.com\/imovel\/moradia-vista-longa-1308\/#primaryimage\",\"url\":\"https:\/\/esferareal.com\/wp-content\/uploads\/2025\/04\/1-1308-Custom.png\",\"contentUrl\":\"https:\/\/esferareal.com\/wp-content\/uploads\/2025\/04\/1-1308-Custom.png\",\"width\":667,\"height\":500},{\"@type\":\"BreadcrumbList\",\"@id\":\"https:\/\/esferareal.com\/imovel\/moradia-vista-longa-1308\/#breadcrumb\",\"itemListElement\":[{\"@type\":\"ListItem\",\"position\":1,\"name\":\"In\u00edcio\",\"item\":\"https:\/\/esferareal.com\/en\/\"},{\"@type\":\"ListItem\",\"position\":2,\"name\":\"Moradia Vista Longa &#8211; 1308\"}]},{\"@type\":\"WebSite\",\"@id\":\"https:\/\/esferareal.com\/#website\",\"url\":\"https:\/\/esferareal.com\/\",\"name\":\"Esfera Real\",\"description\":\"Media\u00e7\u00e3o Imobili\u00e1ria\",\"publisher\":{\"@id\":\"https:\/\/esferareal.com\/#organization\"},\"potentialAction\":[{\"@type\":\"SearchAction\",\"target\":{\"@type\":\"EntryPoint\",\"urlTemplate\":\"https:\/\/esferareal.com\/?s={search_term_string}\"},\"query-input\":{\"@type\":\"PropertyValueSpecification\",\"valueRequired\":true,\"valueName\":\"search_term_string\"}}],\"inLanguage\":\"en-GB\"},{\"@type\":\"Organization\",\"@id\":\"https:\/\/esferareal.com\/#organization\",\"name\":\"Esfera Real Media\u00e7\u00e3o Imobili\u00e1ria\",\"url\":\"https:\/\/esferareal.com\/\",\"logo\":{\"@type\":\"ImageObject\",\"inLanguage\":\"en-GB\",\"@id\":\"https:\/\/esferareal.com\/#\/schema\/logo\/image\/\",\"url\":\"https:\/\/esferareal.com\/wp-content\/uploads\/2024\/10\/logo-esferareal300.png\",\"contentUrl\":\"https:\/\/esferareal.com\/wp-content\/uploads\/2024\/10\/logo-esferareal300.png\",\"width\":300,\"height\":221,\"caption\":\"Esfera Real Media\u00e7\u00e3o Imobili\u00e1ria\"},\"image\":{\"@id\":\"https:\/\/esferareal.com\/#\/schema\/logo\/image\/\"},\"sameAs\":[\"https:\/\/www.facebook.com\/people\/Esfera-Real\/100057693960084\/\",\"https:\/\/www.instagram.com\/esferareal\/\",\"https:\/\/www.youtube.com\/channel\/UCYb-CPOTpF03PSyHBSoCfbA\"]}]}<\/script>\n<!-- \/ Yoast SEO plugin. -->","yoast_head_json":{"title":"Moradia Vista Longa - 1308 - Esfera Real","robots":{"index":"index","follow":"follow","max-snippet":"max-snippet:-1","max-image-preview":"max-image-preview:large","max-video-preview":"max-video-preview:-1"},"canonical":"https:\/\/esferareal.com\/en\/imovel\/moradia-vista-longa-1308\/","og_locale":"en_GB","og_type":"article","og_title":"Moradia Vista Longa - 1308 - Esfera Real","og_description":"Moradia de aldeia T3, confort\u00e1vel e perfeita para uma vida tranquila! Composta por 2 andares, o 1\u00ba andar compreende uma sala de estar com lareira e cozinha em espa\u00e7o aberto devidamente equipada. Seguindo por um corredor tem os 3 quartos, uma salinha mais privada, a casa de banho ao fundo e uma pequena divis\u00e3o para [&hellip;]","og_url":"https:\/\/esferareal.com\/en\/imovel\/moradia-vista-longa-1308\/","og_site_name":"Esfera Real","article_publisher":"https:\/\/www.facebook.com\/people\/Esfera-Real\/100057693960084\/","article_modified_time":"2025-04-01T15:02:37+00:00","og_image":[{"width":667,"height":500,"url":"https:\/\/esferareal.com\/wp-content\/uploads\/2025\/04\/1-1308-Custom.png","type":"image\/png"}],"twitter_card":"summary_large_image","twitter_misc":{"Estimated reading time":"2 minutes"},"schema":{"@context":"https:\/\/schema.org","@graph":[{"@type":"WebPage","@id":"https:\/\/esferareal.com\/imovel\/moradia-vista-longa-1308\/","url":"https:\/\/esferareal.com\/imovel\/moradia-vista-longa-1308\/","name":"Moradia Vista Longa - 1308 - Esfera Real","isPartOf":{"@id":"https:\/\/esferareal.com\/#website"},"primaryImageOfPage":{"@id":"https:\/\/esferareal.com\/imovel\/moradia-vista-longa-1308\/#primaryimage"},"image":{"@id":"https:\/\/esferareal.com\/imovel\/moradia-vista-longa-1308\/#primaryimage"},"thumbnailUrl":"https:\/\/esferareal.com\/wp-content\/uploads\/2025\/04\/1-1308-Custom.png","datePublished":"2025-04-01T15:02:33+00:00","dateModified":"2025-04-01T15:02:37+00:00","breadcrumb":{"@id":"https:\/\/esferareal.com\/imovel\/moradia-vista-longa-1308\/#breadcrumb"},"inLanguage":"en-GB","potentialAction":[{"@type":"ReadAction","target":["https:\/\/esferareal.com\/imovel\/moradia-vista-longa-1308\/"]}]},{"@type":"ImageObject","inLanguage":"en-GB","@id":"https:\/\/esferareal.com\/imovel\/moradia-vista-longa-1308\/#primaryimage","url":"https:\/\/esferareal.com\/wp-content\/uploads\/2025\/04\/1-1308-Custom.png","contentUrl":"https:\/\/esferareal.com\/wp-content\/uploads\/2025\/04\/1-1308-Custom.png","width":667,"height":500},{"@type":"BreadcrumbList","@id":"https:\/\/esferareal.com\/imovel\/moradia-vista-longa-1308\/#breadcrumb","itemListElement":[{"@type":"ListItem","position":1,"name":"In\u00edcio","item":"https:\/\/esferareal.com\/en\/"},{"@type":"ListItem","position":2,"name":"Moradia Vista Longa &#8211; 1308"}]},{"@type":"WebSite","@id":"https:\/\/esferareal.com\/#website","url":"https:\/\/esferareal.com\/","name":"Esfera Real","description":"Media\u00e7\u00e3o Imobili\u00e1ria","publisher":{"@id":"https:\/\/esferareal.com\/#organization"},"potentialAction":[{"@type":"SearchAction","target":{"@type":"EntryPoint","urlTemplate":"https:\/\/esferareal.com\/?s={search_term_string}"},"query-input":{"@type":"PropertyValueSpecification","valueRequired":true,"valueName":"search_term_string"}}],"inLanguage":"en-GB"},{"@type":"Organization","@id":"https:\/\/esferareal.com\/#organization","name":"Esfera Real Media\u00e7\u00e3o Imobili\u00e1ria","url":"https:\/\/esferareal.com\/","logo":{"@type":"ImageObject","inLanguage":"en-GB","@id":"https:\/\/esferareal.com\/#\/schema\/logo\/image\/","url":"https:\/\/esferareal.com\/wp-content\/uploads\/2024\/10\/logo-esferareal300.png","contentUrl":"https:\/\/esferareal.com\/wp-content\/uploads\/2024\/10\/logo-esferareal300.png","width":300,"height":221,"caption":"Esfera Real Media\u00e7\u00e3o Imobili\u00e1ria"},"image":{"@id":"https:\/\/esferareal.com\/#\/schema\/logo\/image\/"},"sameAs":["https:\/\/www.facebook.com\/people\/Esfera-Real\/100057693960084\/","https:\/\/www.instagram.com\/esferareal\/","https:\/\/www.youtube.com\/channel\/UCYb-CPOTpF03PSyHBSoCfbA"]}]}},"_links":{"self":[{"href":"https:\/\/esferareal.com\/en\/wp-json\/wp\/v2\/imovel\/7054","targetHints":{"allow":["GET"]}}],"collection":[{"href":"https:\/\/esferareal.com\/en\/wp-json\/wp\/v2\/imovel"}],"about":[{"href":"https:\/\/esferareal.com\/en\/wp-json\/wp\/v2\/types\/imovel"}],"author":[{"embeddable":true,"href":"https:\/\/esferareal.com\/en\/wp-json\/wp\/v2\/users\/4"}],"version-history":[{"count":1,"href":"https:\/\/esferareal.com\/en\/wp-json\/wp\/v2\/imovel\/7054\/revisions"}],"predecessor-version":[{"id":7055,"href":"https:\/\/esferareal.com\/en\/wp-json\/wp\/v2\/imovel\/7054\/revisions\/7055"}],"wp:featuredmedia":[{"embeddable":true,"href":"https:\/\/esferareal.com\/en\/wp-json\/wp\/v2\/media\/6999"}],"wp:attachment":[{"href":"https:\/\/esferareal.com\/en\/wp-json\/wp\/v2\/media?parent=7054"}],"wp:term":[{"taxonomy":"tipo","embeddable":true,"href":"https:\/\/esferareal.com\/en\/wp-json\/wp\/v2\/tipo?post=7054"}],"curies":[{"name":"wp","href":"https:\/\/api.w.org\/{rel}","templated":true}]}}

<p>3-bedroom village house, comfortable and perfect for a peaceful life!</p>



<p>Comprising of 2 floors, the 1st one has a living room with fireplace and a kitchen in open space, duly equipped. Following down a corridor, there are 3 bedrooms, a more private sitting room, the bathroom at the end of the hall and a little division fit for a pantry or storage. In this same floor you can access the spacious attic.</p>



<p>Going outside, you can enjoy the good solar exposure on an elevated terrace with views over the mountainous horizon, over the village and over the plot that extends for 6067,48 sqm.</p>



<p>Going down, you´ll reach a large patio, with enough space to park 1 or 2 cars. Immediately to the right of the staircase there´s a division with a rustic bread oven, used for storage.
Crossing the patio there are 3 more spaces: the one in right has enough space to convert into 1 more bedrooms, for example, having outside access; the one in the middle is the wine cellar and the one on the left is another storage division. Finally, there´s also a WC in this area.</p>



<p>Following to the big plot, it includes various fruit trees, like citruses and olive trees. Aside the wall where the terrace is, you find the well and tank with abundant water.</p>



<p>Ready to move in, this property is located on a small and peaceful village at approximately 5 minutes away from Pedrógão Grande and the Cabril´s lake!</p>



<p>Come visit this piece of peace and quiet!</p>

<!-- This site is optimized with the Yoast SEO plugin v24.4 - https://yoast.com/wordpress/plugins/seo/ -->
<title>Moradia Vista Longa - 1308 - Esfera Real</title>
<meta name="robots" content="index, follow, max-snippet:-1, max-image-preview:large, max-video-preview:-1" />
<link rel="canonical" href="https://esferareal.com/en/imovel/moradia-vista-longa-1308/" />
<meta property="og:locale" content="en_GB" />
<meta property="og:type" content="article" />
<meta property="og:title" content="Moradia Vista Longa - 1308 - Esfera Real" />
<meta property="og:description" content="Moradia de aldeia T3, confortável e perfeita para uma vida tranquila! Composta por 2 andares, o 1º andar compreende uma sala de estar com lareira e cozinha em espaço aberto devidamente equipada. Seguindo por um corredor tem os 3 quartos, uma salinha mais privada, a casa de banho ao fundo e uma pequena divisão para [&hellip;]" />
<meta property="og:url" content="https://esferareal.com/en/imovel/moradia-vista-longa-1308/" />
<meta property="og:site_name" content="Esfera Real" />
<meta property="article:publisher" content="https://www.facebook.com/people/Esfera-Real/100057693960084/" />
<meta property="article:modified_time" content="2025-04-01T15:02:37+00:00" />
<meta property="og:image" content="https://esferareal.com/wp-content/uploads/2025/04/1-1308-Custom.png" />
	<meta property="og:image:width" content="667" />
	<meta property="og:image:height" content="500" />
	<meta property="og:image:type" content="image/png" />
<meta name="twitter:card" content="summary_large_image" />
<meta name="twitter:label1" content="Estimated reading time" />
	<meta name="twitter:data1" content="2 minutes" />
<script type="application/ld+json" class="yoast-schema-graph">{"@context":"https://schema.org","@graph":[{"@type":"WebPage","@id":"https://esferareal.com/imovel/moradia-vista-longa-1308/","url":"https://esferareal.com/imovel/moradia-vista-longa-1308/","name":"Moradia Vista Longa - 1308 - Esfera Real","isPartOf":{"@id":"https://esferareal.com/#website"},"primaryImageOfPage":{"@id":"https://esferareal.com/imovel/moradia-vista-longa-1308/#primaryimage"},"image":{"@id":"https://esferareal.com/imovel/moradia-vista-longa-1308/#primaryimage"},"thumbnailUrl":"https://esferareal.com/wp-content/uploads/2025/04/1-1308-Custom.png","datePublished":"2025-04-01T15:02:33+00:00","dateModified":"2025-04-01T15:02:37+00:00","breadcrumb":{"@id":"https://esferareal.com/imovel/moradia-vista-longa-1308/#breadcrumb"},"inLanguage":"en-GB","potentialAction":[{"@type":"ReadAction","target":["https://esferareal.com/imovel/moradia-vista-longa-1308/"]}]},{"@type":"ImageObject","inLanguage":"en-GB","@id":"https://esferareal.com/imovel/moradia-vista-longa-1308/#primaryimage","url":"https://esferareal.com/wp-content/uploads/2025/04/1-1308-Custom.png","contentUrl":"https://esferareal.com/wp-content/uploads/2025/04/1-1308-Custom.png","width":667,"height":500},{"@type":"BreadcrumbList","@id":"https://esferareal.com/imovel/moradia-vista-longa-1308/#breadcrumb","itemListElement":[{"@type":"ListItem","position":1,"name":"Início","item":"https://esferareal.com/en/"},{"@type":"ListItem","position":2,"name":"Moradia Vista Longa &#8211; 1308"}]},{"@type":"WebSite","@id":"https://esferareal.com/#website","url":"https://esferareal.com/","name":"Esfera Real","description":"Mediação Imobiliária","publisher":{"@id":"https://esferareal.com/#organization"},"potentialAction":[{"@type":"SearchAction","target":{"@type":"EntryPoint","urlTemplate":"https://esferareal.com/?s={search_term_string}"},"query-input":{"@type":"PropertyValueSpecification","valueRequired":true,"valueName":"search_term_string"}}],"inLanguage":"en-GB"},{"@type":"Organization","@id":"https://esferareal.com/#organization","name":"Esfera Real Mediação Imobiliária","url":"https://esferareal.com/","logo":{"@type":"ImageObject","inLanguage":"en-GB","@id":"https://esferareal.com/#/schema/logo/image/","url":"https://esferareal.com/wp-content/uploads/2024/10/logo-esferareal300.png","contentUrl":"https://esferareal.com/wp-content/uploads/2024/10/logo-esferareal300.png","width":300,"height":221,"caption":"Esfera Real Mediação Imobiliária"},"image":{"@id":"https://esferareal.com/#/schema/logo/image/"},"sameAs":["https://www.facebook.com/people/Esfera-Real/100057693960084/","https://www.instagram.com/esferareal/","https://www.youtube.com/channel/UCYb-CPOTpF03PSyHBSoCfbA"]}]}</script>
<!-- / Yoast SEO plugin. -->

Moradia de aldeia T3, confortável e perfeita para uma vida tranquila! Composta por 2 andares, o 1º andar compreende uma sala de estar com lareira e cozinha em espaço aberto devidamente equipada. Seguindo por um corredor tem os 3 quartos, uma salinha mais privada, a casa de banho ao fundo e uma pequena divisão para [&hellip;]

Início

Mediação Imobiliária

Esfera Real Mediação Imobiliária
