 
{"id":7577,"date":"2025-04-30T15:17:48","date_gmt":"2025-04-30T15:17:48","guid":{"rendered":"https:\/\/esferareal.com\/?post_type=imovel&#038;p=7577"},"modified":"2026-02-16T09:12:44","modified_gmt":"2026-02-16T09:12:44","slug":"quinta-carvalheira-1314","status":"publish","type":"imovel","link":"https:\/\/esferareal.com\/en\/imovel\/quinta-carvalheira-1314\/","title":{"rendered":"Quinta Carvalheira &#8211; 1314"},"content":{"rendered":"<p>Farm with 18.280 sqm with artesian water well, water reservoir tank next to the house, and natural tank in the backyard that also borders the waterline of a stream where water can be stored during the rainiest seasons of the year.<\/p>\n\n\n\n<p>The house on the ground floor has a big garage, a bedroom, wine cellar and storage rooms.<\/p>\n\n\n\n<p>On the first floor there are two bedrooms, a bathroom, a kitchen and a living room with heat exchanger powered by wood.<\/p>\n\n\n\n<p>It has a beautiful garden around the house where there is also a small annex with an old summer kitchen and chicken coops.<\/p>\n\n\n\n<p>The terraced garden, fully accessible to agricultural tractors, is fertile enough to grow vegetables and has grapevines and many other fruit trees.<\/p>\n\n\n\n<p>I would like to point out that the house is just 1 km from the beautiful Oleiros River Beach, and less than 2 km from the centre of Oleiros\u00b4s town where you will find everything you need for your daily life, despite this the farm has privacy and is in a very calm location.<\/p>\n\n\n\n<p>Arrange your viewing!<\/p>","protected":false},"author":6,"featured_media":7508,"template":"","meta":{"_acf_changed":false,"footnotes":""},"tipo":[13,14],"class_list":["post-7577","imovel","type-imovel","status-publish","has-post-thumbnail","hentry","tipo-moradia","tipo-quinta"],"acf":[],"yoast_head":"<!-- This site is optimized with the Yoast SEO plugin v24.4 - https:\/\/yoast.com\/wordpress\/plugins\/seo\/ -->\n<title>Quinta Carvalheira - 1314 - Esfera Real<\/title>\n<meta name=\"robots\" content=\"index, follow, max-snippet:-1, max-image-preview:large, max-video-preview:-1\" \/>\n<link rel=\"canonical\" href=\"https:\/\/esferareal.com\/en\/imovel\/quinta-carvalheira-1314\/\" \/>\n<meta property=\"og:locale\" content=\"en_GB\" \/>\n<meta property=\"og:type\" content=\"article\" \/>\n<meta property=\"og:title\" content=\"Quinta Carvalheira - 1314 - Esfera Real\" \/>\n<meta property=\"og:description\" content=\"Quinta com 18.280 m2 com furo artesiano, tanque reservat\u00f3rio de \u00e1gua junto \u00e0 casa, e tanque natural no quintal que tamb\u00e9m confina com a linha de \u00e1gua de um riacho onde se poder\u00e1 armazenar \u00e1gua durante as esta\u00e7\u00f5es do ano mais chuvosas. A casa de habita\u00e7\u00e3o no r\u00e9s do ch\u00e3o tem uma grande garagem, um [&hellip;]\" \/>\n<meta property=\"og:url\" content=\"https:\/\/esferareal.com\/en\/imovel\/quinta-carvalheira-1314\/\" \/>\n<meta property=\"og:site_name\" content=\"Esfera Real\" \/>\n<meta property=\"article:publisher\" content=\"https:\/\/www.facebook.com\/people\/Esfera-Real\/100057693960084\/\" \/>\n<meta property=\"article:modified_time\" content=\"2026-02-16T09:12:44+00:00\" \/>\n<meta property=\"og:image\" content=\"https:\/\/esferareal.com\/wp-content\/uploads\/2025\/04\/1-1314-Custom.jpg\" \/>\n\t<meta property=\"og:image:width\" content=\"667\" \/>\n\t<meta property=\"og:image:height\" content=\"500\" \/>\n\t<meta property=\"og:image:type\" content=\"image\/jpeg\" \/>\n<meta name=\"twitter:card\" content=\"summary_large_image\" \/>\n<meta name=\"twitter:label1\" content=\"Estimated reading time\" \/>\n\t<meta name=\"twitter:data1\" content=\"2 minutes\" \/>\n<script type=\"application\/ld+json\" class=\"yoast-schema-graph\">{\"@context\":\"https:\/\/schema.org\",\"@graph\":[{\"@type\":\"WebPage\",\"@id\":\"https:\/\/esferareal.com\/imovel\/quinta-carvalheira-1314\/\",\"url\":\"https:\/\/esferareal.com\/imovel\/quinta-carvalheira-1314\/\",\"name\":\"Quinta Carvalheira - 1314 - Esfera Real\",\"isPartOf\":{\"@id\":\"https:\/\/esferareal.com\/#website\"},\"primaryImageOfPage\":{\"@id\":\"https:\/\/esferareal.com\/imovel\/quinta-carvalheira-1314\/#primaryimage\"},\"image\":{\"@id\":\"https:\/\/esferareal.com\/imovel\/quinta-carvalheira-1314\/#primaryimage\"},\"thumbnailUrl\":\"https:\/\/esferareal.com\/wp-content\/uploads\/2025\/04\/1-1314-Custom.jpg\",\"datePublished\":\"2025-04-30T15:17:48+00:00\",\"dateModified\":\"2026-02-16T09:12:44+00:00\",\"breadcrumb\":{\"@id\":\"https:\/\/esferareal.com\/imovel\/quinta-carvalheira-1314\/#breadcrumb\"},\"inLanguage\":\"en-GB\",\"potentialAction\":[{\"@type\":\"ReadAction\",\"target\":[\"https:\/\/esferareal.com\/imovel\/quinta-carvalheira-1314\/\"]}]},{\"@type\":\"ImageObject\",\"inLanguage\":\"en-GB\",\"@id\":\"https:\/\/esferareal.com\/imovel\/quinta-carvalheira-1314\/#primaryimage\",\"url\":\"https:\/\/esferareal.com\/wp-content\/uploads\/2025\/04\/1-1314-Custom.jpg\",\"contentUrl\":\"https:\/\/esferareal.com\/wp-content\/uploads\/2025\/04\/1-1314-Custom.jpg\",\"width\":667,\"height\":500},{\"@type\":\"BreadcrumbList\",\"@id\":\"https:\/\/esferareal.com\/imovel\/quinta-carvalheira-1314\/#breadcrumb\",\"itemListElement\":[{\"@type\":\"ListItem\",\"position\":1,\"name\":\"In\u00edcio\",\"item\":\"https:\/\/esferareal.com\/en\/\"},{\"@type\":\"ListItem\",\"position\":2,\"name\":\"Quinta Carvalheira &#8211; 1314\"}]},{\"@type\":\"WebSite\",\"@id\":\"https:\/\/esferareal.com\/#website\",\"url\":\"https:\/\/esferareal.com\/\",\"name\":\"Esfera Real\",\"description\":\"Media\u00e7\u00e3o Imobili\u00e1ria\",\"publisher\":{\"@id\":\"https:\/\/esferareal.com\/#organization\"},\"potentialAction\":[{\"@type\":\"SearchAction\",\"target\":{\"@type\":\"EntryPoint\",\"urlTemplate\":\"https:\/\/esferareal.com\/?s={search_term_string}\"},\"query-input\":{\"@type\":\"PropertyValueSpecification\",\"valueRequired\":true,\"valueName\":\"search_term_string\"}}],\"inLanguage\":\"en-GB\"},{\"@type\":\"Organization\",\"@id\":\"https:\/\/esferareal.com\/#organization\",\"name\":\"Esfera Real Media\u00e7\u00e3o Imobili\u00e1ria\",\"url\":\"https:\/\/esferareal.com\/\",\"logo\":{\"@type\":\"ImageObject\",\"inLanguage\":\"en-GB\",\"@id\":\"https:\/\/esferareal.com\/#\/schema\/logo\/image\/\",\"url\":\"https:\/\/esferareal.com\/wp-content\/uploads\/2024\/10\/logo-esferareal300.png\",\"contentUrl\":\"https:\/\/esferareal.com\/wp-content\/uploads\/2024\/10\/logo-esferareal300.png\",\"width\":300,\"height\":221,\"caption\":\"Esfera Real Media\u00e7\u00e3o Imobili\u00e1ria\"},\"image\":{\"@id\":\"https:\/\/esferareal.com\/#\/schema\/logo\/image\/\"},\"sameAs\":[\"https:\/\/www.facebook.com\/people\/Esfera-Real\/100057693960084\/\",\"https:\/\/www.instagram.com\/esferareal\/\",\"https:\/\/www.youtube.com\/channel\/UCYb-CPOTpF03PSyHBSoCfbA\"]}]}<\/script>\n<!-- \/ Yoast SEO plugin. -->","yoast_head_json":{"title":"Quinta Carvalheira - 1314 - Esfera Real","robots":{"index":"index","follow":"follow","max-snippet":"max-snippet:-1","max-image-preview":"max-image-preview:large","max-video-preview":"max-video-preview:-1"},"canonical":"https:\/\/esferareal.com\/en\/imovel\/quinta-carvalheira-1314\/","og_locale":"en_GB","og_type":"article","og_title":"Quinta Carvalheira - 1314 - Esfera Real","og_description":"Quinta com 18.280 m2 com furo artesiano, tanque reservat\u00f3rio de \u00e1gua junto \u00e0 casa, e tanque natural no quintal que tamb\u00e9m confina com a linha de \u00e1gua de um riacho onde se poder\u00e1 armazenar \u00e1gua durante as esta\u00e7\u00f5es do ano mais chuvosas. A casa de habita\u00e7\u00e3o no r\u00e9s do ch\u00e3o tem uma grande garagem, um [&hellip;]","og_url":"https:\/\/esferareal.com\/en\/imovel\/quinta-carvalheira-1314\/","og_site_name":"Esfera Real","article_publisher":"https:\/\/www.facebook.com\/people\/Esfera-Real\/100057693960084\/","article_modified_time":"2026-02-16T09:12:44+00:00","og_image":[{"width":667,"height":500,"url":"https:\/\/esferareal.com\/wp-content\/uploads\/2025\/04\/1-1314-Custom.jpg","type":"image\/jpeg"}],"twitter_card":"summary_large_image","twitter_misc":{"Estimated reading time":"2 minutes"},"schema":{"@context":"https:\/\/schema.org","@graph":[{"@type":"WebPage","@id":"https:\/\/esferareal.com\/imovel\/quinta-carvalheira-1314\/","url":"https:\/\/esferareal.com\/imovel\/quinta-carvalheira-1314\/","name":"Quinta Carvalheira - 1314 - Esfera Real","isPartOf":{"@id":"https:\/\/esferareal.com\/#website"},"primaryImageOfPage":{"@id":"https:\/\/esferareal.com\/imovel\/quinta-carvalheira-1314\/#primaryimage"},"image":{"@id":"https:\/\/esferareal.com\/imovel\/quinta-carvalheira-1314\/#primaryimage"},"thumbnailUrl":"https:\/\/esferareal.com\/wp-content\/uploads\/2025\/04\/1-1314-Custom.jpg","datePublished":"2025-04-30T15:17:48+00:00","dateModified":"2026-02-16T09:12:44+00:00","breadcrumb":{"@id":"https:\/\/esferareal.com\/imovel\/quinta-carvalheira-1314\/#breadcrumb"},"inLanguage":"en-GB","potentialAction":[{"@type":"ReadAction","target":["https:\/\/esferareal.com\/imovel\/quinta-carvalheira-1314\/"]}]},{"@type":"ImageObject","inLanguage":"en-GB","@id":"https:\/\/esferareal.com\/imovel\/quinta-carvalheira-1314\/#primaryimage","url":"https:\/\/esferareal.com\/wp-content\/uploads\/2025\/04\/1-1314-Custom.jpg","contentUrl":"https:\/\/esferareal.com\/wp-content\/uploads\/2025\/04\/1-1314-Custom.jpg","width":667,"height":500},{"@type":"BreadcrumbList","@id":"https:\/\/esferareal.com\/imovel\/quinta-carvalheira-1314\/#breadcrumb","itemListElement":[{"@type":"ListItem","position":1,"name":"In\u00edcio","item":"https:\/\/esferareal.com\/en\/"},{"@type":"ListItem","position":2,"name":"Quinta Carvalheira &#8211; 1314"}]},{"@type":"WebSite","@id":"https:\/\/esferareal.com\/#website","url":"https:\/\/esferareal.com\/","name":"Esfera Real","description":"Media\u00e7\u00e3o Imobili\u00e1ria","publisher":{"@id":"https:\/\/esferareal.com\/#organization"},"potentialAction":[{"@type":"SearchAction","target":{"@type":"EntryPoint","urlTemplate":"https:\/\/esferareal.com\/?s={search_term_string}"},"query-input":{"@type":"PropertyValueSpecification","valueRequired":true,"valueName":"search_term_string"}}],"inLanguage":"en-GB"},{"@type":"Organization","@id":"https:\/\/esferareal.com\/#organization","name":"Esfera Real Media\u00e7\u00e3o Imobili\u00e1ria","url":"https:\/\/esferareal.com\/","logo":{"@type":"ImageObject","inLanguage":"en-GB","@id":"https:\/\/esferareal.com\/#\/schema\/logo\/image\/","url":"https:\/\/esferareal.com\/wp-content\/uploads\/2024\/10\/logo-esferareal300.png","contentUrl":"https:\/\/esferareal.com\/wp-content\/uploads\/2024\/10\/logo-esferareal300.png","width":300,"height":221,"caption":"Esfera Real Media\u00e7\u00e3o Imobili\u00e1ria"},"image":{"@id":"https:\/\/esferareal.com\/#\/schema\/logo\/image\/"},"sameAs":["https:\/\/www.facebook.com\/people\/Esfera-Real\/100057693960084\/","https:\/\/www.instagram.com\/esferareal\/","https:\/\/www.youtube.com\/channel\/UCYb-CPOTpF03PSyHBSoCfbA"]}]}},"_links":{"self":[{"href":"https:\/\/esferareal.com\/en\/wp-json\/wp\/v2\/imovel\/7577","targetHints":{"allow":["GET"]}}],"collection":[{"href":"https:\/\/esferareal.com\/en\/wp-json\/wp\/v2\/imovel"}],"about":[{"href":"https:\/\/esferareal.com\/en\/wp-json\/wp\/v2\/types\/imovel"}],"author":[{"embeddable":true,"href":"https:\/\/esferareal.com\/en\/wp-json\/wp\/v2\/users\/6"}],"version-history":[{"count":4,"href":"https:\/\/esferareal.com\/en\/wp-json\/wp\/v2\/imovel\/7577\/revisions"}],"predecessor-version":[{"id":10449,"href":"https:\/\/esferareal.com\/en\/wp-json\/wp\/v2\/imovel\/7577\/revisions\/10449"}],"wp:featuredmedia":[{"embeddable":true,"href":"https:\/\/esferareal.com\/en\/wp-json\/wp\/v2\/media\/7508"}],"wp:attachment":[{"href":"https:\/\/esferareal.com\/en\/wp-json\/wp\/v2\/media?parent=7577"}],"wp:term":[{"taxonomy":"tipo","embeddable":true,"href":"https:\/\/esferareal.com\/en\/wp-json\/wp\/v2\/tipo?post=7577"}],"curies":[{"name":"wp","href":"https:\/\/api.w.org\/{rel}","templated":true}]}}

<!-- This site is optimized with the Yoast SEO plugin v24.4 - https://yoast.com/wordpress/plugins/seo/ -->
<title>Quinta Carvalheira - 1314 - Esfera Real</title>
<meta name="robots" content="index, follow, max-snippet:-1, max-image-preview:large, max-video-preview:-1" />
<link rel="canonical" href="https://esferareal.com/en/imovel/quinta-carvalheira-1314/" />
<meta property="og:locale" content="en_GB" />
<meta property="og:type" content="article" />
<meta property="og:title" content="Quinta Carvalheira - 1314 - Esfera Real" />
<meta property="og:description" content="Quinta com 18.280 m2 com furo artesiano, tanque reservatório de água junto à casa, e tanque natural no quintal que também confina com a linha de água de um riacho onde se poderá armazenar água durante as estações do ano mais chuvosas. A casa de habitação no rés do chão tem uma grande garagem, um [&hellip;]" />
<meta property="og:url" content="https://esferareal.com/en/imovel/quinta-carvalheira-1314/" />
<meta property="og:site_name" content="Esfera Real" />
<meta property="article:publisher" content="https://www.facebook.com/people/Esfera-Real/100057693960084/" />
<meta property="article:modified_time" content="2026-02-16T09:12:44+00:00" />
<meta property="og:image" content="https://esferareal.com/wp-content/uploads/2025/04/1-1314-Custom.jpg" />
	<meta property="og:image:width" content="667" />
	<meta property="og:image:height" content="500" />
	<meta property="og:image:type" content="image/jpeg" />
<meta name="twitter:card" content="summary_large_image" />
<meta name="twitter:label1" content="Estimated reading time" />
	<meta name="twitter:data1" content="2 minutes" />
<script type="application/ld+json" class="yoast-schema-graph">{"@context":"https://schema.org","@graph":[{"@type":"WebPage","@id":"https://esferareal.com/imovel/quinta-carvalheira-1314/","url":"https://esferareal.com/imovel/quinta-carvalheira-1314/","name":"Quinta Carvalheira - 1314 - Esfera Real","isPartOf":{"@id":"https://esferareal.com/#website"},"primaryImageOfPage":{"@id":"https://esferareal.com/imovel/quinta-carvalheira-1314/#primaryimage"},"image":{"@id":"https://esferareal.com/imovel/quinta-carvalheira-1314/#primaryimage"},"thumbnailUrl":"https://esferareal.com/wp-content/uploads/2025/04/1-1314-Custom.jpg","datePublished":"2025-04-30T15:17:48+00:00","dateModified":"2026-02-16T09:12:44+00:00","breadcrumb":{"@id":"https://esferareal.com/imovel/quinta-carvalheira-1314/#breadcrumb"},"inLanguage":"en-GB","potentialAction":[{"@type":"ReadAction","target":["https://esferareal.com/imovel/quinta-carvalheira-1314/"]}]},{"@type":"ImageObject","inLanguage":"en-GB","@id":"https://esferareal.com/imovel/quinta-carvalheira-1314/#primaryimage","url":"https://esferareal.com/wp-content/uploads/2025/04/1-1314-Custom.jpg","contentUrl":"https://esferareal.com/wp-content/uploads/2025/04/1-1314-Custom.jpg","width":667,"height":500},{"@type":"BreadcrumbList","@id":"https://esferareal.com/imovel/quinta-carvalheira-1314/#breadcrumb","itemListElement":[{"@type":"ListItem","position":1,"name":"Início","item":"https://esferareal.com/en/"},{"@type":"ListItem","position":2,"name":"Quinta Carvalheira &#8211; 1314"}]},{"@type":"WebSite","@id":"https://esferareal.com/#website","url":"https://esferareal.com/","name":"Esfera Real","description":"Mediação Imobiliária","publisher":{"@id":"https://esferareal.com/#organization"},"potentialAction":[{"@type":"SearchAction","target":{"@type":"EntryPoint","urlTemplate":"https://esferareal.com/?s={search_term_string}"},"query-input":{"@type":"PropertyValueSpecification","valueRequired":true,"valueName":"search_term_string"}}],"inLanguage":"en-GB"},{"@type":"Organization","@id":"https://esferareal.com/#organization","name":"Esfera Real Mediação Imobiliária","url":"https://esferareal.com/","logo":{"@type":"ImageObject","inLanguage":"en-GB","@id":"https://esferareal.com/#/schema/logo/image/","url":"https://esferareal.com/wp-content/uploads/2024/10/logo-esferareal300.png","contentUrl":"https://esferareal.com/wp-content/uploads/2024/10/logo-esferareal300.png","width":300,"height":221,"caption":"Esfera Real Mediação Imobiliária"},"image":{"@id":"https://esferareal.com/#/schema/logo/image/"},"sameAs":["https://www.facebook.com/people/Esfera-Real/100057693960084/","https://www.instagram.com/esferareal/","https://www.youtube.com/channel/UCYb-CPOTpF03PSyHBSoCfbA"]}]}</script>
<!-- / Yoast SEO plugin. -->

Quinta com 18.280 m2 com furo artesiano, tanque reservatório de água junto à casa, e tanque natural no quintal que também confina com a linha de água de um riacho onde se poderá armazenar água durante as estações do ano mais chuvosas. A casa de habitação no rés do chão tem uma grande garagem, um [&hellip;]

Início

Mediação Imobiliária

Esfera Real Mediação Imobiliária
