 
{"id":7712,"date":"2025-05-07T14:19:51","date_gmt":"2025-05-07T14:19:51","guid":{"rendered":"https:\/\/esferareal.com\/?post_type=imovel&#038;p=7712"},"modified":"2025-05-07T14:19:54","modified_gmt":"2025-05-07T14:19:54","slug":"casa-vila-facaia-1317","status":"publish","type":"imovel","link":"https:\/\/esferareal.com\/en\/imovel\/casa-vila-facaia-1317\/","title":{"rendered":"Casa Vila Facaia &#8211; 1317"},"content":{"rendered":"<p>House dating from the year 1936 partially restored!<\/p>\n\n\n\n<p>The house has already been restored on the outside, with new aluminium windows, doors and gates installed, and a new insulated roof installed.<\/p>\n\n\n\n<p>The entirety of its interior is unfinished and awaiting your suggestion for its division.<\/p>\n\n\n\n<p>The main house has two floors and at the back there is a small yard, storage rooms and a cellar which above it has a beautiful terrace facing west and with good sun exposure, accessible both from the first floor and from the rear patio.<\/p>\n\n\n\n<p>The house is located in Vila Facaia\u00b4s village, which has a public health centre, a private health clinic, two good and well-known restaurants the \u201cMI-Tapas and \u201cPetisqueira do Rui\u201d, a supermarket, a traditional bakery that still bakes the famous Vila Facaia\u00b4s bread in wood-fired ovens, and also a very popular clothing store.<\/p>\n\n\n\n<p>The house is already connected to the sewage network; mains water and electricity are available to be connected and fibre optic network is also available.<\/p>\n\n\n\n<p>Come visit and finish this house according to your taste!<\/p>","protected":false},"author":6,"featured_media":7675,"template":"","meta":{"_acf_changed":false,"footnotes":""},"tipo":[13],"class_list":["post-7712","imovel","type-imovel","status-publish","has-post-thumbnail","hentry","tipo-moradia"],"acf":[],"yoast_head":"<!-- This site is optimized with the Yoast SEO plugin v24.4 - https:\/\/yoast.com\/wordpress\/plugins\/seo\/ -->\n<title>Casa Vila Facaia - 1317 - Esfera Real<\/title>\n<meta name=\"robots\" content=\"index, follow, max-snippet:-1, max-image-preview:large, max-video-preview:-1\" \/>\n<link rel=\"canonical\" href=\"https:\/\/esferareal.com\/en\/imovel\/casa-vila-facaia-1317\/\" \/>\n<meta property=\"og:locale\" content=\"en_GB\" \/>\n<meta property=\"og:type\" content=\"article\" \/>\n<meta property=\"og:title\" content=\"Casa Vila Facaia - 1317 - Esfera Real\" \/>\n<meta property=\"og:description\" content=\"Casa do ano de 1936 parcialmente restaurada! A casa j\u00e1 se encontra restaurada no seu exterior, foram colocadas novas janelas, portas e port\u00f5es em alum\u00ednio, bem como um novo telhado com isolamento. Todo o seu interior encontra-se por acabar e \u00e0 espera da sua sugest\u00e3o para a divis\u00e3o do mesmo. A casa principal tem dois [&hellip;]\" \/>\n<meta property=\"og:url\" content=\"https:\/\/esferareal.com\/en\/imovel\/casa-vila-facaia-1317\/\" \/>\n<meta property=\"og:site_name\" content=\"Esfera Real\" \/>\n<meta property=\"article:publisher\" content=\"https:\/\/www.facebook.com\/people\/Esfera-Real\/100057693960084\/\" \/>\n<meta property=\"article:modified_time\" content=\"2025-05-07T14:19:54+00:00\" \/>\n<meta property=\"og:image\" content=\"https:\/\/esferareal.com\/wp-content\/uploads\/2025\/05\/1-1317-Custom.png\" \/>\n\t<meta property=\"og:image:width\" content=\"667\" \/>\n\t<meta property=\"og:image:height\" content=\"500\" \/>\n\t<meta property=\"og:image:type\" content=\"image\/png\" \/>\n<meta name=\"twitter:card\" content=\"summary_large_image\" \/>\n<meta name=\"twitter:label1\" content=\"Estimated reading time\" \/>\n\t<meta name=\"twitter:data1\" content=\"2 minutes\" \/>\n<script type=\"application\/ld+json\" class=\"yoast-schema-graph\">{\"@context\":\"https:\/\/schema.org\",\"@graph\":[{\"@type\":\"WebPage\",\"@id\":\"https:\/\/esferareal.com\/imovel\/casa-vila-facaia-1317\/\",\"url\":\"https:\/\/esferareal.com\/imovel\/casa-vila-facaia-1317\/\",\"name\":\"Casa Vila Facaia - 1317 - Esfera Real\",\"isPartOf\":{\"@id\":\"https:\/\/esferareal.com\/#website\"},\"primaryImageOfPage\":{\"@id\":\"https:\/\/esferareal.com\/imovel\/casa-vila-facaia-1317\/#primaryimage\"},\"image\":{\"@id\":\"https:\/\/esferareal.com\/imovel\/casa-vila-facaia-1317\/#primaryimage\"},\"thumbnailUrl\":\"https:\/\/esferareal.com\/wp-content\/uploads\/2025\/05\/1-1317-Custom.png\",\"datePublished\":\"2025-05-07T14:19:51+00:00\",\"dateModified\":\"2025-05-07T14:19:54+00:00\",\"breadcrumb\":{\"@id\":\"https:\/\/esferareal.com\/imovel\/casa-vila-facaia-1317\/#breadcrumb\"},\"inLanguage\":\"en-GB\",\"potentialAction\":[{\"@type\":\"ReadAction\",\"target\":[\"https:\/\/esferareal.com\/imovel\/casa-vila-facaia-1317\/\"]}]},{\"@type\":\"ImageObject\",\"inLanguage\":\"en-GB\",\"@id\":\"https:\/\/esferareal.com\/imovel\/casa-vila-facaia-1317\/#primaryimage\",\"url\":\"https:\/\/esferareal.com\/wp-content\/uploads\/2025\/05\/1-1317-Custom.png\",\"contentUrl\":\"https:\/\/esferareal.com\/wp-content\/uploads\/2025\/05\/1-1317-Custom.png\",\"width\":667,\"height\":500},{\"@type\":\"BreadcrumbList\",\"@id\":\"https:\/\/esferareal.com\/imovel\/casa-vila-facaia-1317\/#breadcrumb\",\"itemListElement\":[{\"@type\":\"ListItem\",\"position\":1,\"name\":\"In\u00edcio\",\"item\":\"https:\/\/esferareal.com\/en\/\"},{\"@type\":\"ListItem\",\"position\":2,\"name\":\"Casa Vila Facaia &#8211; 1317\"}]},{\"@type\":\"WebSite\",\"@id\":\"https:\/\/esferareal.com\/#website\",\"url\":\"https:\/\/esferareal.com\/\",\"name\":\"Esfera Real\",\"description\":\"Media\u00e7\u00e3o Imobili\u00e1ria\",\"publisher\":{\"@id\":\"https:\/\/esferareal.com\/#organization\"},\"potentialAction\":[{\"@type\":\"SearchAction\",\"target\":{\"@type\":\"EntryPoint\",\"urlTemplate\":\"https:\/\/esferareal.com\/?s={search_term_string}\"},\"query-input\":{\"@type\":\"PropertyValueSpecification\",\"valueRequired\":true,\"valueName\":\"search_term_string\"}}],\"inLanguage\":\"en-GB\"},{\"@type\":\"Organization\",\"@id\":\"https:\/\/esferareal.com\/#organization\",\"name\":\"Esfera Real Media\u00e7\u00e3o Imobili\u00e1ria\",\"url\":\"https:\/\/esferareal.com\/\",\"logo\":{\"@type\":\"ImageObject\",\"inLanguage\":\"en-GB\",\"@id\":\"https:\/\/esferareal.com\/#\/schema\/logo\/image\/\",\"url\":\"https:\/\/esferareal.com\/wp-content\/uploads\/2024\/10\/logo-esferareal300.png\",\"contentUrl\":\"https:\/\/esferareal.com\/wp-content\/uploads\/2024\/10\/logo-esferareal300.png\",\"width\":300,\"height\":221,\"caption\":\"Esfera Real Media\u00e7\u00e3o Imobili\u00e1ria\"},\"image\":{\"@id\":\"https:\/\/esferareal.com\/#\/schema\/logo\/image\/\"},\"sameAs\":[\"https:\/\/www.facebook.com\/people\/Esfera-Real\/100057693960084\/\",\"https:\/\/www.instagram.com\/esferareal\/\",\"https:\/\/www.youtube.com\/channel\/UCYb-CPOTpF03PSyHBSoCfbA\"]}]}<\/script>\n<!-- \/ Yoast SEO plugin. -->","yoast_head_json":{"title":"Casa Vila Facaia - 1317 - Esfera Real","robots":{"index":"index","follow":"follow","max-snippet":"max-snippet:-1","max-image-preview":"max-image-preview:large","max-video-preview":"max-video-preview:-1"},"canonical":"https:\/\/esferareal.com\/en\/imovel\/casa-vila-facaia-1317\/","og_locale":"en_GB","og_type":"article","og_title":"Casa Vila Facaia - 1317 - Esfera Real","og_description":"Casa do ano de 1936 parcialmente restaurada! A casa j\u00e1 se encontra restaurada no seu exterior, foram colocadas novas janelas, portas e port\u00f5es em alum\u00ednio, bem como um novo telhado com isolamento. Todo o seu interior encontra-se por acabar e \u00e0 espera da sua sugest\u00e3o para a divis\u00e3o do mesmo. A casa principal tem dois [&hellip;]","og_url":"https:\/\/esferareal.com\/en\/imovel\/casa-vila-facaia-1317\/","og_site_name":"Esfera Real","article_publisher":"https:\/\/www.facebook.com\/people\/Esfera-Real\/100057693960084\/","article_modified_time":"2025-05-07T14:19:54+00:00","og_image":[{"width":667,"height":500,"url":"https:\/\/esferareal.com\/wp-content\/uploads\/2025\/05\/1-1317-Custom.png","type":"image\/png"}],"twitter_card":"summary_large_image","twitter_misc":{"Estimated reading time":"2 minutes"},"schema":{"@context":"https:\/\/schema.org","@graph":[{"@type":"WebPage","@id":"https:\/\/esferareal.com\/imovel\/casa-vila-facaia-1317\/","url":"https:\/\/esferareal.com\/imovel\/casa-vila-facaia-1317\/","name":"Casa Vila Facaia - 1317 - Esfera Real","isPartOf":{"@id":"https:\/\/esferareal.com\/#website"},"primaryImageOfPage":{"@id":"https:\/\/esferareal.com\/imovel\/casa-vila-facaia-1317\/#primaryimage"},"image":{"@id":"https:\/\/esferareal.com\/imovel\/casa-vila-facaia-1317\/#primaryimage"},"thumbnailUrl":"https:\/\/esferareal.com\/wp-content\/uploads\/2025\/05\/1-1317-Custom.png","datePublished":"2025-05-07T14:19:51+00:00","dateModified":"2025-05-07T14:19:54+00:00","breadcrumb":{"@id":"https:\/\/esferareal.com\/imovel\/casa-vila-facaia-1317\/#breadcrumb"},"inLanguage":"en-GB","potentialAction":[{"@type":"ReadAction","target":["https:\/\/esferareal.com\/imovel\/casa-vila-facaia-1317\/"]}]},{"@type":"ImageObject","inLanguage":"en-GB","@id":"https:\/\/esferareal.com\/imovel\/casa-vila-facaia-1317\/#primaryimage","url":"https:\/\/esferareal.com\/wp-content\/uploads\/2025\/05\/1-1317-Custom.png","contentUrl":"https:\/\/esferareal.com\/wp-content\/uploads\/2025\/05\/1-1317-Custom.png","width":667,"height":500},{"@type":"BreadcrumbList","@id":"https:\/\/esferareal.com\/imovel\/casa-vila-facaia-1317\/#breadcrumb","itemListElement":[{"@type":"ListItem","position":1,"name":"In\u00edcio","item":"https:\/\/esferareal.com\/en\/"},{"@type":"ListItem","position":2,"name":"Casa Vila Facaia &#8211; 1317"}]},{"@type":"WebSite","@id":"https:\/\/esferareal.com\/#website","url":"https:\/\/esferareal.com\/","name":"Esfera Real","description":"Media\u00e7\u00e3o Imobili\u00e1ria","publisher":{"@id":"https:\/\/esferareal.com\/#organization"},"potentialAction":[{"@type":"SearchAction","target":{"@type":"EntryPoint","urlTemplate":"https:\/\/esferareal.com\/?s={search_term_string}"},"query-input":{"@type":"PropertyValueSpecification","valueRequired":true,"valueName":"search_term_string"}}],"inLanguage":"en-GB"},{"@type":"Organization","@id":"https:\/\/esferareal.com\/#organization","name":"Esfera Real Media\u00e7\u00e3o Imobili\u00e1ria","url":"https:\/\/esferareal.com\/","logo":{"@type":"ImageObject","inLanguage":"en-GB","@id":"https:\/\/esferareal.com\/#\/schema\/logo\/image\/","url":"https:\/\/esferareal.com\/wp-content\/uploads\/2024\/10\/logo-esferareal300.png","contentUrl":"https:\/\/esferareal.com\/wp-content\/uploads\/2024\/10\/logo-esferareal300.png","width":300,"height":221,"caption":"Esfera Real Media\u00e7\u00e3o Imobili\u00e1ria"},"image":{"@id":"https:\/\/esferareal.com\/#\/schema\/logo\/image\/"},"sameAs":["https:\/\/www.facebook.com\/people\/Esfera-Real\/100057693960084\/","https:\/\/www.instagram.com\/esferareal\/","https:\/\/www.youtube.com\/channel\/UCYb-CPOTpF03PSyHBSoCfbA"]}]}},"_links":{"self":[{"href":"https:\/\/esferareal.com\/en\/wp-json\/wp\/v2\/imovel\/7712","targetHints":{"allow":["GET"]}}],"collection":[{"href":"https:\/\/esferareal.com\/en\/wp-json\/wp\/v2\/imovel"}],"about":[{"href":"https:\/\/esferareal.com\/en\/wp-json\/wp\/v2\/types\/imovel"}],"author":[{"embeddable":true,"href":"https:\/\/esferareal.com\/en\/wp-json\/wp\/v2\/users\/6"}],"version-history":[{"count":1,"href":"https:\/\/esferareal.com\/en\/wp-json\/wp\/v2\/imovel\/7712\/revisions"}],"predecessor-version":[{"id":7713,"href":"https:\/\/esferareal.com\/en\/wp-json\/wp\/v2\/imovel\/7712\/revisions\/7713"}],"wp:featuredmedia":[{"embeddable":true,"href":"https:\/\/esferareal.com\/en\/wp-json\/wp\/v2\/media\/7675"}],"wp:attachment":[{"href":"https:\/\/esferareal.com\/en\/wp-json\/wp\/v2\/media?parent=7712"}],"wp:term":[{"taxonomy":"tipo","embeddable":true,"href":"https:\/\/esferareal.com\/en\/wp-json\/wp\/v2\/tipo?post=7712"}],"curies":[{"name":"wp","href":"https:\/\/api.w.org\/{rel}","templated":true}]}}

<!-- This site is optimized with the Yoast SEO plugin v24.4 - https://yoast.com/wordpress/plugins/seo/ -->
<title>Casa Vila Facaia - 1317 - Esfera Real</title>
<meta name="robots" content="index, follow, max-snippet:-1, max-image-preview:large, max-video-preview:-1" />
<link rel="canonical" href="https://esferareal.com/en/imovel/casa-vila-facaia-1317/" />
<meta property="og:locale" content="en_GB" />
<meta property="og:type" content="article" />
<meta property="og:title" content="Casa Vila Facaia - 1317 - Esfera Real" />
<meta property="og:description" content="Casa do ano de 1936 parcialmente restaurada! A casa já se encontra restaurada no seu exterior, foram colocadas novas janelas, portas e portões em alumínio, bem como um novo telhado com isolamento. Todo o seu interior encontra-se por acabar e à espera da sua sugestão para a divisão do mesmo. A casa principal tem dois [&hellip;]" />
<meta property="og:url" content="https://esferareal.com/en/imovel/casa-vila-facaia-1317/" />
<meta property="og:site_name" content="Esfera Real" />
<meta property="article:publisher" content="https://www.facebook.com/people/Esfera-Real/100057693960084/" />
<meta property="article:modified_time" content="2025-05-07T14:19:54+00:00" />
<meta property="og:image" content="https://esferareal.com/wp-content/uploads/2025/05/1-1317-Custom.png" />
	<meta property="og:image:width" content="667" />
	<meta property="og:image:height" content="500" />
	<meta property="og:image:type" content="image/png" />
<meta name="twitter:card" content="summary_large_image" />
<meta name="twitter:label1" content="Estimated reading time" />
	<meta name="twitter:data1" content="2 minutes" />
<script type="application/ld+json" class="yoast-schema-graph">{"@context":"https://schema.org","@graph":[{"@type":"WebPage","@id":"https://esferareal.com/imovel/casa-vila-facaia-1317/","url":"https://esferareal.com/imovel/casa-vila-facaia-1317/","name":"Casa Vila Facaia - 1317 - Esfera Real","isPartOf":{"@id":"https://esferareal.com/#website"},"primaryImageOfPage":{"@id":"https://esferareal.com/imovel/casa-vila-facaia-1317/#primaryimage"},"image":{"@id":"https://esferareal.com/imovel/casa-vila-facaia-1317/#primaryimage"},"thumbnailUrl":"https://esferareal.com/wp-content/uploads/2025/05/1-1317-Custom.png","datePublished":"2025-05-07T14:19:51+00:00","dateModified":"2025-05-07T14:19:54+00:00","breadcrumb":{"@id":"https://esferareal.com/imovel/casa-vila-facaia-1317/#breadcrumb"},"inLanguage":"en-GB","potentialAction":[{"@type":"ReadAction","target":["https://esferareal.com/imovel/casa-vila-facaia-1317/"]}]},{"@type":"ImageObject","inLanguage":"en-GB","@id":"https://esferareal.com/imovel/casa-vila-facaia-1317/#primaryimage","url":"https://esferareal.com/wp-content/uploads/2025/05/1-1317-Custom.png","contentUrl":"https://esferareal.com/wp-content/uploads/2025/05/1-1317-Custom.png","width":667,"height":500},{"@type":"BreadcrumbList","@id":"https://esferareal.com/imovel/casa-vila-facaia-1317/#breadcrumb","itemListElement":[{"@type":"ListItem","position":1,"name":"Início","item":"https://esferareal.com/en/"},{"@type":"ListItem","position":2,"name":"Casa Vila Facaia &#8211; 1317"}]},{"@type":"WebSite","@id":"https://esferareal.com/#website","url":"https://esferareal.com/","name":"Esfera Real","description":"Mediação Imobiliária","publisher":{"@id":"https://esferareal.com/#organization"},"potentialAction":[{"@type":"SearchAction","target":{"@type":"EntryPoint","urlTemplate":"https://esferareal.com/?s={search_term_string}"},"query-input":{"@type":"PropertyValueSpecification","valueRequired":true,"valueName":"search_term_string"}}],"inLanguage":"en-GB"},{"@type":"Organization","@id":"https://esferareal.com/#organization","name":"Esfera Real Mediação Imobiliária","url":"https://esferareal.com/","logo":{"@type":"ImageObject","inLanguage":"en-GB","@id":"https://esferareal.com/#/schema/logo/image/","url":"https://esferareal.com/wp-content/uploads/2024/10/logo-esferareal300.png","contentUrl":"https://esferareal.com/wp-content/uploads/2024/10/logo-esferareal300.png","width":300,"height":221,"caption":"Esfera Real Mediação Imobiliária"},"image":{"@id":"https://esferareal.com/#/schema/logo/image/"},"sameAs":["https://www.facebook.com/people/Esfera-Real/100057693960084/","https://www.instagram.com/esferareal/","https://www.youtube.com/channel/UCYb-CPOTpF03PSyHBSoCfbA"]}]}</script>
<!-- / Yoast SEO plugin. -->

Casa do ano de 1936 parcialmente restaurada! A casa já se encontra restaurada no seu exterior, foram colocadas novas janelas, portas e portões em alumínio, bem como um novo telhado com isolamento. Todo o seu interior encontra-se por acabar e à espera da sua sugestão para a divisão do mesmo. A casa principal tem dois [&hellip;]

Início

Mediação Imobiliária

Esfera Real Mediação Imobiliária
