 
{"id":7952,"date":"2025-05-21T09:54:46","date_gmt":"2025-05-21T09:54:46","guid":{"rendered":"https:\/\/esferareal.com\/?post_type=imovel&#038;p=7952"},"modified":"2025-07-16T17:28:53","modified_gmt":"2025-07-16T17:28:53","slug":"casa-fonte-dos-sapos-1315","status":"publish","type":"imovel","link":"https:\/\/esferareal.com\/en\/imovel\/casa-fonte-dos-sapos-1315\/","title":{"rendered":"Casa Fonte dos Sapos &#8211; 1315"},"content":{"rendered":"<p>2-bedroom habitation house, ready to move in and with pieces of land, located on a very peaceful village and with excellent solar exposure and sights!<br>This sale includes 2 more urban articles and 7 rustic articles located in proximity, but not bordering the house, being an interesting complement for small scale sustenance agriculture.<\/p>\n\n\n\n<p>The house has an equipped kitchen, a living room, 2 bedrooms and a bathroom and, despite having conditions to live in, there may be a need for some cosmetic and modernization works.<br>The furniture can be part of this deal depending on the negotiation.<\/p>\n\n\n\n<p>Going down to the ground floor through a stair case in the back, we find a patio paved with marble, facing east, on which we find a basement, 2 spaces used as workshops, a traditional wine cellar and a multipurpose room for storage or for one more bedroom.<\/p>\n\n\n\n<p>Structure wise, the house is in good state, namely concerning the roof and woods. It has 154 sqm of gross construction area, so each floor measures 77 sqm.<\/p>\n\n\n\n<p>Outside the house there\u00b4s a plot with a total area of 395 sqm; on the opposite side there\u00b4s a garden with annexes for a variety of uses, which include a BBQ, a bread oven and coops to keep small sized animals. There are also small pieces of land for agriculture and fruit trees.<\/p>\n\n\n\n<p>The property is located on a dead-end tarmac road, guaranteeing lots of peace, privacy and easy parking, since there\u00b4s no traffic.<\/p>\n\n\n\n<p>On the other side of the path, we find 2 urban articles: one of which is a building for agriculture support with 19 sqm and a plot of land, with a total of 220 sqm; the other one is a space to keep small animals, with 45 sqm, also coming with a plot of land with 594 sqm.<\/p>\n\n\n\n<p>Nearby there are 7 rustic articles, 4 of which with arable soil perfect for agriculture and 3 others comprising of forest with a total of 3500 sqm.<\/p>\n\n\n\n<p>The village of Fonte dos Sapos is extremely peaceful and quiet, belonging to the parish of Alvares, where you find basic services, like restaurants, and a river beach!<\/p>\n\n\n\n<p>At 3 minutes away by car you\u00b4d have reached Mega Fundeira\u00b4s river beach, which you can see in the last 2 pictures.<\/p>\n\n\n\n<p>It\u00b4s located at 10 or 15 minutes away from the town of Pedr\u00f3g\u00e3o Grande, also with a variety of services and amenities, interesting monuments, trails and landscapes worthy of being discovered and contemplated.<\/p>\n\n\n\n<p>Come check it out!<\/p>","protected":false},"author":3,"featured_media":7915,"template":"","meta":{"_acf_changed":false,"footnotes":""},"tipo":[15,13],"class_list":["post-7952","imovel","type-imovel","status-publish","has-post-thumbnail","hentry","tipo-casa-rustica","tipo-moradia"],"acf":[],"yoast_head":"<!-- This site is optimized with the Yoast SEO plugin v24.4 - https:\/\/yoast.com\/wordpress\/plugins\/seo\/ -->\n<title>Casa Fonte dos Sapos - 1315 - Esfera Real<\/title>\n<meta name=\"robots\" content=\"index, follow, max-snippet:-1, max-image-preview:large, max-video-preview:-1\" \/>\n<link rel=\"canonical\" href=\"https:\/\/esferareal.com\/en\/imovel\/casa-fonte-dos-sapos-1315\/\" \/>\n<meta property=\"og:locale\" content=\"en_GB\" \/>\n<meta property=\"og:type\" content=\"article\" \/>\n<meta property=\"og:title\" content=\"Casa Fonte dos Sapos - 1315 - Esfera Real\" \/>\n<meta property=\"og:description\" content=\"Casa de habita\u00e7\u00e3o com 2 quartos, pronta a habitar e com logradouros, localizada numa aldeia muito tranquila e com exposi\u00e7\u00e3o solar e vistas de excel\u00eancia!Esta venda inclui ainda mais 2 pr\u00e9dios urbanos e 7 r\u00fasticos localizados nas imedia\u00e7\u00f5es, mas n\u00e3o confinantes com a casa, sendo um complemento interessante para pequena agricultura de subsist\u00eancia. A casa [&hellip;]\" \/>\n<meta property=\"og:url\" content=\"https:\/\/esferareal.com\/en\/imovel\/casa-fonte-dos-sapos-1315\/\" \/>\n<meta property=\"og:site_name\" content=\"Esfera Real\" \/>\n<meta property=\"article:publisher\" content=\"https:\/\/www.facebook.com\/people\/Esfera-Real\/100057693960084\/\" \/>\n<meta property=\"article:modified_time\" content=\"2025-07-16T17:28:53+00:00\" \/>\n<meta property=\"og:image\" content=\"https:\/\/esferareal.com\/wp-content\/uploads\/2025\/05\/1-1315-Custom.jpg\" \/>\n\t<meta property=\"og:image:width\" content=\"667\" \/>\n\t<meta property=\"og:image:height\" content=\"500\" \/>\n\t<meta property=\"og:image:type\" content=\"image\/jpeg\" \/>\n<meta name=\"twitter:card\" content=\"summary_large_image\" \/>\n<meta name=\"twitter:label1\" content=\"Estimated reading time\" \/>\n\t<meta name=\"twitter:data1\" content=\"3 minutes\" \/>\n<script type=\"application\/ld+json\" class=\"yoast-schema-graph\">{\"@context\":\"https:\/\/schema.org\",\"@graph\":[{\"@type\":\"WebPage\",\"@id\":\"https:\/\/esferareal.com\/imovel\/casa-fonte-dos-sapos-1315\/\",\"url\":\"https:\/\/esferareal.com\/imovel\/casa-fonte-dos-sapos-1315\/\",\"name\":\"Casa Fonte dos Sapos - 1315 - Esfera Real\",\"isPartOf\":{\"@id\":\"https:\/\/esferareal.com\/#website\"},\"primaryImageOfPage\":{\"@id\":\"https:\/\/esferareal.com\/imovel\/casa-fonte-dos-sapos-1315\/#primaryimage\"},\"image\":{\"@id\":\"https:\/\/esferareal.com\/imovel\/casa-fonte-dos-sapos-1315\/#primaryimage\"},\"thumbnailUrl\":\"https:\/\/esferareal.com\/wp-content\/uploads\/2025\/05\/1-1315-Custom.jpg\",\"datePublished\":\"2025-05-21T09:54:46+00:00\",\"dateModified\":\"2025-07-16T17:28:53+00:00\",\"breadcrumb\":{\"@id\":\"https:\/\/esferareal.com\/imovel\/casa-fonte-dos-sapos-1315\/#breadcrumb\"},\"inLanguage\":\"en-GB\",\"potentialAction\":[{\"@type\":\"ReadAction\",\"target\":[\"https:\/\/esferareal.com\/imovel\/casa-fonte-dos-sapos-1315\/\"]}]},{\"@type\":\"ImageObject\",\"inLanguage\":\"en-GB\",\"@id\":\"https:\/\/esferareal.com\/imovel\/casa-fonte-dos-sapos-1315\/#primaryimage\",\"url\":\"https:\/\/esferareal.com\/wp-content\/uploads\/2025\/05\/1-1315-Custom.jpg\",\"contentUrl\":\"https:\/\/esferareal.com\/wp-content\/uploads\/2025\/05\/1-1315-Custom.jpg\",\"width\":667,\"height\":500,\"caption\":\"default\"},{\"@type\":\"BreadcrumbList\",\"@id\":\"https:\/\/esferareal.com\/imovel\/casa-fonte-dos-sapos-1315\/#breadcrumb\",\"itemListElement\":[{\"@type\":\"ListItem\",\"position\":1,\"name\":\"In\u00edcio\",\"item\":\"https:\/\/esferareal.com\/en\/\"},{\"@type\":\"ListItem\",\"position\":2,\"name\":\"Casa Fonte dos Sapos &#8211; 1315\"}]},{\"@type\":\"WebSite\",\"@id\":\"https:\/\/esferareal.com\/#website\",\"url\":\"https:\/\/esferareal.com\/\",\"name\":\"Esfera Real\",\"description\":\"Media\u00e7\u00e3o Imobili\u00e1ria\",\"publisher\":{\"@id\":\"https:\/\/esferareal.com\/#organization\"},\"potentialAction\":[{\"@type\":\"SearchAction\",\"target\":{\"@type\":\"EntryPoint\",\"urlTemplate\":\"https:\/\/esferareal.com\/?s={search_term_string}\"},\"query-input\":{\"@type\":\"PropertyValueSpecification\",\"valueRequired\":true,\"valueName\":\"search_term_string\"}}],\"inLanguage\":\"en-GB\"},{\"@type\":\"Organization\",\"@id\":\"https:\/\/esferareal.com\/#organization\",\"name\":\"Esfera Real Media\u00e7\u00e3o Imobili\u00e1ria\",\"url\":\"https:\/\/esferareal.com\/\",\"logo\":{\"@type\":\"ImageObject\",\"inLanguage\":\"en-GB\",\"@id\":\"https:\/\/esferareal.com\/#\/schema\/logo\/image\/\",\"url\":\"https:\/\/esferareal.com\/wp-content\/uploads\/2024\/10\/logo-esferareal300.png\",\"contentUrl\":\"https:\/\/esferareal.com\/wp-content\/uploads\/2024\/10\/logo-esferareal300.png\",\"width\":300,\"height\":221,\"caption\":\"Esfera Real Media\u00e7\u00e3o Imobili\u00e1ria\"},\"image\":{\"@id\":\"https:\/\/esferareal.com\/#\/schema\/logo\/image\/\"},\"sameAs\":[\"https:\/\/www.facebook.com\/people\/Esfera-Real\/100057693960084\/\",\"https:\/\/www.instagram.com\/esferareal\/\",\"https:\/\/www.youtube.com\/channel\/UCYb-CPOTpF03PSyHBSoCfbA\"]}]}<\/script>\n<!-- \/ Yoast SEO plugin. -->","yoast_head_json":{"title":"Casa Fonte dos Sapos - 1315 - Esfera Real","robots":{"index":"index","follow":"follow","max-snippet":"max-snippet:-1","max-image-preview":"max-image-preview:large","max-video-preview":"max-video-preview:-1"},"canonical":"https:\/\/esferareal.com\/en\/imovel\/casa-fonte-dos-sapos-1315\/","og_locale":"en_GB","og_type":"article","og_title":"Casa Fonte dos Sapos - 1315 - Esfera Real","og_description":"Casa de habita\u00e7\u00e3o com 2 quartos, pronta a habitar e com logradouros, localizada numa aldeia muito tranquila e com exposi\u00e7\u00e3o solar e vistas de excel\u00eancia!Esta venda inclui ainda mais 2 pr\u00e9dios urbanos e 7 r\u00fasticos localizados nas imedia\u00e7\u00f5es, mas n\u00e3o confinantes com a casa, sendo um complemento interessante para pequena agricultura de subsist\u00eancia. A casa [&hellip;]","og_url":"https:\/\/esferareal.com\/en\/imovel\/casa-fonte-dos-sapos-1315\/","og_site_name":"Esfera Real","article_publisher":"https:\/\/www.facebook.com\/people\/Esfera-Real\/100057693960084\/","article_modified_time":"2025-07-16T17:28:53+00:00","og_image":[{"width":667,"height":500,"url":"https:\/\/esferareal.com\/wp-content\/uploads\/2025\/05\/1-1315-Custom.jpg","type":"image\/jpeg"}],"twitter_card":"summary_large_image","twitter_misc":{"Estimated reading time":"3 minutes"},"schema":{"@context":"https:\/\/schema.org","@graph":[{"@type":"WebPage","@id":"https:\/\/esferareal.com\/imovel\/casa-fonte-dos-sapos-1315\/","url":"https:\/\/esferareal.com\/imovel\/casa-fonte-dos-sapos-1315\/","name":"Casa Fonte dos Sapos - 1315 - Esfera Real","isPartOf":{"@id":"https:\/\/esferareal.com\/#website"},"primaryImageOfPage":{"@id":"https:\/\/esferareal.com\/imovel\/casa-fonte-dos-sapos-1315\/#primaryimage"},"image":{"@id":"https:\/\/esferareal.com\/imovel\/casa-fonte-dos-sapos-1315\/#primaryimage"},"thumbnailUrl":"https:\/\/esferareal.com\/wp-content\/uploads\/2025\/05\/1-1315-Custom.jpg","datePublished":"2025-05-21T09:54:46+00:00","dateModified":"2025-07-16T17:28:53+00:00","breadcrumb":{"@id":"https:\/\/esferareal.com\/imovel\/casa-fonte-dos-sapos-1315\/#breadcrumb"},"inLanguage":"en-GB","potentialAction":[{"@type":"ReadAction","target":["https:\/\/esferareal.com\/imovel\/casa-fonte-dos-sapos-1315\/"]}]},{"@type":"ImageObject","inLanguage":"en-GB","@id":"https:\/\/esferareal.com\/imovel\/casa-fonte-dos-sapos-1315\/#primaryimage","url":"https:\/\/esferareal.com\/wp-content\/uploads\/2025\/05\/1-1315-Custom.jpg","contentUrl":"https:\/\/esferareal.com\/wp-content\/uploads\/2025\/05\/1-1315-Custom.jpg","width":667,"height":500,"caption":"default"},{"@type":"BreadcrumbList","@id":"https:\/\/esferareal.com\/imovel\/casa-fonte-dos-sapos-1315\/#breadcrumb","itemListElement":[{"@type":"ListItem","position":1,"name":"In\u00edcio","item":"https:\/\/esferareal.com\/en\/"},{"@type":"ListItem","position":2,"name":"Casa Fonte dos Sapos &#8211; 1315"}]},{"@type":"WebSite","@id":"https:\/\/esferareal.com\/#website","url":"https:\/\/esferareal.com\/","name":"Esfera Real","description":"Media\u00e7\u00e3o Imobili\u00e1ria","publisher":{"@id":"https:\/\/esferareal.com\/#organization"},"potentialAction":[{"@type":"SearchAction","target":{"@type":"EntryPoint","urlTemplate":"https:\/\/esferareal.com\/?s={search_term_string}"},"query-input":{"@type":"PropertyValueSpecification","valueRequired":true,"valueName":"search_term_string"}}],"inLanguage":"en-GB"},{"@type":"Organization","@id":"https:\/\/esferareal.com\/#organization","name":"Esfera Real Media\u00e7\u00e3o Imobili\u00e1ria","url":"https:\/\/esferareal.com\/","logo":{"@type":"ImageObject","inLanguage":"en-GB","@id":"https:\/\/esferareal.com\/#\/schema\/logo\/image\/","url":"https:\/\/esferareal.com\/wp-content\/uploads\/2024\/10\/logo-esferareal300.png","contentUrl":"https:\/\/esferareal.com\/wp-content\/uploads\/2024\/10\/logo-esferareal300.png","width":300,"height":221,"caption":"Esfera Real Media\u00e7\u00e3o Imobili\u00e1ria"},"image":{"@id":"https:\/\/esferareal.com\/#\/schema\/logo\/image\/"},"sameAs":["https:\/\/www.facebook.com\/people\/Esfera-Real\/100057693960084\/","https:\/\/www.instagram.com\/esferareal\/","https:\/\/www.youtube.com\/channel\/UCYb-CPOTpF03PSyHBSoCfbA"]}]}},"_links":{"self":[{"href":"https:\/\/esferareal.com\/en\/wp-json\/wp\/v2\/imovel\/7952","targetHints":{"allow":["GET"]}}],"collection":[{"href":"https:\/\/esferareal.com\/en\/wp-json\/wp\/v2\/imovel"}],"about":[{"href":"https:\/\/esferareal.com\/en\/wp-json\/wp\/v2\/types\/imovel"}],"author":[{"embeddable":true,"href":"https:\/\/esferareal.com\/en\/wp-json\/wp\/v2\/users\/3"}],"version-history":[{"count":3,"href":"https:\/\/esferareal.com\/en\/wp-json\/wp\/v2\/imovel\/7952\/revisions"}],"predecessor-version":[{"id":8611,"href":"https:\/\/esferareal.com\/en\/wp-json\/wp\/v2\/imovel\/7952\/revisions\/8611"}],"wp:featuredmedia":[{"embeddable":true,"href":"https:\/\/esferareal.com\/en\/wp-json\/wp\/v2\/media\/7915"}],"wp:attachment":[{"href":"https:\/\/esferareal.com\/en\/wp-json\/wp\/v2\/media?parent=7952"}],"wp:term":[{"taxonomy":"tipo","embeddable":true,"href":"https:\/\/esferareal.com\/en\/wp-json\/wp\/v2\/tipo?post=7952"}],"curies":[{"name":"wp","href":"https:\/\/api.w.org\/{rel}","templated":true}]}}

<p>2-bedroom habitation house, ready to move in and with pieces of land, located on a very peaceful village and with excellent solar exposure and sights!<br>This sale includes 2 more urban articles and 7 rustic articles located in proximity, but not bordering the house, being an interesting complement for small scale sustenance agriculture.</p>



<p>The house has an equipped kitchen, a living room, 2 bedrooms and a bathroom and, despite having conditions to live in, there may be a need for some cosmetic and modernization works.<br>The furniture can be part of this deal depending on the negotiation.</p>



<p>Going down to the ground floor through a stair case in the back, we find a patio paved with marble, facing east, on which we find a basement, 2 spaces used as workshops, a traditional wine cellar and a multipurpose room for storage or for one more bedroom.</p>



<p>Structure wise, the house is in good state, namely concerning the roof and woods. It has 154 sqm of gross construction area, so each floor measures 77 sqm.</p>



<p>Outside the house there´s a plot with a total area of 395 sqm; on the opposite side there´s a garden with annexes for a variety of uses, which include a BBQ, a bread oven and coops to keep small sized animals. There are also small pieces of land for agriculture and fruit trees.</p>



<p>The property is located on a dead-end tarmac road, guaranteeing lots of peace, privacy and easy parking, since there´s no traffic.</p>



<p>On the other side of the path, we find 2 urban articles: one of which is a building for agriculture support with 19 sqm and a plot of land, with a total of 220 sqm; the other one is a space to keep small animals, with 45 sqm, also coming with a plot of land with 594 sqm.</p>



<p>Nearby there are 7 rustic articles, 4 of which with arable soil perfect for agriculture and 3 others comprising of forest with a total of 3500 sqm.</p>



<p>The village of Fonte dos Sapos is extremely peaceful and quiet, belonging to the parish of Alvares, where you find basic services, like restaurants, and a river beach!</p>



<p>At 3 minutes away by car you´d have reached Mega Fundeira´s river beach, which you can see in the last 2 pictures.</p>



<p>It´s located at 10 or 15 minutes away from the town of Pedrógão Grande, also with a variety of services and amenities, interesting monuments, trails and landscapes worthy of being discovered and contemplated.</p>



<p>Come check it out!</p>

<!-- This site is optimized with the Yoast SEO plugin v24.4 - https://yoast.com/wordpress/plugins/seo/ -->
<title>Casa Fonte dos Sapos - 1315 - Esfera Real</title>
<meta name="robots" content="index, follow, max-snippet:-1, max-image-preview:large, max-video-preview:-1" />
<link rel="canonical" href="https://esferareal.com/en/imovel/casa-fonte-dos-sapos-1315/" />
<meta property="og:locale" content="en_GB" />
<meta property="og:type" content="article" />
<meta property="og:title" content="Casa Fonte dos Sapos - 1315 - Esfera Real" />
<meta property="og:description" content="Casa de habitação com 2 quartos, pronta a habitar e com logradouros, localizada numa aldeia muito tranquila e com exposição solar e vistas de excelência!Esta venda inclui ainda mais 2 prédios urbanos e 7 rústicos localizados nas imediações, mas não confinantes com a casa, sendo um complemento interessante para pequena agricultura de subsistência. A casa [&hellip;]" />
<meta property="og:url" content="https://esferareal.com/en/imovel/casa-fonte-dos-sapos-1315/" />
<meta property="og:site_name" content="Esfera Real" />
<meta property="article:publisher" content="https://www.facebook.com/people/Esfera-Real/100057693960084/" />
<meta property="article:modified_time" content="2025-07-16T17:28:53+00:00" />
<meta property="og:image" content="https://esferareal.com/wp-content/uploads/2025/05/1-1315-Custom.jpg" />
	<meta property="og:image:width" content="667" />
	<meta property="og:image:height" content="500" />
	<meta property="og:image:type" content="image/jpeg" />
<meta name="twitter:card" content="summary_large_image" />
<meta name="twitter:label1" content="Estimated reading time" />
	<meta name="twitter:data1" content="3 minutes" />
<script type="application/ld+json" class="yoast-schema-graph">{"@context":"https://schema.org","@graph":[{"@type":"WebPage","@id":"https://esferareal.com/imovel/casa-fonte-dos-sapos-1315/","url":"https://esferareal.com/imovel/casa-fonte-dos-sapos-1315/","name":"Casa Fonte dos Sapos - 1315 - Esfera Real","isPartOf":{"@id":"https://esferareal.com/#website"},"primaryImageOfPage":{"@id":"https://esferareal.com/imovel/casa-fonte-dos-sapos-1315/#primaryimage"},"image":{"@id":"https://esferareal.com/imovel/casa-fonte-dos-sapos-1315/#primaryimage"},"thumbnailUrl":"https://esferareal.com/wp-content/uploads/2025/05/1-1315-Custom.jpg","datePublished":"2025-05-21T09:54:46+00:00","dateModified":"2025-07-16T17:28:53+00:00","breadcrumb":{"@id":"https://esferareal.com/imovel/casa-fonte-dos-sapos-1315/#breadcrumb"},"inLanguage":"en-GB","potentialAction":[{"@type":"ReadAction","target":["https://esferareal.com/imovel/casa-fonte-dos-sapos-1315/"]}]},{"@type":"ImageObject","inLanguage":"en-GB","@id":"https://esferareal.com/imovel/casa-fonte-dos-sapos-1315/#primaryimage","url":"https://esferareal.com/wp-content/uploads/2025/05/1-1315-Custom.jpg","contentUrl":"https://esferareal.com/wp-content/uploads/2025/05/1-1315-Custom.jpg","width":667,"height":500,"caption":"default"},{"@type":"BreadcrumbList","@id":"https://esferareal.com/imovel/casa-fonte-dos-sapos-1315/#breadcrumb","itemListElement":[{"@type":"ListItem","position":1,"name":"Início","item":"https://esferareal.com/en/"},{"@type":"ListItem","position":2,"name":"Casa Fonte dos Sapos &#8211; 1315"}]},{"@type":"WebSite","@id":"https://esferareal.com/#website","url":"https://esferareal.com/","name":"Esfera Real","description":"Mediação Imobiliária","publisher":{"@id":"https://esferareal.com/#organization"},"potentialAction":[{"@type":"SearchAction","target":{"@type":"EntryPoint","urlTemplate":"https://esferareal.com/?s={search_term_string}"},"query-input":{"@type":"PropertyValueSpecification","valueRequired":true,"valueName":"search_term_string"}}],"inLanguage":"en-GB"},{"@type":"Organization","@id":"https://esferareal.com/#organization","name":"Esfera Real Mediação Imobiliária","url":"https://esferareal.com/","logo":{"@type":"ImageObject","inLanguage":"en-GB","@id":"https://esferareal.com/#/schema/logo/image/","url":"https://esferareal.com/wp-content/uploads/2024/10/logo-esferareal300.png","contentUrl":"https://esferareal.com/wp-content/uploads/2024/10/logo-esferareal300.png","width":300,"height":221,"caption":"Esfera Real Mediação Imobiliária"},"image":{"@id":"https://esferareal.com/#/schema/logo/image/"},"sameAs":["https://www.facebook.com/people/Esfera-Real/100057693960084/","https://www.instagram.com/esferareal/","https://www.youtube.com/channel/UCYb-CPOTpF03PSyHBSoCfbA"]}]}</script>
<!-- / Yoast SEO plugin. -->

Casa de habitação com 2 quartos, pronta a habitar e com logradouros, localizada numa aldeia muito tranquila e com exposição solar e vistas de excelência!Esta venda inclui ainda mais 2 prédios urbanos e 7 rústicos localizados nas imediações, mas não confinantes com a casa, sendo um complemento interessante para pequena agricultura de subsistência. A casa [&hellip;]

Início

Mediação Imobiliária

Esfera Real Mediação Imobiliária
