 
{"id":9368,"date":"2025-09-16T15:42:23","date_gmt":"2025-09-16T15:42:23","guid":{"rendered":"https:\/\/esferareal.com\/?post_type=imovel&#038;p=9368"},"modified":"2025-09-16T15:54:26","modified_gmt":"2025-09-16T15:54:26","slug":"casas-venda-da-gaita-1349","status":"publish","type":"imovel","link":"https:\/\/esferareal.com\/en\/imovel\/casas-venda-da-gaita-1349\/","title":{"rendered":"Casas Venda da Gaita &#8211; 1349"},"content":{"rendered":"<p>Two old houses to restore, with independent registrations but available for joint sale, located in the village of Venda da Gaita, in the parish and municipality of Pedr\u00f3g\u00e3o Grande!<\/p>\n\n\n\n<p>&nbsp;The properties already have access to electricity and mains water, with only the installation of new septic tanks required, as there is no connection to the public sewage system.<\/p>\n\n\n\n<p>This is an excellent opportunity to renovate two small houses or, alternatively, combine them into a larger home, ideal either as a permanent residence or as a holiday retreat, taking advantage of the proximity to several river beaches and the rivers Z\u00eazere and Unhais.<br>Another key highlight is the location, as the village is situated right in front of the iconic National Road N2, Portugal\u2019s most touristic route, stretching from Chaves to Faro and attracting visitors from all over the country!<\/p>\n\n\n\n<p>The current owners also have an older project designed for one of the houses, which can be made available to interested buyers.<\/p>\n\n\n\n<p>Schedule your visit today and discover the full potential of these two properties in Pedr\u00f3g\u00e3o Grande!<\/p>","protected":false},"author":6,"featured_media":9336,"template":"","meta":{"_acf_changed":false,"footnotes":""},"tipo":[4,15,13],"class_list":["post-9368","imovel","type-imovel","status-publish","has-post-thumbnail","hentry","tipo-casa-de-pedra","tipo-casa-rustica","tipo-moradia"],"acf":[],"yoast_head":"<!-- This site is optimized with the Yoast SEO plugin v24.4 - https:\/\/yoast.com\/wordpress\/plugins\/seo\/ -->\n<title>Casas Venda da Gaita - 1349 - Esfera Real<\/title>\n<meta name=\"robots\" content=\"index, follow, max-snippet:-1, max-image-preview:large, max-video-preview:-1\" \/>\n<link rel=\"canonical\" href=\"https:\/\/esferareal.com\/en\/imovel\/casas-venda-da-gaita-1349\/\" \/>\n<meta property=\"og:locale\" content=\"en_GB\" \/>\n<meta property=\"og:type\" content=\"article\" \/>\n<meta property=\"og:title\" content=\"Casas Venda da Gaita - 1349 - Esfera Real\" \/>\n<meta property=\"og:description\" content=\"Duas casas antigas para restaurar, com registos independentes, mas dispon\u00edveis para venda em conjunto, localizadas na aldeia da Venda da Gaita, freguesia e concelho de Pedr\u00f3g\u00e3o Grande! &nbsp;As propriedades contam com eletricidade e \u00e1gua da rede j\u00e1 dispon\u00edveis, sendo apenas necess\u00e1rio instalar fossas s\u00e9pticas novas, uma vez que n\u00e3o existe liga\u00e7\u00e3o aos esgotos p\u00fablicos. Trata-se [&hellip;]\" \/>\n<meta property=\"og:url\" content=\"https:\/\/esferareal.com\/en\/imovel\/casas-venda-da-gaita-1349\/\" \/>\n<meta property=\"og:site_name\" content=\"Esfera Real\" \/>\n<meta property=\"article:publisher\" content=\"https:\/\/www.facebook.com\/people\/Esfera-Real\/100057693960084\/\" \/>\n<meta property=\"article:modified_time\" content=\"2025-09-16T15:54:26+00:00\" \/>\n<meta property=\"og:image\" content=\"https:\/\/esferareal.com\/wp-content\/uploads\/2025\/09\/1-1349-Medium.jpg\" \/>\n\t<meta property=\"og:image:width\" content=\"1024\" \/>\n\t<meta property=\"og:image:height\" content=\"768\" \/>\n\t<meta property=\"og:image:type\" content=\"image\/jpeg\" \/>\n<meta name=\"twitter:card\" content=\"summary_large_image\" \/>\n<meta name=\"twitter:label1\" content=\"Estimated reading time\" \/>\n\t<meta name=\"twitter:data1\" content=\"2 minutes\" \/>\n<script type=\"application\/ld+json\" class=\"yoast-schema-graph\">{\"@context\":\"https:\/\/schema.org\",\"@graph\":[{\"@type\":\"WebPage\",\"@id\":\"https:\/\/esferareal.com\/imovel\/casas-venda-da-gaita-1349\/\",\"url\":\"https:\/\/esferareal.com\/imovel\/casas-venda-da-gaita-1349\/\",\"name\":\"Casas Venda da Gaita - 1349 - Esfera Real\",\"isPartOf\":{\"@id\":\"https:\/\/esferareal.com\/#website\"},\"primaryImageOfPage\":{\"@id\":\"https:\/\/esferareal.com\/imovel\/casas-venda-da-gaita-1349\/#primaryimage\"},\"image\":{\"@id\":\"https:\/\/esferareal.com\/imovel\/casas-venda-da-gaita-1349\/#primaryimage\"},\"thumbnailUrl\":\"https:\/\/esferareal.com\/wp-content\/uploads\/2025\/09\/1-1349-Medium.jpg\",\"datePublished\":\"2025-09-16T15:42:23+00:00\",\"dateModified\":\"2025-09-16T15:54:26+00:00\",\"breadcrumb\":{\"@id\":\"https:\/\/esferareal.com\/imovel\/casas-venda-da-gaita-1349\/#breadcrumb\"},\"inLanguage\":\"en-GB\",\"potentialAction\":[{\"@type\":\"ReadAction\",\"target\":[\"https:\/\/esferareal.com\/imovel\/casas-venda-da-gaita-1349\/\"]}]},{\"@type\":\"ImageObject\",\"inLanguage\":\"en-GB\",\"@id\":\"https:\/\/esferareal.com\/imovel\/casas-venda-da-gaita-1349\/#primaryimage\",\"url\":\"https:\/\/esferareal.com\/wp-content\/uploads\/2025\/09\/1-1349-Medium.jpg\",\"contentUrl\":\"https:\/\/esferareal.com\/wp-content\/uploads\/2025\/09\/1-1349-Medium.jpg\",\"width\":1024,\"height\":768},{\"@type\":\"BreadcrumbList\",\"@id\":\"https:\/\/esferareal.com\/imovel\/casas-venda-da-gaita-1349\/#breadcrumb\",\"itemListElement\":[{\"@type\":\"ListItem\",\"position\":1,\"name\":\"In\u00edcio\",\"item\":\"https:\/\/esferareal.com\/en\/\"},{\"@type\":\"ListItem\",\"position\":2,\"name\":\"Casas Venda da Gaita &#8211; 1349\"}]},{\"@type\":\"WebSite\",\"@id\":\"https:\/\/esferareal.com\/#website\",\"url\":\"https:\/\/esferareal.com\/\",\"name\":\"Esfera Real\",\"description\":\"Media\u00e7\u00e3o Imobili\u00e1ria\",\"publisher\":{\"@id\":\"https:\/\/esferareal.com\/#organization\"},\"potentialAction\":[{\"@type\":\"SearchAction\",\"target\":{\"@type\":\"EntryPoint\",\"urlTemplate\":\"https:\/\/esferareal.com\/?s={search_term_string}\"},\"query-input\":{\"@type\":\"PropertyValueSpecification\",\"valueRequired\":true,\"valueName\":\"search_term_string\"}}],\"inLanguage\":\"en-GB\"},{\"@type\":\"Organization\",\"@id\":\"https:\/\/esferareal.com\/#organization\",\"name\":\"Esfera Real Media\u00e7\u00e3o Imobili\u00e1ria\",\"url\":\"https:\/\/esferareal.com\/\",\"logo\":{\"@type\":\"ImageObject\",\"inLanguage\":\"en-GB\",\"@id\":\"https:\/\/esferareal.com\/#\/schema\/logo\/image\/\",\"url\":\"https:\/\/esferareal.com\/wp-content\/uploads\/2024\/10\/logo-esferareal300.png\",\"contentUrl\":\"https:\/\/esferareal.com\/wp-content\/uploads\/2024\/10\/logo-esferareal300.png\",\"width\":300,\"height\":221,\"caption\":\"Esfera Real Media\u00e7\u00e3o Imobili\u00e1ria\"},\"image\":{\"@id\":\"https:\/\/esferareal.com\/#\/schema\/logo\/image\/\"},\"sameAs\":[\"https:\/\/www.facebook.com\/people\/Esfera-Real\/100057693960084\/\",\"https:\/\/www.instagram.com\/esferareal\/\",\"https:\/\/www.youtube.com\/channel\/UCYb-CPOTpF03PSyHBSoCfbA\"]}]}<\/script>\n<!-- \/ Yoast SEO plugin. -->","yoast_head_json":{"title":"Casas Venda da Gaita - 1349 - Esfera Real","robots":{"index":"index","follow":"follow","max-snippet":"max-snippet:-1","max-image-preview":"max-image-preview:large","max-video-preview":"max-video-preview:-1"},"canonical":"https:\/\/esferareal.com\/en\/imovel\/casas-venda-da-gaita-1349\/","og_locale":"en_GB","og_type":"article","og_title":"Casas Venda da Gaita - 1349 - Esfera Real","og_description":"Duas casas antigas para restaurar, com registos independentes, mas dispon\u00edveis para venda em conjunto, localizadas na aldeia da Venda da Gaita, freguesia e concelho de Pedr\u00f3g\u00e3o Grande! &nbsp;As propriedades contam com eletricidade e \u00e1gua da rede j\u00e1 dispon\u00edveis, sendo apenas necess\u00e1rio instalar fossas s\u00e9pticas novas, uma vez que n\u00e3o existe liga\u00e7\u00e3o aos esgotos p\u00fablicos. Trata-se [&hellip;]","og_url":"https:\/\/esferareal.com\/en\/imovel\/casas-venda-da-gaita-1349\/","og_site_name":"Esfera Real","article_publisher":"https:\/\/www.facebook.com\/people\/Esfera-Real\/100057693960084\/","article_modified_time":"2025-09-16T15:54:26+00:00","og_image":[{"width":1024,"height":768,"url":"https:\/\/esferareal.com\/wp-content\/uploads\/2025\/09\/1-1349-Medium.jpg","type":"image\/jpeg"}],"twitter_card":"summary_large_image","twitter_misc":{"Estimated reading time":"2 minutes"},"schema":{"@context":"https:\/\/schema.org","@graph":[{"@type":"WebPage","@id":"https:\/\/esferareal.com\/imovel\/casas-venda-da-gaita-1349\/","url":"https:\/\/esferareal.com\/imovel\/casas-venda-da-gaita-1349\/","name":"Casas Venda da Gaita - 1349 - Esfera Real","isPartOf":{"@id":"https:\/\/esferareal.com\/#website"},"primaryImageOfPage":{"@id":"https:\/\/esferareal.com\/imovel\/casas-venda-da-gaita-1349\/#primaryimage"},"image":{"@id":"https:\/\/esferareal.com\/imovel\/casas-venda-da-gaita-1349\/#primaryimage"},"thumbnailUrl":"https:\/\/esferareal.com\/wp-content\/uploads\/2025\/09\/1-1349-Medium.jpg","datePublished":"2025-09-16T15:42:23+00:00","dateModified":"2025-09-16T15:54:26+00:00","breadcrumb":{"@id":"https:\/\/esferareal.com\/imovel\/casas-venda-da-gaita-1349\/#breadcrumb"},"inLanguage":"en-GB","potentialAction":[{"@type":"ReadAction","target":["https:\/\/esferareal.com\/imovel\/casas-venda-da-gaita-1349\/"]}]},{"@type":"ImageObject","inLanguage":"en-GB","@id":"https:\/\/esferareal.com\/imovel\/casas-venda-da-gaita-1349\/#primaryimage","url":"https:\/\/esferareal.com\/wp-content\/uploads\/2025\/09\/1-1349-Medium.jpg","contentUrl":"https:\/\/esferareal.com\/wp-content\/uploads\/2025\/09\/1-1349-Medium.jpg","width":1024,"height":768},{"@type":"BreadcrumbList","@id":"https:\/\/esferareal.com\/imovel\/casas-venda-da-gaita-1349\/#breadcrumb","itemListElement":[{"@type":"ListItem","position":1,"name":"In\u00edcio","item":"https:\/\/esferareal.com\/en\/"},{"@type":"ListItem","position":2,"name":"Casas Venda da Gaita &#8211; 1349"}]},{"@type":"WebSite","@id":"https:\/\/esferareal.com\/#website","url":"https:\/\/esferareal.com\/","name":"Esfera Real","description":"Media\u00e7\u00e3o Imobili\u00e1ria","publisher":{"@id":"https:\/\/esferareal.com\/#organization"},"potentialAction":[{"@type":"SearchAction","target":{"@type":"EntryPoint","urlTemplate":"https:\/\/esferareal.com\/?s={search_term_string}"},"query-input":{"@type":"PropertyValueSpecification","valueRequired":true,"valueName":"search_term_string"}}],"inLanguage":"en-GB"},{"@type":"Organization","@id":"https:\/\/esferareal.com\/#organization","name":"Esfera Real Media\u00e7\u00e3o Imobili\u00e1ria","url":"https:\/\/esferareal.com\/","logo":{"@type":"ImageObject","inLanguage":"en-GB","@id":"https:\/\/esferareal.com\/#\/schema\/logo\/image\/","url":"https:\/\/esferareal.com\/wp-content\/uploads\/2024\/10\/logo-esferareal300.png","contentUrl":"https:\/\/esferareal.com\/wp-content\/uploads\/2024\/10\/logo-esferareal300.png","width":300,"height":221,"caption":"Esfera Real Media\u00e7\u00e3o Imobili\u00e1ria"},"image":{"@id":"https:\/\/esferareal.com\/#\/schema\/logo\/image\/"},"sameAs":["https:\/\/www.facebook.com\/people\/Esfera-Real\/100057693960084\/","https:\/\/www.instagram.com\/esferareal\/","https:\/\/www.youtube.com\/channel\/UCYb-CPOTpF03PSyHBSoCfbA"]}]}},"_links":{"self":[{"href":"https:\/\/esferareal.com\/en\/wp-json\/wp\/v2\/imovel\/9368","targetHints":{"allow":["GET"]}}],"collection":[{"href":"https:\/\/esferareal.com\/en\/wp-json\/wp\/v2\/imovel"}],"about":[{"href":"https:\/\/esferareal.com\/en\/wp-json\/wp\/v2\/types\/imovel"}],"author":[{"embeddable":true,"href":"https:\/\/esferareal.com\/en\/wp-json\/wp\/v2\/users\/6"}],"version-history":[{"count":2,"href":"https:\/\/esferareal.com\/en\/wp-json\/wp\/v2\/imovel\/9368\/revisions"}],"predecessor-version":[{"id":9370,"href":"https:\/\/esferareal.com\/en\/wp-json\/wp\/v2\/imovel\/9368\/revisions\/9370"}],"wp:featuredmedia":[{"embeddable":true,"href":"https:\/\/esferareal.com\/en\/wp-json\/wp\/v2\/media\/9336"}],"wp:attachment":[{"href":"https:\/\/esferareal.com\/en\/wp-json\/wp\/v2\/media?parent=9368"}],"wp:term":[{"taxonomy":"tipo","embeddable":true,"href":"https:\/\/esferareal.com\/en\/wp-json\/wp\/v2\/tipo?post=9368"}],"curies":[{"name":"wp","href":"https:\/\/api.w.org\/{rel}","templated":true}]}}

<p>Two old houses to restore, with independent registrations but available for joint sale, located in the village of Venda da Gaita, in the parish and municipality of Pedrógão Grande!</p>



<p>&nbsp;The properties already have access to electricity and mains water, with only the installation of new septic tanks required, as there is no connection to the public sewage system.</p>



<p>This is an excellent opportunity to renovate two small houses or, alternatively, combine them into a larger home, ideal either as a permanent residence or as a holiday retreat, taking advantage of the proximity to several river beaches and the rivers Zêzere and Unhais.<br>Another key highlight is the location, as the village is situated right in front of the iconic National Road N2, Portugal’s most touristic route, stretching from Chaves to Faro and attracting visitors from all over the country!</p>



<p>The current owners also have an older project designed for one of the houses, which can be made available to interested buyers.</p>



<p>Schedule your visit today and discover the full potential of these two properties in Pedrógão Grande!</p>

<!-- This site is optimized with the Yoast SEO plugin v24.4 - https://yoast.com/wordpress/plugins/seo/ -->
<title>Casas Venda da Gaita - 1349 - Esfera Real</title>
<meta name="robots" content="index, follow, max-snippet:-1, max-image-preview:large, max-video-preview:-1" />
<link rel="canonical" href="https://esferareal.com/en/imovel/casas-venda-da-gaita-1349/" />
<meta property="og:locale" content="en_GB" />
<meta property="og:type" content="article" />
<meta property="og:title" content="Casas Venda da Gaita - 1349 - Esfera Real" />
<meta property="og:description" content="Duas casas antigas para restaurar, com registos independentes, mas disponíveis para venda em conjunto, localizadas na aldeia da Venda da Gaita, freguesia e concelho de Pedrógão Grande! &nbsp;As propriedades contam com eletricidade e água da rede já disponíveis, sendo apenas necessário instalar fossas sépticas novas, uma vez que não existe ligação aos esgotos públicos. Trata-se [&hellip;]" />
<meta property="og:url" content="https://esferareal.com/en/imovel/casas-venda-da-gaita-1349/" />
<meta property="og:site_name" content="Esfera Real" />
<meta property="article:publisher" content="https://www.facebook.com/people/Esfera-Real/100057693960084/" />
<meta property="article:modified_time" content="2025-09-16T15:54:26+00:00" />
<meta property="og:image" content="https://esferareal.com/wp-content/uploads/2025/09/1-1349-Medium.jpg" />
	<meta property="og:image:width" content="1024" />
	<meta property="og:image:height" content="768" />
	<meta property="og:image:type" content="image/jpeg" />
<meta name="twitter:card" content="summary_large_image" />
<meta name="twitter:label1" content="Estimated reading time" />
	<meta name="twitter:data1" content="2 minutes" />
<script type="application/ld+json" class="yoast-schema-graph">{"@context":"https://schema.org","@graph":[{"@type":"WebPage","@id":"https://esferareal.com/imovel/casas-venda-da-gaita-1349/","url":"https://esferareal.com/imovel/casas-venda-da-gaita-1349/","name":"Casas Venda da Gaita - 1349 - Esfera Real","isPartOf":{"@id":"https://esferareal.com/#website"},"primaryImageOfPage":{"@id":"https://esferareal.com/imovel/casas-venda-da-gaita-1349/#primaryimage"},"image":{"@id":"https://esferareal.com/imovel/casas-venda-da-gaita-1349/#primaryimage"},"thumbnailUrl":"https://esferareal.com/wp-content/uploads/2025/09/1-1349-Medium.jpg","datePublished":"2025-09-16T15:42:23+00:00","dateModified":"2025-09-16T15:54:26+00:00","breadcrumb":{"@id":"https://esferareal.com/imovel/casas-venda-da-gaita-1349/#breadcrumb"},"inLanguage":"en-GB","potentialAction":[{"@type":"ReadAction","target":["https://esferareal.com/imovel/casas-venda-da-gaita-1349/"]}]},{"@type":"ImageObject","inLanguage":"en-GB","@id":"https://esferareal.com/imovel/casas-venda-da-gaita-1349/#primaryimage","url":"https://esferareal.com/wp-content/uploads/2025/09/1-1349-Medium.jpg","contentUrl":"https://esferareal.com/wp-content/uploads/2025/09/1-1349-Medium.jpg","width":1024,"height":768},{"@type":"BreadcrumbList","@id":"https://esferareal.com/imovel/casas-venda-da-gaita-1349/#breadcrumb","itemListElement":[{"@type":"ListItem","position":1,"name":"Início","item":"https://esferareal.com/en/"},{"@type":"ListItem","position":2,"name":"Casas Venda da Gaita &#8211; 1349"}]},{"@type":"WebSite","@id":"https://esferareal.com/#website","url":"https://esferareal.com/","name":"Esfera Real","description":"Mediação Imobiliária","publisher":{"@id":"https://esferareal.com/#organization"},"potentialAction":[{"@type":"SearchAction","target":{"@type":"EntryPoint","urlTemplate":"https://esferareal.com/?s={search_term_string}"},"query-input":{"@type":"PropertyValueSpecification","valueRequired":true,"valueName":"search_term_string"}}],"inLanguage":"en-GB"},{"@type":"Organization","@id":"https://esferareal.com/#organization","name":"Esfera Real Mediação Imobiliária","url":"https://esferareal.com/","logo":{"@type":"ImageObject","inLanguage":"en-GB","@id":"https://esferareal.com/#/schema/logo/image/","url":"https://esferareal.com/wp-content/uploads/2024/10/logo-esferareal300.png","contentUrl":"https://esferareal.com/wp-content/uploads/2024/10/logo-esferareal300.png","width":300,"height":221,"caption":"Esfera Real Mediação Imobiliária"},"image":{"@id":"https://esferareal.com/#/schema/logo/image/"},"sameAs":["https://www.facebook.com/people/Esfera-Real/100057693960084/","https://www.instagram.com/esferareal/","https://www.youtube.com/channel/UCYb-CPOTpF03PSyHBSoCfbA"]}]}</script>
<!-- / Yoast SEO plugin. -->

Duas casas antigas para restaurar, com registos independentes, mas disponíveis para venda em conjunto, localizadas na aldeia da Venda da Gaita, freguesia e concelho de Pedrógão Grande! &nbsp;As propriedades contam com eletricidade e água da rede já disponíveis, sendo apenas necessário instalar fossas sépticas novas, uma vez que não existe ligação aos esgotos públicos. Trata-se [&hellip;]

Início

Mediação Imobiliária

Esfera Real Mediação Imobiliária
