 
{"id":9465,"date":"2025-09-18T17:40:41","date_gmt":"2025-09-18T17:40:41","guid":{"rendered":"https:\/\/esferareal.com\/?post_type=imovel&#038;p=9465"},"modified":"2026-02-06T10:21:24","modified_gmt":"2026-02-06T10:21:24","slug":"moradia-sta-catarina-1347","status":"publish","type":"imovel","link":"https:\/\/esferareal.com\/en\/imovel\/moradia-sta-catarina-1347\/","title":{"rendered":"Moradia Sta. Catarina &#8211; 1347"},"content":{"rendered":"<p>Four-bedroom house on the first floor with a ground-floor commercial space licensed for caf\u00e9\/bar\/restaurant, located in an area with excellent residential and investment potential!<\/p>\n\n\n\n<p>The ground floor, with a total area of 182 m\u00b2, operated as a caf\u00e9 and restaurant until 2020 and still retains a valid licence for this activity. The space comprises a large caf\u00e9 and restaurant area equipped with a refrigerated counter, display case and stainless-steel support unit, a kitchen with stainless steel worktop, fireplace, extractor fan and piped gas connection to the exterior. It also includes a storage area and utility room (requiring some improvements) as well as two bathrooms divided by gender.<\/p>\n\n\n\n<p>On the first floor, the 182 m\u00b2 residence was occupied until around two and a half years ago and now requires some interior renovation work, such as painting, replacement of the bedroom floors (currently carpeted), modernisation of bathroom fixtures and taps, along with other minor repairs. The house includes four bedrooms, two bathrooms, a kitchen, living room with fireplace, two balconies and a total area of 180 m\u00b2. Interior doors are in solid wood, while the floors in the corridors, bathrooms, kitchen and living room are ceramic. Exterior doors and windows are aluminium with single glazing. The property is connected by an internal staircase to the attic; although access is currently through the interior of the house, it is possible to adapt it to create an independent entrance.<\/p>\n\n\n\n<p>The attic remains unfinished but offers excellent potential to be converted into a two-bedroom plus one unit (T2+1). It is already fitted with water, electricity and sewage points, and features three dormer windows that provide natural light and additional possibilities for use.<\/p>\n\n\n\n<p>Book your visit today and discover the potential of this property with commercial space on the ground floor \u2013 ideal for those looking to combine housing with a hospitality business investment!<\/p>\n\n\n\n<p>Due to the price reduction, there is a small margin for negotiating the current price!<\/p>","protected":false},"author":6,"featured_media":9422,"template":"","meta":{"_acf_changed":false,"footnotes":""},"tipo":[18,13],"class_list":["post-9465","imovel","type-imovel","status-publish","has-post-thumbnail","hentry","tipo-espacos-comerciais","tipo-moradia"],"acf":[],"yoast_head":"<!-- This site is optimized with the Yoast SEO plugin v24.4 - https:\/\/yoast.com\/wordpress\/plugins\/seo\/ -->\n<title>Moradia Sta. Catarina - 1347 - Esfera Real<\/title>\n<meta name=\"robots\" content=\"index, follow, max-snippet:-1, max-image-preview:large, max-video-preview:-1\" \/>\n<link rel=\"canonical\" href=\"https:\/\/esferareal.com\/en\/imovel\/moradia-sta-catarina-1347\/\" \/>\n<meta property=\"og:locale\" content=\"en_GB\" \/>\n<meta property=\"og:type\" content=\"article\" \/>\n<meta property=\"og:title\" content=\"Moradia Sta. Catarina - 1347 - Esfera Real\" \/>\n<meta property=\"og:description\" content=\"Moradia T4 no primeiro andar, com espa\u00e7o comercial no r\u00e9s do ch\u00e3o atualmente licenciado para caf\u00e9\/bar\/restaurante, localizada numa zona com excelente potencial habitacional e de investimento! O r\u00e9s do ch\u00e3o, com uma \u00e1rea de 182 m\u00b2, funcionou como caf\u00e9 e restaurante at\u00e9 2020, mantendo ainda o alvar\u00e1 v\u00e1lido para esta atividade. O espa\u00e7o \u00e9 composto [&hellip;]\" \/>\n<meta property=\"og:url\" content=\"https:\/\/esferareal.com\/en\/imovel\/moradia-sta-catarina-1347\/\" \/>\n<meta property=\"og:site_name\" content=\"Esfera Real\" \/>\n<meta property=\"article:publisher\" content=\"https:\/\/www.facebook.com\/people\/Esfera-Real\/100057693960084\/\" \/>\n<meta property=\"article:modified_time\" content=\"2026-02-06T10:21:24+00:00\" \/>\n<meta property=\"og:image\" content=\"https:\/\/esferareal.com\/wp-content\/uploads\/2025\/09\/1-1347-Medium.jpg\" \/>\n\t<meta property=\"og:image:width\" content=\"1024\" \/>\n\t<meta property=\"og:image:height\" content=\"768\" \/>\n\t<meta property=\"og:image:type\" content=\"image\/jpeg\" \/>\n<meta name=\"twitter:card\" content=\"summary_large_image\" \/>\n<meta name=\"twitter:label1\" content=\"Estimated reading time\" \/>\n\t<meta name=\"twitter:data1\" content=\"2 minutes\" \/>\n<script type=\"application\/ld+json\" class=\"yoast-schema-graph\">{\"@context\":\"https:\/\/schema.org\",\"@graph\":[{\"@type\":\"WebPage\",\"@id\":\"https:\/\/esferareal.com\/imovel\/moradia-sta-catarina-1347\/\",\"url\":\"https:\/\/esferareal.com\/imovel\/moradia-sta-catarina-1347\/\",\"name\":\"Moradia Sta. Catarina - 1347 - Esfera Real\",\"isPartOf\":{\"@id\":\"https:\/\/esferareal.com\/#website\"},\"primaryImageOfPage\":{\"@id\":\"https:\/\/esferareal.com\/imovel\/moradia-sta-catarina-1347\/#primaryimage\"},\"image\":{\"@id\":\"https:\/\/esferareal.com\/imovel\/moradia-sta-catarina-1347\/#primaryimage\"},\"thumbnailUrl\":\"https:\/\/esferareal.com\/wp-content\/uploads\/2025\/09\/1-1347-Medium.jpg\",\"datePublished\":\"2025-09-18T17:40:41+00:00\",\"dateModified\":\"2026-02-06T10:21:24+00:00\",\"breadcrumb\":{\"@id\":\"https:\/\/esferareal.com\/imovel\/moradia-sta-catarina-1347\/#breadcrumb\"},\"inLanguage\":\"en-GB\",\"potentialAction\":[{\"@type\":\"ReadAction\",\"target\":[\"https:\/\/esferareal.com\/imovel\/moradia-sta-catarina-1347\/\"]}]},{\"@type\":\"ImageObject\",\"inLanguage\":\"en-GB\",\"@id\":\"https:\/\/esferareal.com\/imovel\/moradia-sta-catarina-1347\/#primaryimage\",\"url\":\"https:\/\/esferareal.com\/wp-content\/uploads\/2025\/09\/1-1347-Medium.jpg\",\"contentUrl\":\"https:\/\/esferareal.com\/wp-content\/uploads\/2025\/09\/1-1347-Medium.jpg\",\"width\":1024,\"height\":768},{\"@type\":\"BreadcrumbList\",\"@id\":\"https:\/\/esferareal.com\/imovel\/moradia-sta-catarina-1347\/#breadcrumb\",\"itemListElement\":[{\"@type\":\"ListItem\",\"position\":1,\"name\":\"In\u00edcio\",\"item\":\"https:\/\/esferareal.com\/en\/\"},{\"@type\":\"ListItem\",\"position\":2,\"name\":\"Moradia Sta. Catarina &#8211; 1347\"}]},{\"@type\":\"WebSite\",\"@id\":\"https:\/\/esferareal.com\/#website\",\"url\":\"https:\/\/esferareal.com\/\",\"name\":\"Esfera Real\",\"description\":\"Media\u00e7\u00e3o Imobili\u00e1ria\",\"publisher\":{\"@id\":\"https:\/\/esferareal.com\/#organization\"},\"potentialAction\":[{\"@type\":\"SearchAction\",\"target\":{\"@type\":\"EntryPoint\",\"urlTemplate\":\"https:\/\/esferareal.com\/?s={search_term_string}\"},\"query-input\":{\"@type\":\"PropertyValueSpecification\",\"valueRequired\":true,\"valueName\":\"search_term_string\"}}],\"inLanguage\":\"en-GB\"},{\"@type\":\"Organization\",\"@id\":\"https:\/\/esferareal.com\/#organization\",\"name\":\"Esfera Real Media\u00e7\u00e3o Imobili\u00e1ria\",\"url\":\"https:\/\/esferareal.com\/\",\"logo\":{\"@type\":\"ImageObject\",\"inLanguage\":\"en-GB\",\"@id\":\"https:\/\/esferareal.com\/#\/schema\/logo\/image\/\",\"url\":\"https:\/\/esferareal.com\/wp-content\/uploads\/2024\/10\/logo-esferareal300.png\",\"contentUrl\":\"https:\/\/esferareal.com\/wp-content\/uploads\/2024\/10\/logo-esferareal300.png\",\"width\":300,\"height\":221,\"caption\":\"Esfera Real Media\u00e7\u00e3o Imobili\u00e1ria\"},\"image\":{\"@id\":\"https:\/\/esferareal.com\/#\/schema\/logo\/image\/\"},\"sameAs\":[\"https:\/\/www.facebook.com\/people\/Esfera-Real\/100057693960084\/\",\"https:\/\/www.instagram.com\/esferareal\/\",\"https:\/\/www.youtube.com\/channel\/UCYb-CPOTpF03PSyHBSoCfbA\"]}]}<\/script>\n<!-- \/ Yoast SEO plugin. -->","yoast_head_json":{"title":"Moradia Sta. Catarina - 1347 - Esfera Real","robots":{"index":"index","follow":"follow","max-snippet":"max-snippet:-1","max-image-preview":"max-image-preview:large","max-video-preview":"max-video-preview:-1"},"canonical":"https:\/\/esferareal.com\/en\/imovel\/moradia-sta-catarina-1347\/","og_locale":"en_GB","og_type":"article","og_title":"Moradia Sta. Catarina - 1347 - Esfera Real","og_description":"Moradia T4 no primeiro andar, com espa\u00e7o comercial no r\u00e9s do ch\u00e3o atualmente licenciado para caf\u00e9\/bar\/restaurante, localizada numa zona com excelente potencial habitacional e de investimento! O r\u00e9s do ch\u00e3o, com uma \u00e1rea de 182 m\u00b2, funcionou como caf\u00e9 e restaurante at\u00e9 2020, mantendo ainda o alvar\u00e1 v\u00e1lido para esta atividade. O espa\u00e7o \u00e9 composto [&hellip;]","og_url":"https:\/\/esferareal.com\/en\/imovel\/moradia-sta-catarina-1347\/","og_site_name":"Esfera Real","article_publisher":"https:\/\/www.facebook.com\/people\/Esfera-Real\/100057693960084\/","article_modified_time":"2026-02-06T10:21:24+00:00","og_image":[{"width":1024,"height":768,"url":"https:\/\/esferareal.com\/wp-content\/uploads\/2025\/09\/1-1347-Medium.jpg","type":"image\/jpeg"}],"twitter_card":"summary_large_image","twitter_misc":{"Estimated reading time":"2 minutes"},"schema":{"@context":"https:\/\/schema.org","@graph":[{"@type":"WebPage","@id":"https:\/\/esferareal.com\/imovel\/moradia-sta-catarina-1347\/","url":"https:\/\/esferareal.com\/imovel\/moradia-sta-catarina-1347\/","name":"Moradia Sta. Catarina - 1347 - Esfera Real","isPartOf":{"@id":"https:\/\/esferareal.com\/#website"},"primaryImageOfPage":{"@id":"https:\/\/esferareal.com\/imovel\/moradia-sta-catarina-1347\/#primaryimage"},"image":{"@id":"https:\/\/esferareal.com\/imovel\/moradia-sta-catarina-1347\/#primaryimage"},"thumbnailUrl":"https:\/\/esferareal.com\/wp-content\/uploads\/2025\/09\/1-1347-Medium.jpg","datePublished":"2025-09-18T17:40:41+00:00","dateModified":"2026-02-06T10:21:24+00:00","breadcrumb":{"@id":"https:\/\/esferareal.com\/imovel\/moradia-sta-catarina-1347\/#breadcrumb"},"inLanguage":"en-GB","potentialAction":[{"@type":"ReadAction","target":["https:\/\/esferareal.com\/imovel\/moradia-sta-catarina-1347\/"]}]},{"@type":"ImageObject","inLanguage":"en-GB","@id":"https:\/\/esferareal.com\/imovel\/moradia-sta-catarina-1347\/#primaryimage","url":"https:\/\/esferareal.com\/wp-content\/uploads\/2025\/09\/1-1347-Medium.jpg","contentUrl":"https:\/\/esferareal.com\/wp-content\/uploads\/2025\/09\/1-1347-Medium.jpg","width":1024,"height":768},{"@type":"BreadcrumbList","@id":"https:\/\/esferareal.com\/imovel\/moradia-sta-catarina-1347\/#breadcrumb","itemListElement":[{"@type":"ListItem","position":1,"name":"In\u00edcio","item":"https:\/\/esferareal.com\/en\/"},{"@type":"ListItem","position":2,"name":"Moradia Sta. Catarina &#8211; 1347"}]},{"@type":"WebSite","@id":"https:\/\/esferareal.com\/#website","url":"https:\/\/esferareal.com\/","name":"Esfera Real","description":"Media\u00e7\u00e3o Imobili\u00e1ria","publisher":{"@id":"https:\/\/esferareal.com\/#organization"},"potentialAction":[{"@type":"SearchAction","target":{"@type":"EntryPoint","urlTemplate":"https:\/\/esferareal.com\/?s={search_term_string}"},"query-input":{"@type":"PropertyValueSpecification","valueRequired":true,"valueName":"search_term_string"}}],"inLanguage":"en-GB"},{"@type":"Organization","@id":"https:\/\/esferareal.com\/#organization","name":"Esfera Real Media\u00e7\u00e3o Imobili\u00e1ria","url":"https:\/\/esferareal.com\/","logo":{"@type":"ImageObject","inLanguage":"en-GB","@id":"https:\/\/esferareal.com\/#\/schema\/logo\/image\/","url":"https:\/\/esferareal.com\/wp-content\/uploads\/2024\/10\/logo-esferareal300.png","contentUrl":"https:\/\/esferareal.com\/wp-content\/uploads\/2024\/10\/logo-esferareal300.png","width":300,"height":221,"caption":"Esfera Real Media\u00e7\u00e3o Imobili\u00e1ria"},"image":{"@id":"https:\/\/esferareal.com\/#\/schema\/logo\/image\/"},"sameAs":["https:\/\/www.facebook.com\/people\/Esfera-Real\/100057693960084\/","https:\/\/www.instagram.com\/esferareal\/","https:\/\/www.youtube.com\/channel\/UCYb-CPOTpF03PSyHBSoCfbA"]}]}},"_links":{"self":[{"href":"https:\/\/esferareal.com\/en\/wp-json\/wp\/v2\/imovel\/9465","targetHints":{"allow":["GET"]}}],"collection":[{"href":"https:\/\/esferareal.com\/en\/wp-json\/wp\/v2\/imovel"}],"about":[{"href":"https:\/\/esferareal.com\/en\/wp-json\/wp\/v2\/types\/imovel"}],"author":[{"embeddable":true,"href":"https:\/\/esferareal.com\/en\/wp-json\/wp\/v2\/users\/6"}],"version-history":[{"count":5,"href":"https:\/\/esferareal.com\/en\/wp-json\/wp\/v2\/imovel\/9465\/revisions"}],"predecessor-version":[{"id":10431,"href":"https:\/\/esferareal.com\/en\/wp-json\/wp\/v2\/imovel\/9465\/revisions\/10431"}],"wp:featuredmedia":[{"embeddable":true,"href":"https:\/\/esferareal.com\/en\/wp-json\/wp\/v2\/media\/9422"}],"wp:attachment":[{"href":"https:\/\/esferareal.com\/en\/wp-json\/wp\/v2\/media?parent=9465"}],"wp:term":[{"taxonomy":"tipo","embeddable":true,"href":"https:\/\/esferareal.com\/en\/wp-json\/wp\/v2\/tipo?post=9465"}],"curies":[{"name":"wp","href":"https:\/\/api.w.org\/{rel}","templated":true}]}}

<p>Four-bedroom house on the first floor with a ground-floor commercial space licensed for café/bar/restaurant, located in an area with excellent residential and investment potential!</p>



<p>The ground floor, with a total area of 182 m², operated as a café and restaurant until 2020 and still retains a valid licence for this activity. The space comprises a large café and restaurant area equipped with a refrigerated counter, display case and stainless-steel support unit, a kitchen with stainless steel worktop, fireplace, extractor fan and piped gas connection to the exterior. It also includes a storage area and utility room (requiring some improvements) as well as two bathrooms divided by gender.</p>



<p>On the first floor, the 182 m² residence was occupied until around two and a half years ago and now requires some interior renovation work, such as painting, replacement of the bedroom floors (currently carpeted), modernisation of bathroom fixtures and taps, along with other minor repairs. The house includes four bedrooms, two bathrooms, a kitchen, living room with fireplace, two balconies and a total area of 180 m². Interior doors are in solid wood, while the floors in the corridors, bathrooms, kitchen and living room are ceramic. Exterior doors and windows are aluminium with single glazing. The property is connected by an internal staircase to the attic; although access is currently through the interior of the house, it is possible to adapt it to create an independent entrance.</p>



<p>The attic remains unfinished but offers excellent potential to be converted into a two-bedroom plus one unit (T2+1). It is already fitted with water, electricity and sewage points, and features three dormer windows that provide natural light and additional possibilities for use.</p>



<p>Book your visit today and discover the potential of this property with commercial space on the ground floor – ideal for those looking to combine housing with a hospitality business investment!</p>



<p>Due to the price reduction, there is a small margin for negotiating the current price!</p>

<!-- This site is optimized with the Yoast SEO plugin v24.4 - https://yoast.com/wordpress/plugins/seo/ -->
<title>Moradia Sta. Catarina - 1347 - Esfera Real</title>
<meta name="robots" content="index, follow, max-snippet:-1, max-image-preview:large, max-video-preview:-1" />
<link rel="canonical" href="https://esferareal.com/en/imovel/moradia-sta-catarina-1347/" />
<meta property="og:locale" content="en_GB" />
<meta property="og:type" content="article" />
<meta property="og:title" content="Moradia Sta. Catarina - 1347 - Esfera Real" />
<meta property="og:description" content="Moradia T4 no primeiro andar, com espaço comercial no rés do chão atualmente licenciado para café/bar/restaurante, localizada numa zona com excelente potencial habitacional e de investimento! O rés do chão, com uma área de 182 m², funcionou como café e restaurante até 2020, mantendo ainda o alvará válido para esta atividade. O espaço é composto [&hellip;]" />
<meta property="og:url" content="https://esferareal.com/en/imovel/moradia-sta-catarina-1347/" />
<meta property="og:site_name" content="Esfera Real" />
<meta property="article:publisher" content="https://www.facebook.com/people/Esfera-Real/100057693960084/" />
<meta property="article:modified_time" content="2026-02-06T10:21:24+00:00" />
<meta property="og:image" content="https://esferareal.com/wp-content/uploads/2025/09/1-1347-Medium.jpg" />
	<meta property="og:image:width" content="1024" />
	<meta property="og:image:height" content="768" />
	<meta property="og:image:type" content="image/jpeg" />
<meta name="twitter:card" content="summary_large_image" />
<meta name="twitter:label1" content="Estimated reading time" />
	<meta name="twitter:data1" content="2 minutes" />
<script type="application/ld+json" class="yoast-schema-graph">{"@context":"https://schema.org","@graph":[{"@type":"WebPage","@id":"https://esferareal.com/imovel/moradia-sta-catarina-1347/","url":"https://esferareal.com/imovel/moradia-sta-catarina-1347/","name":"Moradia Sta. Catarina - 1347 - Esfera Real","isPartOf":{"@id":"https://esferareal.com/#website"},"primaryImageOfPage":{"@id":"https://esferareal.com/imovel/moradia-sta-catarina-1347/#primaryimage"},"image":{"@id":"https://esferareal.com/imovel/moradia-sta-catarina-1347/#primaryimage"},"thumbnailUrl":"https://esferareal.com/wp-content/uploads/2025/09/1-1347-Medium.jpg","datePublished":"2025-09-18T17:40:41+00:00","dateModified":"2026-02-06T10:21:24+00:00","breadcrumb":{"@id":"https://esferareal.com/imovel/moradia-sta-catarina-1347/#breadcrumb"},"inLanguage":"en-GB","potentialAction":[{"@type":"ReadAction","target":["https://esferareal.com/imovel/moradia-sta-catarina-1347/"]}]},{"@type":"ImageObject","inLanguage":"en-GB","@id":"https://esferareal.com/imovel/moradia-sta-catarina-1347/#primaryimage","url":"https://esferareal.com/wp-content/uploads/2025/09/1-1347-Medium.jpg","contentUrl":"https://esferareal.com/wp-content/uploads/2025/09/1-1347-Medium.jpg","width":1024,"height":768},{"@type":"BreadcrumbList","@id":"https://esferareal.com/imovel/moradia-sta-catarina-1347/#breadcrumb","itemListElement":[{"@type":"ListItem","position":1,"name":"Início","item":"https://esferareal.com/en/"},{"@type":"ListItem","position":2,"name":"Moradia Sta. Catarina &#8211; 1347"}]},{"@type":"WebSite","@id":"https://esferareal.com/#website","url":"https://esferareal.com/","name":"Esfera Real","description":"Mediação Imobiliária","publisher":{"@id":"https://esferareal.com/#organization"},"potentialAction":[{"@type":"SearchAction","target":{"@type":"EntryPoint","urlTemplate":"https://esferareal.com/?s={search_term_string}"},"query-input":{"@type":"PropertyValueSpecification","valueRequired":true,"valueName":"search_term_string"}}],"inLanguage":"en-GB"},{"@type":"Organization","@id":"https://esferareal.com/#organization","name":"Esfera Real Mediação Imobiliária","url":"https://esferareal.com/","logo":{"@type":"ImageObject","inLanguage":"en-GB","@id":"https://esferareal.com/#/schema/logo/image/","url":"https://esferareal.com/wp-content/uploads/2024/10/logo-esferareal300.png","contentUrl":"https://esferareal.com/wp-content/uploads/2024/10/logo-esferareal300.png","width":300,"height":221,"caption":"Esfera Real Mediação Imobiliária"},"image":{"@id":"https://esferareal.com/#/schema/logo/image/"},"sameAs":["https://www.facebook.com/people/Esfera-Real/100057693960084/","https://www.instagram.com/esferareal/","https://www.youtube.com/channel/UCYb-CPOTpF03PSyHBSoCfbA"]}]}</script>
<!-- / Yoast SEO plugin. -->

Moradia T4 no primeiro andar, com espaço comercial no rés do chão atualmente licenciado para café/bar/restaurante, localizada numa zona com excelente potencial habitacional e de investimento! O rés do chão, com uma área de 182 m², funcionou como café e restaurante até 2020, mantendo ainda o alvará válido para esta atividade. O espaço é composto [&hellip;]

Início

Mediação Imobiliária

Esfera Real Mediação Imobiliária
