 
{"id":9510,"date":"2025-09-19T14:26:58","date_gmt":"2025-09-19T14:26:58","guid":{"rendered":"https:\/\/esferareal.com\/?post_type=imovel&#038;p=9510"},"modified":"2025-09-19T14:44:33","modified_gmt":"2025-09-19T14:44:33","slug":"moradia-do-vale-sereno-1343","status":"publish","type":"imovel","link":"https:\/\/esferareal.com\/en\/imovel\/moradia-do-vale-sereno-1343\/","title":{"rendered":"Moradia do Vale Sereno &#8211; 1343"},"content":{"rendered":"<p>Farmhouse located on the edge of a village, in a peaceful setting that offers privacy while remaining close to the local community, benefiting from excellent sun exposure and stunning, far-reaching views over the surrounding landscape!<\/p>\n\n\n\n<p>The main house, with a gross construction area of 385 m\u00b2, offers three bedrooms, a living room, a spacious kitchen, a bathroom, and a terrace on the first floor. On the ground floor there is a large wine cellar, garage and several rooms that can be used as storage or for keeping small animals. At the rear, there is also a wood-fired oven, barbecue and an additional bathroom.<br>The house is already connected to mains water and electricity, and several windows are fitted with double glazing. It also features a fireplace in the kitchen and, although it could benefit from some maintenance work, it is in a condition suitable for immediate occupancy.<\/p>\n\n\n\n<p>The flat agricultural land, with 2,170 m\u00b2, is divided into three terraces and includes fruit trees, olive trees, vineyard, citrus trees and other crops. This land stretches across an entire valley, and part of it has building permission for a new dwelling \u2013 an added value for those wishing to expand or invest.<\/p>\n\n\n\n<p>At the far end of the agricultural land, there is an outbuilding for storage, a garage and a threshing floor, with a total area of 91.74 m\u00b2.<\/p>\n\n\n\n<p>In front of the property, there is a quiet street with very little traffic, leading to a forest track with access to the River Z\u00eazere and the Bou\u00e7\u00e3 dam. This farmhouse is ideal for those looking to live in close contact with nature, keep animals and enjoy a peaceful lifestyle.<\/p>\n\n\n\n<p>For those requiring more farmland, there is also the option to purchase two additional agricultural plots, under separate negotiation, located a short distance from the property, with a total of 6,000 m\u00b2 (3,300 m\u00b2 and 2,740 m\u00b2).<\/p>\n\n\n\n<p>Come check it out!<\/p>","protected":false},"author":3,"featured_media":9473,"template":"","meta":{"_acf_changed":false,"footnotes":""},"tipo":[15,13],"class_list":["post-9510","imovel","type-imovel","status-publish","has-post-thumbnail","hentry","tipo-casa-rustica","tipo-moradia"],"acf":[],"yoast_head":"<!-- This site is optimized with the Yoast SEO plugin v24.4 - https:\/\/yoast.com\/wordpress\/plugins\/seo\/ -->\n<title>Moradia do Vale Sereno - 1343 - Esfera Real<\/title>\n<meta name=\"robots\" content=\"index, follow, max-snippet:-1, max-image-preview:large, max-video-preview:-1\" \/>\n<link rel=\"canonical\" href=\"https:\/\/esferareal.com\/en\/imovel\/moradia-do-vale-sereno-1343\/\" \/>\n<meta property=\"og:locale\" content=\"en_GB\" \/>\n<meta property=\"og:type\" content=\"article\" \/>\n<meta property=\"og:title\" content=\"Moradia do Vale Sereno - 1343 - Esfera Real\" \/>\n<meta property=\"og:description\" content=\"Quinta situada no limite de uma aldeia, em local tranquilo e com privacidade, mas ao mesmo tempo pr\u00f3xima da comunidade local, beneficiando de excelente exposi\u00e7\u00e3o solar e de vistas deslumbrantes e amplas sobre a paisagem envolvente! A casa principal, com 385 m\u00b2 de \u00e1rea bruta de constru\u00e7\u00e3o, disp\u00f5e de tr\u00eas quartos, sala, cozinha espa\u00e7osa, casa [&hellip;]\" \/>\n<meta property=\"og:url\" content=\"https:\/\/esferareal.com\/en\/imovel\/moradia-do-vale-sereno-1343\/\" \/>\n<meta property=\"og:site_name\" content=\"Esfera Real\" \/>\n<meta property=\"article:publisher\" content=\"https:\/\/www.facebook.com\/people\/Esfera-Real\/100057693960084\/\" \/>\n<meta property=\"article:modified_time\" content=\"2025-09-19T14:44:33+00:00\" \/>\n<meta property=\"og:image\" content=\"https:\/\/esferareal.com\/wp-content\/uploads\/2025\/09\/1-1343-Medium.jpg\" \/>\n\t<meta property=\"og:image:width\" content=\"1024\" \/>\n\t<meta property=\"og:image:height\" content=\"768\" \/>\n\t<meta property=\"og:image:type\" content=\"image\/jpeg\" \/>\n<meta name=\"twitter:card\" content=\"summary_large_image\" \/>\n<meta name=\"twitter:label1\" content=\"Estimated reading time\" \/>\n\t<meta name=\"twitter:data1\" content=\"2 minutes\" \/>\n<script type=\"application\/ld+json\" class=\"yoast-schema-graph\">{\"@context\":\"https:\/\/schema.org\",\"@graph\":[{\"@type\":\"WebPage\",\"@id\":\"https:\/\/esferareal.com\/imovel\/moradia-do-vale-sereno-1343\/\",\"url\":\"https:\/\/esferareal.com\/imovel\/moradia-do-vale-sereno-1343\/\",\"name\":\"Moradia do Vale Sereno - 1343 - Esfera Real\",\"isPartOf\":{\"@id\":\"https:\/\/esferareal.com\/#website\"},\"primaryImageOfPage\":{\"@id\":\"https:\/\/esferareal.com\/imovel\/moradia-do-vale-sereno-1343\/#primaryimage\"},\"image\":{\"@id\":\"https:\/\/esferareal.com\/imovel\/moradia-do-vale-sereno-1343\/#primaryimage\"},\"thumbnailUrl\":\"https:\/\/esferareal.com\/wp-content\/uploads\/2025\/09\/1-1343-Medium.jpg\",\"datePublished\":\"2025-09-19T14:26:58+00:00\",\"dateModified\":\"2025-09-19T14:44:33+00:00\",\"breadcrumb\":{\"@id\":\"https:\/\/esferareal.com\/imovel\/moradia-do-vale-sereno-1343\/#breadcrumb\"},\"inLanguage\":\"en-GB\",\"potentialAction\":[{\"@type\":\"ReadAction\",\"target\":[\"https:\/\/esferareal.com\/imovel\/moradia-do-vale-sereno-1343\/\"]}]},{\"@type\":\"ImageObject\",\"inLanguage\":\"en-GB\",\"@id\":\"https:\/\/esferareal.com\/imovel\/moradia-do-vale-sereno-1343\/#primaryimage\",\"url\":\"https:\/\/esferareal.com\/wp-content\/uploads\/2025\/09\/1-1343-Medium.jpg\",\"contentUrl\":\"https:\/\/esferareal.com\/wp-content\/uploads\/2025\/09\/1-1343-Medium.jpg\",\"width\":1024,\"height\":768},{\"@type\":\"BreadcrumbList\",\"@id\":\"https:\/\/esferareal.com\/imovel\/moradia-do-vale-sereno-1343\/#breadcrumb\",\"itemListElement\":[{\"@type\":\"ListItem\",\"position\":1,\"name\":\"In\u00edcio\",\"item\":\"https:\/\/esferareal.com\/en\/\"},{\"@type\":\"ListItem\",\"position\":2,\"name\":\"Moradia do Vale Sereno &#8211; 1343\"}]},{\"@type\":\"WebSite\",\"@id\":\"https:\/\/esferareal.com\/#website\",\"url\":\"https:\/\/esferareal.com\/\",\"name\":\"Esfera Real\",\"description\":\"Media\u00e7\u00e3o Imobili\u00e1ria\",\"publisher\":{\"@id\":\"https:\/\/esferareal.com\/#organization\"},\"potentialAction\":[{\"@type\":\"SearchAction\",\"target\":{\"@type\":\"EntryPoint\",\"urlTemplate\":\"https:\/\/esferareal.com\/?s={search_term_string}\"},\"query-input\":{\"@type\":\"PropertyValueSpecification\",\"valueRequired\":true,\"valueName\":\"search_term_string\"}}],\"inLanguage\":\"en-GB\"},{\"@type\":\"Organization\",\"@id\":\"https:\/\/esferareal.com\/#organization\",\"name\":\"Esfera Real Media\u00e7\u00e3o Imobili\u00e1ria\",\"url\":\"https:\/\/esferareal.com\/\",\"logo\":{\"@type\":\"ImageObject\",\"inLanguage\":\"en-GB\",\"@id\":\"https:\/\/esferareal.com\/#\/schema\/logo\/image\/\",\"url\":\"https:\/\/esferareal.com\/wp-content\/uploads\/2024\/10\/logo-esferareal300.png\",\"contentUrl\":\"https:\/\/esferareal.com\/wp-content\/uploads\/2024\/10\/logo-esferareal300.png\",\"width\":300,\"height\":221,\"caption\":\"Esfera Real Media\u00e7\u00e3o Imobili\u00e1ria\"},\"image\":{\"@id\":\"https:\/\/esferareal.com\/#\/schema\/logo\/image\/\"},\"sameAs\":[\"https:\/\/www.facebook.com\/people\/Esfera-Real\/100057693960084\/\",\"https:\/\/www.instagram.com\/esferareal\/\",\"https:\/\/www.youtube.com\/channel\/UCYb-CPOTpF03PSyHBSoCfbA\"]}]}<\/script>\n<!-- \/ Yoast SEO plugin. -->","yoast_head_json":{"title":"Moradia do Vale Sereno - 1343 - Esfera Real","robots":{"index":"index","follow":"follow","max-snippet":"max-snippet:-1","max-image-preview":"max-image-preview:large","max-video-preview":"max-video-preview:-1"},"canonical":"https:\/\/esferareal.com\/en\/imovel\/moradia-do-vale-sereno-1343\/","og_locale":"en_GB","og_type":"article","og_title":"Moradia do Vale Sereno - 1343 - Esfera Real","og_description":"Quinta situada no limite de uma aldeia, em local tranquilo e com privacidade, mas ao mesmo tempo pr\u00f3xima da comunidade local, beneficiando de excelente exposi\u00e7\u00e3o solar e de vistas deslumbrantes e amplas sobre a paisagem envolvente! A casa principal, com 385 m\u00b2 de \u00e1rea bruta de constru\u00e7\u00e3o, disp\u00f5e de tr\u00eas quartos, sala, cozinha espa\u00e7osa, casa [&hellip;]","og_url":"https:\/\/esferareal.com\/en\/imovel\/moradia-do-vale-sereno-1343\/","og_site_name":"Esfera Real","article_publisher":"https:\/\/www.facebook.com\/people\/Esfera-Real\/100057693960084\/","article_modified_time":"2025-09-19T14:44:33+00:00","og_image":[{"width":1024,"height":768,"url":"https:\/\/esferareal.com\/wp-content\/uploads\/2025\/09\/1-1343-Medium.jpg","type":"image\/jpeg"}],"twitter_card":"summary_large_image","twitter_misc":{"Estimated reading time":"2 minutes"},"schema":{"@context":"https:\/\/schema.org","@graph":[{"@type":"WebPage","@id":"https:\/\/esferareal.com\/imovel\/moradia-do-vale-sereno-1343\/","url":"https:\/\/esferareal.com\/imovel\/moradia-do-vale-sereno-1343\/","name":"Moradia do Vale Sereno - 1343 - Esfera Real","isPartOf":{"@id":"https:\/\/esferareal.com\/#website"},"primaryImageOfPage":{"@id":"https:\/\/esferareal.com\/imovel\/moradia-do-vale-sereno-1343\/#primaryimage"},"image":{"@id":"https:\/\/esferareal.com\/imovel\/moradia-do-vale-sereno-1343\/#primaryimage"},"thumbnailUrl":"https:\/\/esferareal.com\/wp-content\/uploads\/2025\/09\/1-1343-Medium.jpg","datePublished":"2025-09-19T14:26:58+00:00","dateModified":"2025-09-19T14:44:33+00:00","breadcrumb":{"@id":"https:\/\/esferareal.com\/imovel\/moradia-do-vale-sereno-1343\/#breadcrumb"},"inLanguage":"en-GB","potentialAction":[{"@type":"ReadAction","target":["https:\/\/esferareal.com\/imovel\/moradia-do-vale-sereno-1343\/"]}]},{"@type":"ImageObject","inLanguage":"en-GB","@id":"https:\/\/esferareal.com\/imovel\/moradia-do-vale-sereno-1343\/#primaryimage","url":"https:\/\/esferareal.com\/wp-content\/uploads\/2025\/09\/1-1343-Medium.jpg","contentUrl":"https:\/\/esferareal.com\/wp-content\/uploads\/2025\/09\/1-1343-Medium.jpg","width":1024,"height":768},{"@type":"BreadcrumbList","@id":"https:\/\/esferareal.com\/imovel\/moradia-do-vale-sereno-1343\/#breadcrumb","itemListElement":[{"@type":"ListItem","position":1,"name":"In\u00edcio","item":"https:\/\/esferareal.com\/en\/"},{"@type":"ListItem","position":2,"name":"Moradia do Vale Sereno &#8211; 1343"}]},{"@type":"WebSite","@id":"https:\/\/esferareal.com\/#website","url":"https:\/\/esferareal.com\/","name":"Esfera Real","description":"Media\u00e7\u00e3o Imobili\u00e1ria","publisher":{"@id":"https:\/\/esferareal.com\/#organization"},"potentialAction":[{"@type":"SearchAction","target":{"@type":"EntryPoint","urlTemplate":"https:\/\/esferareal.com\/?s={search_term_string}"},"query-input":{"@type":"PropertyValueSpecification","valueRequired":true,"valueName":"search_term_string"}}],"inLanguage":"en-GB"},{"@type":"Organization","@id":"https:\/\/esferareal.com\/#organization","name":"Esfera Real Media\u00e7\u00e3o Imobili\u00e1ria","url":"https:\/\/esferareal.com\/","logo":{"@type":"ImageObject","inLanguage":"en-GB","@id":"https:\/\/esferareal.com\/#\/schema\/logo\/image\/","url":"https:\/\/esferareal.com\/wp-content\/uploads\/2024\/10\/logo-esferareal300.png","contentUrl":"https:\/\/esferareal.com\/wp-content\/uploads\/2024\/10\/logo-esferareal300.png","width":300,"height":221,"caption":"Esfera Real Media\u00e7\u00e3o Imobili\u00e1ria"},"image":{"@id":"https:\/\/esferareal.com\/#\/schema\/logo\/image\/"},"sameAs":["https:\/\/www.facebook.com\/people\/Esfera-Real\/100057693960084\/","https:\/\/www.instagram.com\/esferareal\/","https:\/\/www.youtube.com\/channel\/UCYb-CPOTpF03PSyHBSoCfbA"]}]}},"_links":{"self":[{"href":"https:\/\/esferareal.com\/en\/wp-json\/wp\/v2\/imovel\/9510","targetHints":{"allow":["GET"]}}],"collection":[{"href":"https:\/\/esferareal.com\/en\/wp-json\/wp\/v2\/imovel"}],"about":[{"href":"https:\/\/esferareal.com\/en\/wp-json\/wp\/v2\/types\/imovel"}],"author":[{"embeddable":true,"href":"https:\/\/esferareal.com\/en\/wp-json\/wp\/v2\/users\/3"}],"version-history":[{"count":2,"href":"https:\/\/esferareal.com\/en\/wp-json\/wp\/v2\/imovel\/9510\/revisions"}],"predecessor-version":[{"id":9512,"href":"https:\/\/esferareal.com\/en\/wp-json\/wp\/v2\/imovel\/9510\/revisions\/9512"}],"wp:featuredmedia":[{"embeddable":true,"href":"https:\/\/esferareal.com\/en\/wp-json\/wp\/v2\/media\/9473"}],"wp:attachment":[{"href":"https:\/\/esferareal.com\/en\/wp-json\/wp\/v2\/media?parent=9510"}],"wp:term":[{"taxonomy":"tipo","embeddable":true,"href":"https:\/\/esferareal.com\/en\/wp-json\/wp\/v2\/tipo?post=9510"}],"curies":[{"name":"wp","href":"https:\/\/api.w.org\/{rel}","templated":true}]}}

<p>Farmhouse located on the edge of a village, in a peaceful setting that offers privacy while remaining close to the local community, benefiting from excellent sun exposure and stunning, far-reaching views over the surrounding landscape!</p>



<p>The main house, with a gross construction area of 385 m², offers three bedrooms, a living room, a spacious kitchen, a bathroom, and a terrace on the first floor. On the ground floor there is a large wine cellar, garage and several rooms that can be used as storage or for keeping small animals. At the rear, there is also a wood-fired oven, barbecue and an additional bathroom.<br>The house is already connected to mains water and electricity, and several windows are fitted with double glazing. It also features a fireplace in the kitchen and, although it could benefit from some maintenance work, it is in a condition suitable for immediate occupancy.</p>



<p>The flat agricultural land, with 2,170 m², is divided into three terraces and includes fruit trees, olive trees, vineyard, citrus trees and other crops. This land stretches across an entire valley, and part of it has building permission for a new dwelling – an added value for those wishing to expand or invest.</p>



<p>At the far end of the agricultural land, there is an outbuilding for storage, a garage and a threshing floor, with a total area of 91.74 m².</p>



<p>In front of the property, there is a quiet street with very little traffic, leading to a forest track with access to the River Zêzere and the Bouçã dam. This farmhouse is ideal for those looking to live in close contact with nature, keep animals and enjoy a peaceful lifestyle.</p>



<p>For those requiring more farmland, there is also the option to purchase two additional agricultural plots, under separate negotiation, located a short distance from the property, with a total of 6,000 m² (3,300 m² and 2,740 m²).</p>



<p>Come check it out!</p>

<!-- This site is optimized with the Yoast SEO plugin v24.4 - https://yoast.com/wordpress/plugins/seo/ -->
<title>Moradia do Vale Sereno - 1343 - Esfera Real</title>
<meta name="robots" content="index, follow, max-snippet:-1, max-image-preview:large, max-video-preview:-1" />
<link rel="canonical" href="https://esferareal.com/en/imovel/moradia-do-vale-sereno-1343/" />
<meta property="og:locale" content="en_GB" />
<meta property="og:type" content="article" />
<meta property="og:title" content="Moradia do Vale Sereno - 1343 - Esfera Real" />
<meta property="og:description" content="Quinta situada no limite de uma aldeia, em local tranquilo e com privacidade, mas ao mesmo tempo próxima da comunidade local, beneficiando de excelente exposição solar e de vistas deslumbrantes e amplas sobre a paisagem envolvente! A casa principal, com 385 m² de área bruta de construção, dispõe de três quartos, sala, cozinha espaçosa, casa [&hellip;]" />
<meta property="og:url" content="https://esferareal.com/en/imovel/moradia-do-vale-sereno-1343/" />
<meta property="og:site_name" content="Esfera Real" />
<meta property="article:publisher" content="https://www.facebook.com/people/Esfera-Real/100057693960084/" />
<meta property="article:modified_time" content="2025-09-19T14:44:33+00:00" />
<meta property="og:image" content="https://esferareal.com/wp-content/uploads/2025/09/1-1343-Medium.jpg" />
	<meta property="og:image:width" content="1024" />
	<meta property="og:image:height" content="768" />
	<meta property="og:image:type" content="image/jpeg" />
<meta name="twitter:card" content="summary_large_image" />
<meta name="twitter:label1" content="Estimated reading time" />
	<meta name="twitter:data1" content="2 minutes" />
<script type="application/ld+json" class="yoast-schema-graph">{"@context":"https://schema.org","@graph":[{"@type":"WebPage","@id":"https://esferareal.com/imovel/moradia-do-vale-sereno-1343/","url":"https://esferareal.com/imovel/moradia-do-vale-sereno-1343/","name":"Moradia do Vale Sereno - 1343 - Esfera Real","isPartOf":{"@id":"https://esferareal.com/#website"},"primaryImageOfPage":{"@id":"https://esferareal.com/imovel/moradia-do-vale-sereno-1343/#primaryimage"},"image":{"@id":"https://esferareal.com/imovel/moradia-do-vale-sereno-1343/#primaryimage"},"thumbnailUrl":"https://esferareal.com/wp-content/uploads/2025/09/1-1343-Medium.jpg","datePublished":"2025-09-19T14:26:58+00:00","dateModified":"2025-09-19T14:44:33+00:00","breadcrumb":{"@id":"https://esferareal.com/imovel/moradia-do-vale-sereno-1343/#breadcrumb"},"inLanguage":"en-GB","potentialAction":[{"@type":"ReadAction","target":["https://esferareal.com/imovel/moradia-do-vale-sereno-1343/"]}]},{"@type":"ImageObject","inLanguage":"en-GB","@id":"https://esferareal.com/imovel/moradia-do-vale-sereno-1343/#primaryimage","url":"https://esferareal.com/wp-content/uploads/2025/09/1-1343-Medium.jpg","contentUrl":"https://esferareal.com/wp-content/uploads/2025/09/1-1343-Medium.jpg","width":1024,"height":768},{"@type":"BreadcrumbList","@id":"https://esferareal.com/imovel/moradia-do-vale-sereno-1343/#breadcrumb","itemListElement":[{"@type":"ListItem","position":1,"name":"Início","item":"https://esferareal.com/en/"},{"@type":"ListItem","position":2,"name":"Moradia do Vale Sereno &#8211; 1343"}]},{"@type":"WebSite","@id":"https://esferareal.com/#website","url":"https://esferareal.com/","name":"Esfera Real","description":"Mediação Imobiliária","publisher":{"@id":"https://esferareal.com/#organization"},"potentialAction":[{"@type":"SearchAction","target":{"@type":"EntryPoint","urlTemplate":"https://esferareal.com/?s={search_term_string}"},"query-input":{"@type":"PropertyValueSpecification","valueRequired":true,"valueName":"search_term_string"}}],"inLanguage":"en-GB"},{"@type":"Organization","@id":"https://esferareal.com/#organization","name":"Esfera Real Mediação Imobiliária","url":"https://esferareal.com/","logo":{"@type":"ImageObject","inLanguage":"en-GB","@id":"https://esferareal.com/#/schema/logo/image/","url":"https://esferareal.com/wp-content/uploads/2024/10/logo-esferareal300.png","contentUrl":"https://esferareal.com/wp-content/uploads/2024/10/logo-esferareal300.png","width":300,"height":221,"caption":"Esfera Real Mediação Imobiliária"},"image":{"@id":"https://esferareal.com/#/schema/logo/image/"},"sameAs":["https://www.facebook.com/people/Esfera-Real/100057693960084/","https://www.instagram.com/esferareal/","https://www.youtube.com/channel/UCYb-CPOTpF03PSyHBSoCfbA"]}]}</script>
<!-- / Yoast SEO plugin. -->

Quinta situada no limite de uma aldeia, em local tranquilo e com privacidade, mas ao mesmo tempo próxima da comunidade local, beneficiando de excelente exposição solar e de vistas deslumbrantes e amplas sobre a paisagem envolvente! A casa principal, com 385 m² de área bruta de construção, dispõe de três quartos, sala, cozinha espaçosa, casa [&hellip;]

Início

Mediação Imobiliária

Esfera Real Mediação Imobiliária
